('UNIF_TITLE','580','v','Subdivisión de forma','Subdivisión de forma',1,0,5,NULL,NULL,NULL,0,0,0,'','',NULL,0),
('UNIF_TITLE','580','w','Subcampo de control','Subcampo de control',0,0,5,NULL,NULL,NULL,0,0,0,'','',NULL,0),
('UNIF_TITLE','580','x','Subdivisión general','Subdivisión general',1,0,5,NULL,NULL,NULL,0,0,0,'','',NULL,0),
('UNIF_TITLE','580','y','Subdivisión cronológica','Subdivisión cronológica',1,0,5,NULL,NULL,NULL,0,0,0,'','',NULL,0),
('UNIF_TITLE','580','z','Subdivisión geográfica','Subdivisión geográfica',1,0,5,NULL,NULL,NULL,0,0,0,'','',NULL,0),
('UNIF_TITLE','581','0','Número de control del registro de autoridad o número normalizado','Número de control del registro de autoridad o número normalizado',1,0,5,NULL,NULL,NULL,0,0,0,'','',NULL,0),
('UNIF_TITLE','581','1','URI de un objeto del mundo real','URI de un objeto del mundo real',1,0,5,NULL,NULL,NULL,0,0,0,'','',NULL,0),
('UNIF_TITLE','581','4','Relación','Relación',1,0,5,NULL,NULL,NULL,0,0,0,'','',NULL,0),
('UNIF_TITLE','581','5','Institución que aplica el campo','Institución que aplica el campo',1,0,5,NULL,NULL,NULL,0,0,0,'','',NULL,0),
('UNIF_TITLE','581','6','Enlace','Enlace',0,0,5,NULL,NULL,NULL,0,0,0,'','',NULL,0),
('UNIF_TITLE','581','8','Enlace entre campo y número de secuencia','Enlace entre campo y número de secuencia',1,0,5,NULL,NULL,NULL,0,0,0,'','',NULL,0),
('UNIF_TITLE','581','i','Información de relación','Información de relación',1,0,5,NULL,NULL,NULL,0,0,0,'','',NULL,0),
('UNIF_TITLE','581','v','Subdivisión de forma','Subdivisión de forma',1,0,5,NULL,NULL,NULL,0,0,0,'','',NULL,0),
('UNIF_TITLE','581','w','Subcampo de control','Subcampo de control',0,0,5,NULL,NULL,NULL,0,0,0,'','',NULL,0),
('UNIF_TITLE','581','x','Subdivisión general','Subdivisión general',1,0,5,NULL,NULL,NULL,0,0,0,'','',NULL,0),
('UNIF_TITLE','581','y','Subdivisión cronológica','Subdivisión cronológica',1,0,5,NULL,NULL,NULL,0,0,0,'','',NULL,0),
('UNIF_TITLE','581','z','Subdivisión geográfica','Subdivisión geográfica',1,0,5,NULL,NULL,NULL,0,0,0,'','',NULL,0),
('UNIF_TITLE','582','0','Número de control del registro de autoridad o número normalizado','Número de control del registro de autoridad o número normalizado',1,0,5,NULL,NULL,NULL,0,0,0,'','',NULL,0),
('UNIF_TITLE','582','1','URI de un objeto del mundo real','URI de un objeto del mundo real',1,0,5,NULL,NULL,NULL,0,0,0,'','',NULL,0),
('UNIF_TITLE','582','4','Relación','Relación',1,0,5,NULL,NULL,NULL,0,0,0,'','',NULL,0),
('UNIF_TITLE','582','5','Institución que aplica el campo','Institución que aplica el campo',1,0,5,NULL,NULL,NULL,0,0,0,'','',NULL,0),
('UNIF_TITLE','582','6','Enlace','Enlace',0,0,5,NULL,NULL,NULL,0,0,0,'','',NULL,0),
('UNIF_TITLE','582','8','Enlace entre campo y número de secuencia','Enlace entre campo y número de secuencia',1,0,5,NULL,NULL,NULL,0,0,0,'','',NULL,0),
('UNIF_TITLE','582','i','Información de relación','Información de relación',1,0,5,NULL,NULL,NULL,0,0,0,'','',NULL,0),
('UNIF_TITLE','582','v','Subdivisión de forma','Subdivisión de forma',1,0,5,NULL,NULL,NULL,0,0,0,'','',NULL,0),
('UNIF_TITLE','582','w','Subcampo de control','Subcampo de control',0,0,5,NULL,NULL,NULL,0,0,0,'','',NULL,0),
('UNIF_TITLE','582','x','Subdivisión general','Subdivisión general',1,0,5,NULL,NULL,NULL,0,0,0,'','',NULL,0),
('UNIF_TITLE','582','y','Subdivisión cronológica','Subdivisión cronológica',1,0,5,NULL,NULL,NULL,0,0,0,'','',NULL,0),
('UNIF_TITLE','582','z','Subdivisión geográfica','Subdivisión geográfica',1,0,5,NULL,NULL,NULL,0,0,0,'','',NULL,0),
('UNIF_TITLE','585','0','Número de control del registro de autoridad o número normalizado','Número de control del registro de autoridad o número normalizado',1,0,5,NULL,NULL,NULL,0,0,0,'','',NULL,0),
('UNIF_TITLE','585','1','URI de un objeto del mundo real','URI de un objeto del mundo real',1,0,5,NULL,NULL,NULL,0,0,0,'','',NULL,0),
('UNIF_TITLE','585','4','Relación','Relación',1,0,5,NULL,NULL,NULL,0,0,0,'','',NULL,0),
('UNIF_TITLE','585','5','Institución que aplica el campo','Institución que aplica el campo',1,0,5,NULL,NULL,NULL,0,0,0,'','',NULL,0),
('UNIF_TITLE','585','6','Enlace','Enlace',0,0,5,NULL,NULL,NULL,0,0,0,'','',NULL,0),
('UNIF_TITLE','585','8','Enlace entre campo y número de secuencia','Enlace entre campo y número de secuencia',1,0,5,NULL,NULL,NULL,0,0,0,'','',NULL,0),
('UNIF_TITLE','585','i','Información de relación','Información de relación',1,0,5,NULL,NULL,NULL,0,0,0,'','',NULL,0),
('UNIF_TITLE','585','v','Subdivisión de forma','Subdivisión de forma',1,0,5,NULL,NULL,NULL,0,0,0,'','',NULL,0),
('UNIF_TITLE','585','w','Subcampo de control','Subcampo de control',0,0,5,NULL,NULL,NULL,0,0,0,'','',NULL,0),
('UNIF_TITLE','585','x','Subdivisión general','Subdivisión general',1,0,5,NULL,NULL,NULL,0,0,0,'','',NULL,0),
('UNIF_TITLE','585','y','Subdivisión cronológica','Subdivisión cronológica',1,0,5,NULL,NULL,NULL,0,0,0,'','',NULL,0),
('UNIF_TITLE','585','z','Subdivisión geográfica','Subdivisión geográfica',1,0,5,NULL,NULL,NULL,0,0,0,'','',NULL,0),
('UNIF_TITLE','640','6','Enlace','Enlace',0,0,6,NULL,NULL,NULL,0,0,0,'','',NULL,0),
('UNIF_TITLE','640','8','Enlace entre campo y número de secuencia','Enlace entre campo y número de secuencia',1,0,6,NULL,NULL,NULL,0,0,0,'','',NULL,0),
('UNIF_TITLE','640','a','Fecha de publicación y/o designación secuencial','Fecha de publicación y/o designación secuencial',0,0,6,NULL,NULL,NULL,0,0,0,'','',NULL,0),
('UNIF_TITLE','640','z','Fuente de información','Fuente de información',0,0,6,NULL,NULL,NULL,0,0,0,'','',NULL,0),
('UNIF_TITLE','641','6','Enlace','Enlace',0,0,6,NULL,NULL,NULL,0,0,0,'','',NULL,0),
('UNIF_TITLE','641','8','Enlace entre campo y número de secuencia','Enlace entre campo y número de secuencia',1,0,6,NULL,NULL,NULL,0,0,0,'','',NULL,0),
('UNIF_TITLE','641','a','Nota de peculiaridades de la numeración','Nota de peculiaridades de la numeración',0,0,6,NULL,NULL,NULL,0,0,0,'','',NULL,0),
('UNIF_TITLE','641','z','Fuente de información','Fuente de información',0,0,6,NULL,NULL,NULL,0,0,0,'','',NULL,0),
('UNIF_TITLE','642','5','Institución/copia que aplica el campo','Institución/copia que aplica el campo',1,0,6,NULL,NULL,NULL,0,0,0,'','',NULL,0),
('UNIF_TITLE','642','6','Enlace','Enlace',0,0,6,NULL,NULL,NULL,0,0,0,'','',NULL,0),
('UNIF_TITLE','642','8','Enlace entre campo y número de secuencia','Enlace entre campo y número de secuencia',1,0,6,NULL,NULL,NULL,0,0,0,'','',NULL,0),
('UNIF_TITLE','642','a','Ejemplo de numeración de serie','Ejemplo de numeración de serie',0,0,6,NULL,NULL,NULL,0,0,0,'','',NULL,0),
('UNIF_TITLE','642','d','Volúmenes/fechas a los que aplica los ejemplos de numeración de serie','Volúmenes/fechas a los que aplica los ejemplos de numeración de serie',0,0,6,NULL,NULL,NULL,0,0,0,'','',NULL,0),
('UNIF_TITLE','643','6','Enlace','Enlace',0,0,6,NULL,NULL,NULL,0,0,0,'','',NULL,0),
('UNIF_TITLE','643','8','Enlace entre campo y número de secuencia','Enlace entre campo y número de secuencia',1,0,6,NULL,NULL,NULL,0,0,0,'','',NULL,0),
('UNIF_TITLE','643','a','Poner','Poner',1,0,6,NULL,NULL,NULL,0,0,0,'','',NULL,0),
('UNIF_TITLE','643','b','Entidad editora/emisora','Entidad editora/emisora',1,0,6,NULL,NULL,NULL,0,0,0,'','',NULL,0),
('UNIF_TITLE','643','d','Volúmenes/fechas a los que aplica el lugar y entidad editora/emisora','Volúmenes/fechas a los que aplica el lugar y entidad editora/emisora',0,0,6,NULL,NULL,NULL,0,0,0,'','',NULL,0),
('UNIF_TITLE','644','5','Institución/copia que aplica el campo','Institución/copia que aplica el campo',1,0,6,NULL,NULL,NULL,0,0,0,'','',NULL,0),
('UNIF_TITLE','644','6','Enlace','Enlace',0,0,6,NULL,NULL,NULL,0,0,0,'','',NULL,0),
('UNIF_TITLE','644','8','Enlace entre campo y número de secuencia','Enlace entre campo y número de secuencia',1,0,6,NULL,NULL,NULL,0,0,0,'','',NULL,0),
('UNIF_TITLE','644','a','Práctica de análisis de serie','Práctica de análisis de serie',0,0,6,NULL,NULL,NULL,0,0,0,'','',NULL,0),
('UNIF_TITLE','644','b','Excepción en la práctica de análisis','Excepción en la práctica de análisis',0,0,6,NULL,NULL,NULL,0,0,0,'','',NULL,0),
('UNIF_TITLE','644','d','Volúmenes/fechas a los que aplica la práctica del análisis','Volúmenes/fechas a los que aplica la práctica del análisis',0,0,6,NULL,NULL,NULL,0,0,0,'','',NULL,0),
('UNIF_TITLE','645','5','Institución/copia que aplica el campo','Institución/copia que aplica el campo',1,0,6,NULL,NULL,NULL,0,0,0,'','',NULL,0),
('UNIF_TITLE','645','6','Enlace','Enlace',0,0,6,NULL,NULL,NULL,0,0,0,'','',NULL,0),
('UNIF_TITLE','645','8','Enlace entre campo y número de secuencia','Enlace entre campo y número de secuencia',1,0,6,NULL,NULL,NULL,0,0,0,'','',NULL,0),
('UNIF_TITLE','645','a','Práctica en el trazado de serie','Práctica en el trazado de serie',0,0,6,NULL,NULL,NULL,0,0,0,'','',NULL,0),
('UNIF_TITLE','645','d','Volúmenes/fechas a los que aplica la práctica del trazado','Volúmenes/fechas a los que aplica la práctica del trazado',0,0,6,NULL,NULL,NULL,0,0,0,'','',NULL,0),
('UNIF_TITLE','646','5','Institución que aplica el campo','Institución que aplica el campo',1,0,6,NULL,NULL,NULL,0,0,0,'','',NULL,0),
('UNIF_TITLE','646','6','Enlace','Enlace',0,0,6,NULL,NULL,NULL,0,0,0,'','',NULL,0),
('UNIF_TITLE','646','8','Enlace entre campo y número de secuencia','Enlace entre campo y número de secuencia',1,0,6,NULL,NULL,NULL,0,0,0,'','',NULL,0),
('UNIF_TITLE','646','a','Práctica de clasificación de la serie','Práctica de clasificación de la serie',0,0,6,NULL,NULL,NULL,0,0,0,'','',NULL,0),
('UNIF_TITLE','646','d','Volúmenes/fechas a los que aplica la práctica de clasificación','Volúmenes/fechas a los que aplica la práctica de clasificación',0,0,6,NULL,NULL,NULL,0,0,0,'','',NULL,0),
('UNIF_TITLE','663','6','Enlace','Enlace',0,0,6,NULL,NULL,NULL,0,0,0,'','',NULL,0),
('UNIF_TITLE','663','8','Enlace entre campo y número de secuencia','Enlace entre campo y número de secuencia',1,0,6,NULL,NULL,NULL,0,0,0,'','',NULL,0),
('UNIF_TITLE','663','a','Texto explicativo','Texto explicativo',1,0,6,NULL,NULL,NULL,0,0,0,'','',NULL,0),
('UNIF_TITLE','663','b','Encabezamiento referido a','Encabezamiento referido a',1,0,6,NULL,NULL,NULL,0,0,0,'','',NULL,0),
('UNIF_TITLE','663','t','Título referido a','Título referido a',1,0,6,NULL,NULL,NULL,0,0,0,'','',NULL,0),
('UNIF_TITLE','664','6','Enlace','Enlace',0,0,6,NULL,NULL,NULL,0,0,0,'','',NULL,0),
('UNIF_TITLE','664','8','Enlace entre campo y número de secuencia','Enlace entre campo y número de secuencia',1,0,6,NULL,NULL,NULL,0,0,0,'','',NULL,0),
('UNIF_TITLE','664','a','Texto explicativo','Texto explicativo',1,0,6,NULL,NULL,NULL,0,0,0,'','',NULL,0),
('UNIF_TITLE','664','b','Encabezamiento referido a','Encabezamiento referido a',1,0,6,NULL,NULL,NULL,0,0,0,'','',NULL,0),
('UNIF_TITLE','664','t','Título referido a','Título referido a',1,0,6,NULL,NULL,NULL,0,0,0,'','',NULL,0),
('UNIF_TITLE','665','6','Enlace','Enlace',0,0,6,NULL,NULL,NULL,0,0,0,'','',NULL,0),
('UNIF_TITLE','665','8','Enlace entre campo y número de secuencia','Enlace entre campo y número de secuencia',1,0,6,NULL,NULL,NULL,0,0,0,'','',NULL,0),
('UNIF_TITLE','665','a','Referencia histórica','Referencia histórica',1,0,6,NULL,NULL,NULL,0,0,0,'','',NULL,0),
('UNIF_TITLE','666','6','Enlace','Enlace',0,0,6,NULL,NULL,NULL,0,0,0,'','',NULL,0),
('UNIF_TITLE','666','8','Enlace entre campo y número de secuencia','Enlace entre campo y número de secuencia',1,0,6,NULL,NULL,NULL,0,0,0,'','',NULL,0),
('UNIF_TITLE','666','a','Referencia explicativa general','Referencia explicativa general',1,0,6,NULL,NULL,NULL,0,0,0,'','',NULL,0),
('UNIF_TITLE','667','5','Institución que aplica el campo','Institución que aplica el campo',1,0,6,NULL,NULL,NULL,0,0,0,'','',NULL,0),
('UNIF_TITLE','667','6','Enlace','Enlace',0,0,6,NULL,NULL,NULL,0,0,0,'','',NULL,0),
('UNIF_TITLE','667','8','Enlace entre campo y número de secuencia','Enlace entre campo y número de secuencia',1,0,6,NULL,NULL,NULL,0,0,0,'','',NULL,0),
('UNIF_TITLE','667','a','Nota general no pública','Nota general no pública',0,0,6,NULL,NULL,NULL,0,0,0,'','',NULL,0),
('UNIF_TITLE','670','6','Enlace','Enlace',0,0,6,NULL,NULL,NULL,0,0,0,'','',NULL,0),
('UNIF_TITLE','670','8','Enlace entre campo y número de secuencia','Enlace entre campo y número de secuencia',1,0,6,NULL,NULL,NULL,0,0,0,'','',NULL,0),
('UNIF_TITLE','670','a','Cita de la fuente','Cita de la fuente',0,0,6,NULL,NULL,NULL,0,0,0,'','',NULL,0),
('UNIF_TITLE','670','b','Información encontrada','Información encontrada',0,0,6,NULL,NULL,NULL,0,0,0,'','',NULL,0),
('UNIF_TITLE','670','u','Identificador Uniforme de Recurso','Identificador Uniforme de Recurso',1,0,6,NULL,NULL,NULL,0,0,0,'','',NULL,0),
('UNIF_TITLE','670','w','Número de control del registro bibliográfico','Número de control del registro bibliográfico',1,0,6,NULL,NULL,NULL,0,0,0,'','',NULL,0),
('UNIF_TITLE','672','0','Número de control del registro de autoridad o número normalizado','Número de control del registro de autoridad o número normalizado',1,0,6,NULL,NULL,NULL,0,0,0,'','',NULL,0),
('UNIF_TITLE','672','1','URI de un objeto del mundo real','URI de un objeto del mundo real',1,0,6,NULL,NULL,NULL,0,0,0,'','',NULL,0),
('UNIF_TITLE','672','6','Enlace','Enlace',0,0,6,NULL,NULL,NULL,0,0,0,'','',NULL,0),
('UNIF_TITLE','672','8','Enlace entre campo y número de secuencia','Enlace entre campo y número de secuencia',1,0,6,NULL,NULL,NULL,0,0,0,'','',NULL,0),
('UNIF_TITLE','672','a','Título','Título',0,0,6,NULL,NULL,NULL,0,0,0,'','',NULL,0),
('UNIF_TITLE','672','b','Resto del título','Resto del título',0,0,6,NULL,NULL,NULL,0,0,0,'','',NULL,0),
('UNIF_TITLE','672','f','Fecha','Fecha',0,0,6,NULL,NULL,NULL,0,0,0,'','',NULL,0),
('UNIF_TITLE','672','w','Número de control del registro bibliográfico','Número de control del registro bibliográfico',1,0,6,NULL,NULL,NULL,0,0,0,'','',NULL,0),
('UNIF_TITLE','673','0','Número de control del registro de autoridad o número normalizado','Número de control del registro de autoridad o número normalizado',1,0,6,NULL,NULL,NULL,0,0,0,'','',NULL,0),
('UNIF_TITLE','673','1','URI de un objeto del mundo real','URI de un objeto del mundo real',1,0,6,NULL,NULL,NULL,0,0,0,'','',NULL,0),
('UNIF_TITLE','673','6','Enlace','Enlace',0,0,6,NULL,NULL,NULL,0,0,0,'','',NULL,0),
('UNIF_TITLE','673','8','Enlace entre campo y número de secuencia','Enlace entre campo y número de secuencia',1,0,6,NULL,NULL,NULL,0,0,0,'','',NULL,0),
('UNIF_TITLE','673','a','Título','Título',0,0,6,NULL,NULL,NULL,0,0,0,'','',NULL,0),
('UNIF_TITLE','673','b','Resto del título','Resto del título',0,0,6,NULL,NULL,NULL,0,0,0,'','',NULL,0),
('UNIF_TITLE','673','f','Fecha','Fecha',0,0,6,NULL,NULL,NULL,0,0,0,'','',NULL,0),
('UNIF_TITLE','673','w','Número de control del registro bibliográfico','Número de control del registro bibliográfico',1,0,6,NULL,NULL,NULL,0,0,0,'','',NULL,0),
('UNIF_TITLE','675','6','Enlace','Enlace',0,0,6,NULL,NULL,NULL,0,0,0,'','',NULL,0),
('UNIF_TITLE','675','8','Enlace entre campo y número de secuencia','Enlace entre campo y número de secuencia',1,0,6,NULL,NULL,NULL,0,0,0,'','',NULL,0),
('UNIF_TITLE','675','a','Cita de la fuente','Cita de la fuente',1,0,6,NULL,NULL,NULL,0,0,0,'','',NULL,0),
('UNIF_TITLE','677','5','Institución que aplica el campo','Institución que aplica el campo',1,0,6,NULL,NULL,NULL,0,0,0,'','',NULL,0),
('UNIF_TITLE','677','a','Definición','Definición',1,0,6,NULL,NULL,NULL,0,0,0,'','',NULL,0),
('UNIF_TITLE','677','u','Identificador Uniforme de Recurso','Identificador Uniforme de Recurso',1,0,6,NULL,NULL,NULL,0,0,0,'','',NULL,0),
('UNIF_TITLE','677','v','Fuente de la definición','Fuente de la definición',0,0,6,NULL,NULL,NULL,0,0,0,'','',NULL,0),
('UNIF_TITLE','678','6','Enlace','Enlace',0,0,6,NULL,NULL,NULL,0,0,0,'','',NULL,0),
('UNIF_TITLE','678','8','Enlace entre campo y número de secuencia','Enlace entre campo y número de secuencia',1,0,6,NULL,NULL,NULL,0,0,0,'','',NULL,0),
('UNIF_TITLE','678','a','Datos biográficos o históricos','Datos biográficos o históricos',1,0,6,NULL,NULL,NULL,0,0,0,'','',NULL,0),
('UNIF_TITLE','678','b','Ampliación de la nota','Ampliación de la nota',0,0,6,NULL,NULL,NULL,0,0,0,'','',NULL,0),
('UNIF_TITLE','678','u','Identificador Uniforme de Recurso','Identificador Uniforme de Recurso',1,0,6,NULL,NULL,NULL,0,0,0,'','',NULL,0),
('UNIF_TITLE','680','5','Institución que aplica el campo','Institución que aplica el campo',1,0,6,NULL,NULL,NULL,0,0,0,'','',NULL,0),
('UNIF_TITLE','680','6','Enlace','Enlace',0,0,6,NULL,NULL,NULL,0,0,0,'','',NULL,0),
('UNIF_TITLE','680','8','Enlace entre campo y número de secuencia','Enlace entre campo y número de secuencia',1,0,6,NULL,NULL,NULL,0,0,0,'','',NULL,0),
('UNIF_TITLE','680','a','Encabezamiento o término de subdivisión','Encabezamiento o término de subdivisión',1,0,6,NULL,NULL,NULL,0,0,0,'','',NULL,0),
('UNIF_TITLE','680','c','Número de clasificación--Último número del rango [FORMATO DE CLASIFICACIÓN]','Número de clasificación--Último número del rango [FORMATO DE CLASIFICACIÓN]',1,0,6,NULL,NULL,NULL,0,0,0,'','',NULL,0),
('UNIF_TITLE','680','i','Texto explicativo','Texto explicativo',1,0,6,NULL,NULL,NULL,0,0,0,'','',NULL,0),
('UNIF_TITLE','680','z','Identificador de tabla','Identificador de tabla',1,0,6,NULL,NULL,NULL,0,0,0,'','',NULL,0),
('UNIF_TITLE','681','6','Enlace','Enlace',0,0,6,NULL,NULL,NULL,0,0,0,'','',NULL,0),
('UNIF_TITLE','681','8','Enlace entre campo y número de secuencia','Enlace entre campo y número de secuencia',1,0,6,NULL,NULL,NULL,0,0,0,'','',NULL,0),
('UNIF_TITLE','681','a','Encabezamiento de materia o término de subdivisión','Encabezamiento de materia o término de subdivisión',1,0,6,NULL,NULL,NULL,0,0,0,'','',NULL,0),
('UNIF_TITLE','681','c','Número de clasificación--Último número del rango [FORMATO DE CLASIFICACIÓN]','Número de clasificación--Último número del rango [FORMATO DE CLASIFICACIÓN]',1,0,6,NULL,NULL,NULL,0,0,0,'','',NULL,0),
('UNIF_TITLE','681','i','Texto explicativo','Texto explicativo',1,0,6,NULL,NULL,NULL,0,0,0,'','',NULL,0),
('UNIF_TITLE','681','z','Identificador de tabla','Identificador de tabla',1,0,6,NULL,NULL,NULL,0,0,0,'','',NULL,0),
('UNIF_TITLE','682','0','Número de control de registro de autoridad de reemplazo','Número de control de registro de autoridad de reemplazo',1,0,6,NULL,NULL,NULL,0,0,0,'','',NULL,0),
('UNIF_TITLE','682','6','Enlace','Enlace',0,0,6,NULL,NULL,NULL,0,0,0,'','',NULL,0),
('UNIF_TITLE','682','8','Enlace entre campo y número de secuencia','Enlace entre campo y número de secuencia',1,0,6,NULL,NULL,NULL,0,0,0,'','',NULL,0),
('UNIF_TITLE','682','a','Encabezamiento de reemplazo','Encabezamiento de reemplazo',1,0,6,NULL,NULL,NULL,0,0,0,'','',NULL,0),
('UNIF_TITLE','682','i','Texto explicativo','Texto explicativo',1,0,6,NULL,NULL,NULL,0,0,0,'','',NULL,0),
('UNIF_TITLE','683','5','Institución que aplica el campo','Institución que aplica el campo',1,0,6,NULL,NULL,NULL,0,0,0,'','',NULL,0),
('UNIF_TITLE','683','6','Enlace','Enlace',0,0,6,NULL,NULL,NULL,0,0,0,'','',NULL,0),
('UNIF_TITLE','683','8','Enlace entre campo y número de secuencia','Enlace entre campo y número de secuencia',0,0,6,NULL,NULL,NULL,0,0,0,'','',NULL,0),
('UNIF_TITLE','683','a','Número de clasificación--Único número o número inicial del rango','Número de clasificación--Único número o número inicial del rango',1,0,6,NULL,NULL,NULL,0,0,0,'','',NULL,0),
('UNIF_TITLE','683','c','Número de clasificación--Último número del rango','Número de clasificación--Último número del rango',1,0,6,NULL,NULL,NULL,0,0,0,'','',NULL,0),
('UNIF_TITLE','683','i','Texto explicativo','Texto explicativo',1,0,6,NULL,NULL,NULL,0,0,0,'','',NULL,0),
('UNIF_TITLE','683','p','Campo de clasificación correspondiente','Campo de clasificación correspondiente',1,0,6,NULL,NULL,NULL,0,0,0,'','',NULL,0),
('UNIF_TITLE','683','y','Tabla de identificación--Esquema [OBSOLETO]','Tabla de identificación--Esquema [OBSOLETO]',0,0,6,NULL,NULL,NULL,0,0,0,'','',NULL,0),
('UNIF_TITLE','683','z','Identificador de tabla','Identificador de tabla',1,0,6,NULL,NULL,NULL,0,0,0,'','',NULL,0),
('UNIF_TITLE','688','5','Institución que aplica el campo','Institución que aplica el campo',1,0,6,NULL,NULL,NULL,0,0,0,'','',NULL,0),
('UNIF_TITLE','688','6','Enlace','Enlace',0,0,6,NULL,NULL,NULL,0,0,0,'','',NULL,0),
('UNIF_TITLE','688','8','Enlace entre campo y número de secuencia','Enlace entre campo y número de secuencia',1,0,6,NULL,NULL,NULL,0,0,0,'','',NULL,0),
('UNIF_TITLE','688','a','Nota de historia de la aplicación','Nota de historia de la aplicación',0,0,6,NULL,NULL,NULL,0,0,0,'','',NULL,0),
('UNIF_TITLE','700','0','Número de control del registro de autoridad o número normalizado','Número de control del registro de autoridad o número normalizado',1,0,7,NULL,NULL,NULL,0,0,0,'','',NULL,0),
('UNIF_TITLE','700','1','URI de un objeto del mundo real','URI de un objeto del mundo real',1,0,7,NULL,NULL,NULL,0,0,0,'','',NULL,0),
('UNIF_TITLE','700','2','Fuente del encabezamiento o término','Fuente del encabezamiento o término',0,0,7,NULL,NULL,NULL,0,0,0,'','',NULL,0),
('UNIF_TITLE','700','3','Especificación de materiales [FORMATO DE CLASIFICACIÓN]','Especificación de materiales [FORMATO DE CLASIFICACIÓN]',0,0,7,NULL,NULL,NULL,0,0,0,'','',NULL,0),
('UNIF_TITLE','700','4','Relación','Relación',1,0,7,NULL,NULL,NULL,0,0,0,'','',NULL,0),
('UNIF_TITLE','700','5','Institución que aplica el campo','Institución que aplica el campo',1,0,7,NULL,NULL,NULL,0,0,0,'','',NULL,0),
('UNIF_TITLE','700','6','Enlace','Enlace',0,0,7,NULL,NULL,NULL,0,0,0,'','',NULL,0),
('UNIF_TITLE','700','8','Enlace entre campo y número de secuencia','Enlace entre campo y número de secuencia',1,0,7,NULL,NULL,NULL,0,0,0,'','',NULL,0),
('UNIF_TITLE','700','a','Nombre de persona','Nombre de persona',0,0,7,NULL,NULL,NULL,0,0,0,'','',NULL,0),
('UNIF_TITLE','700','b','Numeración','Numeración',0,0,7,NULL,NULL,NULL,0,0,0,'','',NULL,0),
('UNIF_TITLE','700','c','Títulos y otros términos asociados al nombre','Títulos y otros términos asociados al nombre',1,0,7,NULL,NULL,NULL,0,0,0,'','',NULL,0),
('UNIF_TITLE','700','d','Fechas asociadas al nombre','Fechas asociadas al nombre',0,0,7,NULL,NULL,NULL,0,0,0,'','',NULL,0),
('UNIF_TITLE','700','e','Término indicativo de función/relación','Término indicativo de función/relación',1,0,7,NULL,NULL,NULL,0,0,0,'','',NULL,0),
('UNIF_TITLE','700','f','Fecha de publicación/de la obra','Fecha de publicación/de la obra',0,0,7,NULL,NULL,NULL,0,0,0,'','',NULL,0),
('UNIF_TITLE','700','g','Información miscelánea','Información miscelánea',1,0,7,NULL,NULL,NULL,0,0,0,'','',NULL,0),
('UNIF_TITLE','700','h','Medio','Medio',0,0,7,NULL,NULL,NULL,0,0,0,'','',NULL,0),
('UNIF_TITLE','700','i','Información de relación','Información de relación',1,0,7,NULL,NULL,NULL,0,0,0,'','',NULL,0),
('UNIF_TITLE','700','j','Calificador de atribución','Calificador de atribución',1,0,7,NULL,NULL,NULL,0,0,0,'','',NULL,0),
('UNIF_TITLE','700','k','Subencabezamiento de forma','Subencabezamiento de forma',1,0,7,NULL,NULL,NULL,0,0,0,'','',NULL,0),
('UNIF_TITLE','700','l','Lenguaje de la obra','Lenguaje de la obra',0,0,7,NULL,NULL,NULL,0,0,0,'','',NULL,0),
('UNIF_TITLE','700','m','Medio de interpretación para música','Medio de interpretación para música',1,0,7,NULL,NULL,NULL,0,0,0,'','',NULL,0),
('UNIF_TITLE','700','n','Número de parte o sección de la obra','Número de parte o sección de la obra',1,0,7,NULL,NULL,NULL,0,0,0,'','',NULL,0),
('UNIF_TITLE','700','o','Mención de arreglo para música','Mención de arreglo para música',0,0,7,NULL,NULL,NULL,0,0,0,'','',NULL,0),
('UNIF_TITLE','700','p','Nombre de parte o sección de la obra','Nombre de parte o sección de la obra',1,0,7,NULL,NULL,NULL,0,0,0,'','',NULL,0),
('UNIF_TITLE','700','q','Forma completa/desarrollada del nombre','Forma completa/desarrollada del nombre',0,0,7,NULL,NULL,NULL,0,0,0,'','',NULL,0),
('UNIF_TITLE','700','r','Clave para música','Clave para música',0,0,7,NULL,NULL,NULL,0,0,0,'','',NULL,0),
('UNIF_TITLE','700','s','Versión','Versión',1,0,7,NULL,NULL,NULL,0,0,0,'','',NULL,0),
('UNIF_TITLE','700','t','Título de la obra','Título de la obra',0,0,7,NULL,NULL,NULL,0,0,0,'','',NULL,0),
('UNIF_TITLE','700','v','Subdivisión de forma','Subdivisión de forma',1,0,7,NULL,NULL,NULL,0,0,0,'','',NULL,0),
('UNIF_TITLE','700','w','Subcampo de control','Subcampo de control',0,0,7,NULL,NULL,NULL,0,0,0,'','',NULL,0),
('UNIF_TITLE','700','x','Subdivisión general','Subdivisión general',1,0,7,NULL,NULL,NULL,0,0,0,'','',NULL,0),
('UNIF_TITLE','700','y','Subdivisión cronológica','Subdivisión cronológica',1,0,7,NULL,NULL,NULL,0,0,0,'','',NULL,0),
('UNIF_TITLE','700','z','Subdivisión geográfica','Subdivisión geográfica',1,0,7,NULL,NULL,NULL,0,0,0,'','',NULL,0),
('UNIF_TITLE','710','0','Número de control del registro de autoridad o número normalizado','Número de control del registro de autoridad o número normalizado',1,0,7,NULL,NULL,NULL,0,0,0,'','',NULL,0),
('UNIF_TITLE','710','1','URI de un objeto del mundo real','URI de un objeto del mundo real',1,0,7,NULL,NULL,NULL,0,0,0,'','',NULL,0),
('UNIF_TITLE','710','2','Fuente del encabezamiento o término','Fuente del encabezamiento o término',0,0,7,NULL,NULL,NULL,0,0,0,'','',NULL,0),
('UNIF_TITLE','710','3','Especificación de materiales [FORMATO DE CLASIFICACIÓN]','Especificación de materiales [FORMATO DE CLASIFICACIÓN]',0,0,7,NULL,NULL,NULL,0,0,0,'','',NULL,0),
('UNIF_TITLE','710','4','Relación','Relación',1,0,7,NULL,NULL,NULL,0,0,0,'','',NULL,0),
('UNIF_TITLE','710','5','Institución que aplica el campo','Institución que aplica el campo',1,0,7,NULL,NULL,NULL,0,0,0,'','',NULL,0),
('UNIF_TITLE','710','6','Enlace','Enlace',0,0,7,NULL,NULL,NULL,0,0,0,'','',NULL,0),
('UNIF_TITLE','710','8','Enlace entre campo y número de secuencia','Enlace entre campo y número de secuencia',1,0,7,NULL,NULL,NULL,0,0,0,'','',NULL,0),
('UNIF_TITLE','710','a','Nombre de entidad corporativa o nombre de jurisdicción como elemento de entrada','Nombre de entidad corporativa o nombre de jurisdicción como elemento de entrada',0,0,7,NULL,NULL,NULL,0,0,0,'','',NULL,0),
('UNIF_TITLE','710','b','Unidad subordinada','Unidad subordinada',1,0,7,NULL,NULL,NULL,0,0,0,'','',NULL,0),
('UNIF_TITLE','710','c','Sede del congreso/Lugar de la reunión','Sede del congreso/Lugar de la reunión',1,0,7,NULL,NULL,NULL,0,0,0,'','',NULL,0),
('UNIF_TITLE','710','d','Fecha del congreso o de la firma del tratado','Fecha del congreso o de la firma del tratado',1,0,7,NULL,NULL,NULL,0,0,0,'','',NULL,0),
('UNIF_TITLE','710','e','Término indicativo de función/relación','Término indicativo de función/relación',1,0,7,NULL,NULL,NULL,0,0,0,'','',NULL,0),
('UNIF_TITLE','710','f','Fecha de publicación/de la obra','Fecha de publicación/de la obra',0,0,7,NULL,NULL,NULL,0,0,0,'','',NULL,0),
('UNIF_TITLE','710','g','Información miscelánea','Información miscelánea',1,0,7,NULL,NULL,NULL,0,0,0,'','',NULL,0),
('UNIF_TITLE','710','h','Medio','Medio',0,0,7,NULL,NULL,NULL,0,0,0,'','',NULL,0),
('UNIF_TITLE','710','i','Información de relación','Información de relación',1,0,7,NULL,NULL,NULL,0,0,0,'','',NULL,0),
('UNIF_TITLE','710','k','Subencabezamiento de forma','Subencabezamiento de forma',1,0,7,NULL,NULL,NULL,0,0,0,'','',NULL,0),
('UNIF_TITLE','710','l','Lenguaje de la obra','Lenguaje de la obra',0,0,7,NULL,NULL,NULL,0,0,0,'','',NULL,0),
('UNIF_TITLE','710','m','Medio de interpretación para música','Medio de interpretación para música',1,0,7,NULL,NULL,NULL,0,0,0,'','',NULL,0),
('UNIF_TITLE','710','n','Número del congreso/reunión o número de parte o sección','Número del congreso/reunión o número de parte o sección',1,0,7,NULL,NULL,NULL,0,0,0,'','',NULL,0),
('UNIF_TITLE','710','o','Mención de arreglo para música','Mención de arreglo para música',0,0,7,NULL,NULL,NULL,0,0,0,'','',NULL,0),
('UNIF_TITLE','710','p','Nombre de parte o sección de la obra','Nombre de parte o sección de la obra',1,0,7,NULL,NULL,NULL,0,0,0,'','',NULL,0),
('UNIF_TITLE','710','r','Clave para música','Clave para música',0,0,7,NULL,NULL,NULL,0,0,0,'','',NULL,0),
('UNIF_TITLE','710','s','Versión','Versión',1,0,7,NULL,NULL,NULL,0,0,0,'','',NULL,0),
('UNIF_TITLE','710','t','Título de la obra','Título de la obra',0,0,7,NULL,NULL,NULL,0,0,0,'','',NULL,0),
('UNIF_TITLE','710','v','Subdivisión de forma','Subdivisión de forma',1,0,7,NULL,NULL,NULL,0,0,0,'','',NULL,0),
('UNIF_TITLE','710','w','Subcampo de control','Subcampo de control',0,0,7,NULL,NULL,NULL,0,0,0,'','',NULL,0),
('UNIF_TITLE','710','x','Subdivisión general','Subdivisión general',1,0,7,NULL,NULL,NULL,0,0,0,'','',NULL,0),
('UNIF_TITLE','710','y','Subdivisión cronológica','Subdivisión cronológica',1,0,7,NULL,NULL,NULL,0,0,0,'','',NULL,0),
('UNIF_TITLE','710','z','Subdivisión geográfica','Subdivisión geográfica',1,0,7,NULL,NULL,NULL,0,0,0,'','',NULL,0),
('UNIF_TITLE','711','0','Número de control del registro de autoridad o número normalizado','Número de control del registro de autoridad o número normalizado',1,0,7,NULL,NULL,NULL,0,0,0,'','',NULL,0),
('UNIF_TITLE','711','1','URI de un objeto del mundo real','URI de un objeto del mundo real',1,0,7,NULL,NULL,NULL,0,0,0,'','',NULL,0),
('UNIF_TITLE','711','2','Fuente del encabezamiento o término','Fuente del encabezamiento o término',0,0,7,NULL,NULL,NULL,0,0,0,'','',NULL,0),
('UNIF_TITLE','711','3','Materiales especificados','Materiales especificados',0,0,7,NULL,NULL,NULL,0,0,0,'','',NULL,0),
('UNIF_TITLE','711','4','Relación','Relación',1,0,7,NULL,NULL,NULL,0,0,0,'','',NULL,0),
('UNIF_TITLE','711','5','Institución que aplica el campo','Institución que aplica el campo',1,0,7,NULL,NULL,NULL,0,0,0,'','',NULL,0),
('UNIF_TITLE','711','6','Enlace','Enlace',0,0,7,NULL,NULL,NULL,0,0,0,'','',NULL,0),
('UNIF_TITLE','711','8','Enlace entre campo y número de secuencia','Enlace entre campo y número de secuencia',1,0,7,NULL,NULL,NULL,0,0,0,'','',NULL,0),
('UNIF_TITLE','711','a','Nombre de congreso/reunión o jurisdicción como elemento de entrada','Nombre de congreso/reunión o jurisdicción como elemento de entrada',0,0,7,NULL,NULL,NULL,0,0,0,'','',NULL,0),
('UNIF_TITLE','711','c','Sede del congreso/Lugar de la reunión','Sede del congreso/Lugar de la reunión',1,0,7,NULL,NULL,NULL,0,0,0,'','',NULL,0),
('UNIF_TITLE','711','d','Fecha del congreso o de la firma del tratado','Fecha del congreso o de la firma del tratado',1,0,7,NULL,NULL,NULL,0,0,0,'','',NULL,0),
('UNIF_TITLE','711','e','Unidad subordinada','Unidad subordinada',1,0,7,NULL,NULL,NULL,0,0,0,'','',NULL,0),
('UNIF_TITLE','711','f','Fecha de publicación/de la obra','Fecha de publicación/de la obra',0,0,7,NULL,NULL,NULL,0,0,0,'','',NULL,0),
('UNIF_TITLE','711','g','Información miscelánea','Información miscelánea',1,0,7,NULL,NULL,NULL,0,0,0,'','',NULL,0),
('UNIF_TITLE','711','h','Medio','Medio',0,0,7,NULL,NULL,NULL,0,0,0,'','',NULL,0),
('UNIF_TITLE','711','i','Información de relación','Información de relación',1,0,7,NULL,NULL,NULL,0,0,0,'','',NULL,0),
('UNIF_TITLE','711','j','Término indicativo de función/relación','Término indicativo de función/relación',1,0,7,NULL,NULL,NULL,0,0,0,'','',NULL,0),
('UNIF_TITLE','711','k','Subencabezamiento de forma','Subencabezamiento de forma',1,0,7,NULL,NULL,NULL,0,0,0,'','',NULL,0),
('UNIF_TITLE','711','l','Lenguaje de la obra','Lenguaje de la obra',0,0,7,NULL,NULL,NULL,0,0,0,'','',NULL,0),
('UNIF_TITLE','711','n','Número del congreso/reunión o número de parte o sección','Número del congreso/reunión o número de parte o sección',1,0,7,NULL,NULL,NULL,0,0,0,'','',NULL,0),
('UNIF_TITLE','711','p','Nombre de parte o sección de la obra','Nombre de parte o sección de la obra',1,0,7,NULL,NULL,NULL,0,0,0,'','',NULL,0),
('UNIF_TITLE','711','q','Nombre de congreso/reunión que sigue a un nombre de jurisdicción como elemento de entrada','Nombre de congreso/reunión que sigue a un nombre de jurisdicción como elemento de entrada',0,0,7,NULL,NULL,NULL,0,0,0,'','',NULL,0),
('UNIF_TITLE','711','s','Versión','Versión',1,0,7,NULL,NULL,NULL,0,0,0,'','',NULL,0),
('UNIF_TITLE','711','t','Título de la obra','Título de la obra',0,0,7,NULL,NULL,NULL,0,0,0,'','',NULL,0),
('UNIF_TITLE','711','v','Subdivisión de forma','Subdivisión de forma',1,0,7,NULL,NULL,NULL,0,0,0,'','',NULL,0),
('UNIF_TITLE','711','w','Subcampo de control','Subcampo de control',0,0,7,NULL,NULL,NULL,0,0,0,'','',NULL,0),
('UNIF_TITLE','711','x','Subdivisión general','Subdivisión general',1,0,7,NULL,NULL,NULL,0,0,0,'','',NULL,0),
('UNIF_TITLE','711','y','Subdivisión cronológica','Subdivisión cronológica',1,0,7,NULL,NULL,NULL,0,0,0,'','',NULL,0),
('UNIF_TITLE','711','z','Subdivisión geográfica','Subdivisión geográfica',1,0,7,NULL,NULL,NULL,0,0,0,'','',NULL,0),
('UNIF_TITLE','730','0','Número de control del registro de autoridad o número normalizado','Número de control del registro de autoridad o número normalizado',1,0,7,NULL,NULL,NULL,0,0,0,'','',NULL,0),
('UNIF_TITLE','730','1','URI de un objeto del mundo real','URI de un objeto del mundo real',1,0,7,NULL,NULL,NULL,0,0,0,'','',NULL,0),
('UNIF_TITLE','730','2','Fuente del encabezamiento o término','Fuente del encabezamiento o término',0,0,7,NULL,NULL,NULL,0,0,0,'','',NULL,0),
('UNIF_TITLE','730','3','Especificación de materiales [FORMATO DE CLASIFICACIÓN]','Especificación de materiales [FORMATO DE CLASIFICACIÓN]',0,0,7,NULL,NULL,NULL,0,0,0,'','',NULL,0),
('UNIF_TITLE','730','4','Relación','Relación',1,0,7,NULL,NULL,NULL,0,0,0,'','',NULL,0),
('UNIF_TITLE','730','5','Institución que aplica el campo','Institución que aplica el campo',1,0,7,NULL,NULL,NULL,0,0,0,'','',NULL,0),
('UNIF_TITLE','730','6','Enlace','Enlace',0,0,7,NULL,NULL,NULL,0,0,0,'','',NULL,0),
('UNIF_TITLE','730','8','Enlace entre campo y número de secuencia','Enlace entre campo y número de secuencia',1,0,7,NULL,NULL,NULL,0,0,0,'','',NULL,0),
('UNIF_TITLE','730','a','Título uniforme','Título uniforme',0,0,7,NULL,NULL,NULL,0,0,0,'','',NULL,0),
('UNIF_TITLE','730','d','Fecha de la firma de un tratado','Fecha de la firma de un tratado',1,0,7,NULL,NULL,NULL,0,0,0,'','',NULL,0),
('UNIF_TITLE','730','f','Fecha de publicación/de la obra','Fecha de publicación/de la obra',0,0,7,NULL,NULL,NULL,0,0,0,'','',NULL,0),
('UNIF_TITLE','730','g','Información miscelánea','Información miscelánea',1,0,7,NULL,NULL,NULL,0,0,0,'','',NULL,0),
('UNIF_TITLE','730','h','Medio','Medio',0,0,7,NULL,NULL,NULL,0,0,0,'','',NULL,0),
('UNIF_TITLE','730','i','Información de relación','Información de relación',1,0,7,NULL,NULL,NULL,0,0,0,'','',NULL,0),
('UNIF_TITLE','730','k','Subencabezamiento de forma','Subencabezamiento de forma',1,0,7,NULL,NULL,NULL,0,0,0,'','',NULL,0),
('UNIF_TITLE','730','l','Lenguaje de la obra','Lenguaje de la obra',0,0,7,NULL,NULL,NULL,0,0,0,'','',NULL,0),
('UNIF_TITLE','730','m','Medio de interpretación para música','Medio de interpretación para música',1,0,7,NULL,NULL,NULL,0,0,0,'','',NULL,0),
('UNIF_TITLE','730','n','Número de parte o sección de la obra','Número de parte o sección de la obra',1,0,7,NULL,NULL,NULL,0,0,0,'','',NULL,0),
('UNIF_TITLE','730','o','Mención de arreglo para música','Mención de arreglo para música',0,0,7,NULL,NULL,NULL,0,0,0,'','',NULL,0),
('UNIF_TITLE','730','p','Nombre de parte o sección de la obra','Nombre de parte o sección de la obra',1,0,7,NULL,NULL,NULL,0,0,0,'','',NULL,0),
('UNIF_TITLE','730','r','Clave para música','Clave para música',0,0,7,NULL,NULL,NULL,0,0,0,'','',NULL,0),
('UNIF_TITLE','730','s','Versión','Versión',1,0,7,NULL,NULL,NULL,0,0,0,'','',NULL,0),
('UNIF_TITLE','730','t','Título de la obra','Título de la obra',0,0,7,NULL,NULL,NULL,0,0,0,'','',NULL,0),
('UNIF_TITLE','730','v','Subdivisión de forma','Subdivisión de forma',1,0,7,NULL,NULL,NULL,0,0,0,'','',NULL,0),
('UNIF_TITLE','730','w','Subcampo de control','Subcampo de control',0,0,7,NULL,NULL,NULL,0,0,0,'','',NULL,0),
('UNIF_TITLE','730','x','Subdivisión general','Subdivisión general',1,0,7,NULL,NULL,NULL,0,0,0,'','',NULL,0),
('UNIF_TITLE','730','y','Subdivisión cronológica','Subdivisión cronológica',1,0,7,NULL,NULL,NULL,0,0,0,'','',NULL,0),
('UNIF_TITLE','730','z','Subdivisión geográfica','Subdivisión geográfica',1,0,7,NULL,NULL,NULL,0,0,0,'','',NULL,0),
('UNIF_TITLE','747','0','Número de control del registro de autoridad o número normalizado','Número de control del registro de autoridad o número normalizado',1,0,7,NULL,NULL,NULL,0,0,0,'','',NULL,0),
('UNIF_TITLE','747','1','URI de un objeto del mundo real','URI de un objeto del mundo real',1,0,7,NULL,NULL,NULL,0,0,0,'','',NULL,0),
('UNIF_TITLE','747','2','Fuente del encabezamiento o término','Fuente del encabezamiento o término',0,0,7,NULL,NULL,NULL,0,0,0,'','',NULL,0),
('UNIF_TITLE','747','4','Relación','Relación',1,0,7,NULL,NULL,NULL,0,0,0,'','',NULL,0),
('UNIF_TITLE','747','5','Institución que aplica el campo','Institución que aplica el campo',1,0,7,NULL,NULL,NULL,0,0,0,'','',NULL,0),
('UNIF_TITLE','747','6','Enlace','Enlace',0,0,7,NULL,NULL,NULL,0,0,0,'','',NULL,0),
('UNIF_TITLE','747','8','Enlace entre campo y número de secuencia','Enlace entre campo y número de secuencia',1,0,7,NULL,NULL,NULL,0,0,0,'','',NULL,0),
('UNIF_TITLE','747','a','Nombre del acontecimiento','Nombre del acontecimiento',0,0,7,NULL,NULL,NULL,0,0,0,'','',NULL,0),
('UNIF_TITLE','747','c','Lugar del acontecimiento','Lugar del acontecimiento',1,0,7,NULL,NULL,NULL,0,0,0,'','',NULL,0),
('UNIF_TITLE','747','d','Fecha del acontecimiento','Fecha del acontecimiento',0,0,7,NULL,NULL,NULL,0,0,0,'','',NULL,0),
('UNIF_TITLE','747','g','Información miscelánea','Información miscelánea',1,0,7,NULL,NULL,NULL,0,0,0,'','',NULL,0),
('UNIF_TITLE','747','i','Información de relación','Información de relación',1,0,7,NULL,NULL,NULL,0,0,0,'','',NULL,0),
('UNIF_TITLE','747','v','Subdivisión de forma','Subdivisión de forma',1,0,7,NULL,NULL,NULL,0,0,0,'','',NULL,0),
('UNIF_TITLE','747','w','Subcampo de control','Subcampo de control',0,0,7,NULL,NULL,NULL,0,0,0,'','',NULL,0),
('UNIF_TITLE','747','x','Subdivisión general','Subdivisión general',1,0,7,NULL,NULL,NULL,0,0,0,'','',NULL,0),
('UNIF_TITLE','747','y','Subdivisión cronológica','Subdivisión cronológica',1,0,7,NULL,NULL,NULL,0,0,0,'','',NULL,0),
('UNIF_TITLE','747','z','Subdivisión geográfica','Subdivisión geográfica',1,0,7,NULL,NULL,NULL,0,0,0,'','',NULL,0),
('UNIF_TITLE','748','0','Número de control del registro de autoridad o número normalizado','Número de control del registro de autoridad o número normalizado',1,0,7,NULL,NULL,NULL,0,0,0,'','',NULL,0),
('UNIF_TITLE','748','1','URI de un objeto del mundo real','URI de un objeto del mundo real',1,0,7,NULL,NULL,NULL,0,0,0,'','',NULL,0),
('UNIF_TITLE','748','2','Fuente del encabezamiento o término','Fuente del encabezamiento o término',0,0,7,NULL,NULL,NULL,0,0,0,'','',NULL,0),
('UNIF_TITLE','748','3','Especificación de materiales [FORMATO DE CLASIFICACIÓN]','Especificación de materiales [FORMATO DE CLASIFICACIÓN]',0,0,7,NULL,NULL,NULL,0,0,0,'','',NULL,0),
('UNIF_TITLE','748','4','Relación','Relación',1,0,7,NULL,NULL,NULL,0,0,0,'','',NULL,0),
('UNIF_TITLE','748','5','Institución que aplica el campo','Institución que aplica el campo',1,0,7,NULL,NULL,NULL,0,0,0,'','',NULL,0),
('UNIF_TITLE','748','6','Enlace','Enlace',0,0,7,NULL,NULL,NULL,0,0,0,'','',NULL,0),
('UNIF_TITLE','748','8','Enlace entre campo y número de secuencia','Enlace entre campo y número de secuencia',1,0,7,NULL,NULL,NULL,0,0,0,'','',NULL,0),
('UNIF_TITLE','748','a','Término cronológico','Término cronológico',0,0,7,NULL,NULL,NULL,0,0,0,'','',NULL,0),
('UNIF_TITLE','748','i','Información de relación','Información de relación',1,0,7,NULL,NULL,NULL,0,0,0,'','',NULL,0),
('UNIF_TITLE','748','v','Subdivisión de forma','Subdivisión de forma',1,0,7,NULL,NULL,NULL,0,0,0,'','',NULL,0),
('UNIF_TITLE','748','w','Subcampo de control','Subcampo de control',0,0,7,NULL,NULL,NULL,0,0,0,'','',NULL,0),
('UNIF_TITLE','748','x','Subdivisión general','Subdivisión general',1,0,7,NULL,NULL,NULL,0,0,0,'','',NULL,0),
('UNIF_TITLE','748','y','Subdivisión cronológica','Subdivisión cronológica',1,0,7,NULL,NULL,NULL,0,0,0,'','',NULL,0),
('UNIF_TITLE','748','z','Subdivisión geográfica','Subdivisión geográfica',1,0,7,NULL,NULL,NULL,0,0,0,'','',NULL,0),
('UNIF_TITLE','750','0','Número de control del registro de autoridad o número normalizado','Número de control del registro de autoridad o número normalizado',1,0,7,NULL,NULL,NULL,0,0,0,'','',NULL,0),
('UNIF_TITLE','750','1','URI de un objeto del mundo real','URI de un objeto del mundo real',1,0,7,NULL,NULL,NULL,0,0,0,'','',NULL,0),
('UNIF_TITLE','750','2','Fuente del encabezamiento o término','Fuente del encabezamiento o término',0,0,7,NULL,NULL,NULL,0,0,0,'','',NULL,0),
('UNIF_TITLE','750','3','Especificación de materiales [FORMATO DE CLASIFICACIÓN]','Especificación de materiales [FORMATO DE CLASIFICACIÓN]',0,0,7,NULL,NULL,NULL,0,0,0,'','',NULL,0),
('UNIF_TITLE','750','4','Relación','Relación',1,0,7,NULL,NULL,NULL,0,0,0,'','',NULL,0),
('UNIF_TITLE','750','5','Institución que aplica el campo','Institución que aplica el campo',1,0,7,NULL,NULL,NULL,0,0,0,'','',NULL,0),
('UNIF_TITLE','750','6','Enlace','Enlace',0,0,7,NULL,NULL,NULL,0,0,0,'','',NULL,0),
('UNIF_TITLE','750','8','Enlace entre campo y número de secuencia','Enlace entre campo y número de secuencia',1,0,7,NULL,NULL,NULL,0,0,0,'','',NULL,0),
('UNIF_TITLE','750','a','Término de materia o nombre geográfico como elemento de entrada','Término de materia o nombre geográfico como elemento de entrada',0,0,7,NULL,NULL,NULL,0,0,0,'','',NULL,0),
('UNIF_TITLE','750','b','Término de materia que sigue a un nombre geográfico como elemento de entrada','Término de materia que sigue a un nombre geográfico como elemento de entrada',0,0,7,NULL,NULL,NULL,0,0,0,'','',NULL,0),
('UNIF_TITLE','750','c','Localización del acontecimiento','Localización del acontecimiento',0,0,7,NULL,NULL,NULL,0,0,0,'','',NULL,0),
('UNIF_TITLE','750','d','Fecha vigente/activa','Fecha vigente/activa',0,0,7,NULL,NULL,NULL,0,0,0,'','',NULL,0),
('UNIF_TITLE','750','g','Información miscelánea','Información miscelánea',1,0,7,NULL,NULL,NULL,0,0,0,'','',NULL,0),
('UNIF_TITLE','750','i','Información de relación','Información de relación',1,0,7,NULL,NULL,NULL,0,0,0,'','',NULL,0),
('UNIF_TITLE','750','v','Subdivisión de forma','Subdivisión de forma',1,0,7,NULL,NULL,NULL,0,0,0,'','',NULL,0),
('UNIF_TITLE','750','w','Subcampo de control','Subcampo de control',0,0,7,NULL,NULL,NULL,0,0,0,'','',NULL,0),
('UNIF_TITLE','750','x','Subdivisión general','Subdivisión general',1,0,7,NULL,NULL,NULL,0,0,0,'','',NULL,0),
('UNIF_TITLE','750','y','Subdivisión cronológica','Subdivisión cronológica',1,0,7,NULL,NULL,NULL,0,0,0,'','',NULL,0),
('UNIF_TITLE','750','z','Subdivisión geográfica','Subdivisión geográfica',1,0,7,NULL,NULL,NULL,0,0,0,'','',NULL,0),
('UNIF_TITLE','751','0','Número de control del registro de autoridad o número normalizado','Número de control del registro de autoridad o número normalizado',1,0,7,NULL,NULL,NULL,0,0,0,'','',NULL,0),
('UNIF_TITLE','751','1','URI de un objeto del mundo real','URI de un objeto del mundo real',1,0,7,NULL,NULL,NULL,0,0,0,'','',NULL,0),
('UNIF_TITLE','751','2','Fuente del encabezamiento o término','Fuente del encabezamiento o término',0,0,7,NULL,NULL,NULL,0,0,0,'','',NULL,0),
('UNIF_TITLE','751','3','Especificación de materiales [FORMATO DE CLASIFICACIÓN]','Especificación de materiales [FORMATO DE CLASIFICACIÓN]',0,0,7,NULL,NULL,NULL,0,0,0,'','',NULL,0),
('UNIF_TITLE','751','4','Relación','Relación',1,0,7,NULL,NULL,NULL,0,0,0,'','',NULL,0),
('UNIF_TITLE','751','5','Institución que aplica el campo','Institución que aplica el campo',1,0,7,NULL,NULL,NULL,0,0,0,'','',NULL,0),
('UNIF_TITLE','751','6','Enlace','Enlace',0,0,7,NULL,NULL,NULL,0,0,0,'','',NULL,0),
('UNIF_TITLE','751','8','Enlace entre campo y número de secuencia','Enlace entre campo y número de secuencia',1,0,7,NULL,NULL,NULL,0,0,0,'','',NULL,0),
('UNIF_TITLE','751','a','Nombre geográfico','Nombre geográfico',0,0,7,NULL,NULL,NULL,0,0,0,'','',NULL,0),
('UNIF_TITLE','751','g','Información miscelánea','Información miscelánea',1,0,7,NULL,NULL,NULL,0,0,0,'','',NULL,0),
('UNIF_TITLE','751','i','Información de relación','Información de relación',1,0,7,NULL,NULL,NULL,0,0,0,'','',NULL,0),
('UNIF_TITLE','751','v','Subdivisión de forma','Subdivisión de forma',1,0,7,NULL,NULL,NULL,0,0,0,'','',NULL,0),
('UNIF_TITLE','751','w','Subcampo de control','Subcampo de control',0,0,7,NULL,NULL,NULL,0,0,0,'','',NULL,0),
('UNIF_TITLE','751','x','Subdivisión general','Subdivisión general',1,0,7,NULL,NULL,NULL,0,0,0,'','',NULL,0),
('UNIF_TITLE','751','y','Subdivisión cronológica','Subdivisión cronológica',1,0,7,NULL,NULL,NULL,0,0,0,'','',NULL,0),
('UNIF_TITLE','751','z','Subdivisión geográfica','Subdivisión geográfica',1,0,7,NULL,NULL,NULL,0,0,0,'','',NULL,0),
('UNIF_TITLE','755','0','Número de control del registro de autoridad o número normalizado','Número de control del registro de autoridad o número normalizado',1,0,7,NULL,NULL,NULL,0,0,0,'','',NULL,0),
('UNIF_TITLE','755','1','URI de un objeto del mundo real','URI de un objeto del mundo real',1,0,7,NULL,NULL,NULL,0,0,0,'','',NULL,0),
('UNIF_TITLE','755','2','Fuente del encabezamiento o término','Fuente del encabezamiento o término',0,0,7,NULL,NULL,NULL,0,0,0,'','',NULL,0),
('UNIF_TITLE','755','4','Relación','Relación',1,0,7,NULL,NULL,NULL,0,0,0,'','',NULL,0),
('UNIF_TITLE','755','5','Institución que aplica el campo','Institución que aplica el campo',1,0,7,NULL,NULL,NULL,0,0,0,'','',NULL,0),
('UNIF_TITLE','755','6','Enlace','Enlace',0,0,7,NULL,NULL,NULL,0,0,0,'','',NULL,0),
('UNIF_TITLE','755','8','Enlace entre campo y número de secuencia','Enlace entre campo y número de secuencia',1,0,7,NULL,NULL,NULL,0,0,0,'','',NULL,0),
('UNIF_TITLE','755','a','Término género/forma como elemento de entrada','Término género/forma como elemento de entrada',0,0,7,NULL,NULL,NULL,0,0,0,'','',NULL,0),
('UNIF_TITLE','755','i','Información de relación','Información de relación',1,0,7,NULL,NULL,NULL,0,0,0,'','',NULL,0),
('UNIF_TITLE','755','v','Subdivisión de forma','Subdivisión de forma',1,0,7,NULL,NULL,NULL,0,0,0,'','',NULL,0),
('UNIF_TITLE','755','w','Subcampo de control','Subcampo de control',0,0,7,NULL,NULL,NULL,0,0,0,'','',NULL,0),
('UNIF_TITLE','755','x','Subdivisión general','Subdivisión general',1,0,7,NULL,NULL,NULL,0,0,0,'','',NULL,0),
('UNIF_TITLE','755','y','Subdivisión cronológica','Subdivisión cronológica',1,0,7,NULL,NULL,NULL,0,0,0,'','',NULL,0),
('UNIF_TITLE','755','z','Subdivisión geográfica','Subdivisión geográfica',1,0,7,NULL,NULL,NULL,0,0,0,'','',NULL,0),
('UNIF_TITLE','762','0','Número de control del registro de autoridad o número normalizado','Número de control del registro de autoridad o número normalizado',1,0,7,NULL,NULL,NULL,0,0,0,'','',NULL,0),
('UNIF_TITLE','762','1','URI de un objeto del mundo real','URI de un objeto del mundo real',1,0,7,NULL,NULL,NULL,0,0,0,'','',NULL,0),
('UNIF_TITLE','762','2','Fuente del encabezamiento o término','Fuente del encabezamiento o término',0,0,7,NULL,NULL,NULL,0,0,0,'','',NULL,0),
('UNIF_TITLE','762','4','Relación','Relación',1,0,7,NULL,NULL,NULL,0,0,0,'','',NULL,0),
('UNIF_TITLE','762','5','Institución que aplica el campo','Institución que aplica el campo',1,0,7,NULL,NULL,NULL,0,0,0,'','',NULL,0),
('UNIF_TITLE','762','6','Enlace','Enlace',0,0,7,NULL,NULL,NULL,0,0,0,'','',NULL,0),
('UNIF_TITLE','762','8','Enlace entre campo y número de secuencia','Enlace entre campo y número de secuencia',1,0,7,NULL,NULL,NULL,0,0,0,'','',NULL,0),
('UNIF_TITLE','762','a','Término de medio de interpretación como elemento de entrada','Término de medio de interpretación como elemento de entrada',0,0,7,NULL,NULL,NULL,0,0,0,'','',NULL,0),
('UNIF_TITLE','762','i','Información de relación','Información de relación',1,0,7,NULL,NULL,NULL,0,0,0,'','',NULL,0),
('UNIF_TITLE','762','w','Subcampo de control','Subcampo de control',0,0,7,NULL,NULL,NULL,0,0,0,'','',NULL,0),
('UNIF_TITLE','762','z','Número de tabla','Número de tabla',0,0,7,NULL,NULL,NULL,0,0,0,'','',NULL,0),
('UNIF_TITLE','780','0','Número de control del registro de autoridad o número normalizado','Número de control del registro de autoridad o número normalizado',1,0,7,NULL,NULL,NULL,0,0,0,'','',NULL,0),
('UNIF_TITLE','780','1','URI de un objeto del mundo real','URI de un objeto del mundo real',1,0,7,NULL,NULL,NULL,0,0,0,'','',NULL,0),
('UNIF_TITLE','780','2','Fuente del encabezamiento o término','Fuente del encabezamiento o término',0,0,7,NULL,NULL,NULL,0,0,0,'','',NULL,0),
('UNIF_TITLE','780','4','Relación','Relación',1,0,7,NULL,NULL,NULL,0,0,0,'','',NULL,0),
('UNIF_TITLE','780','5','Institución que aplica el campo','Institución que aplica el campo',1,0,7,NULL,NULL,NULL,0,0,0,'','',NULL,0),
('UNIF_TITLE','780','6','Enlace','Enlace',0,0,7,NULL,NULL,NULL,0,0,0,'','',NULL,0),
('UNIF_TITLE','780','8','Enlace entre campo y número de secuencia','Enlace entre campo y número de secuencia',1,0,7,NULL,NULL,NULL,0,0,0,'','',NULL,0),
('UNIF_TITLE','780','i','Información de relación','Información de relación',1,0,7,NULL,NULL,NULL,0,0,0,'','',NULL,0),
('UNIF_TITLE','780','v','Subdivisión de forma','Subdivisión de forma',1,0,7,NULL,NULL,NULL,0,0,0,'','',NULL,0),
('UNIF_TITLE','780','w','Subcampo de control','Subcampo de control',0,0,7,NULL,NULL,NULL,0,0,0,'','',NULL,0),
('UNIF_TITLE','780','x','Subdivisión general','Subdivisión general',1,0,7,NULL,NULL,NULL,0,0,0,'','',NULL,0),
('UNIF_TITLE','780','y','Subdivisión cronológica','Subdivisión cronológica',1,0,7,NULL,NULL,NULL,0,0,0,'','',NULL,0),
('UNIF_TITLE','780','z','Subdivisión geográfica','Subdivisión geográfica',1,0,7,NULL,NULL,NULL,0,0,0,'','',NULL,0),
('UNIF_TITLE','781','0','Número de control del registro de autoridad o número normalizado','Número de control del registro de autoridad o número normalizado',1,0,7,NULL,NULL,NULL,0,0,0,'','',NULL,0),
('UNIF_TITLE','781','1','URI de un objeto del mundo real','URI de un objeto del mundo real',1,0,7,NULL,NULL,NULL,0,0,0,'','',NULL,0),
('UNIF_TITLE','781','2','Fuente del encabezamiento o término','Fuente del encabezamiento o término',0,0,7,NULL,NULL,NULL,0,0,0,'','',NULL,0),
('UNIF_TITLE','781','4','Relación','Relación',1,0,7,NULL,NULL,NULL,0,0,0,'','',NULL,0),
('UNIF_TITLE','781','5','Institución que aplica el campo','Institución que aplica el campo',1,0,7,NULL,NULL,NULL,0,0,0,'','',NULL,0),
('UNIF_TITLE','781','6','Enlace','Enlace',0,0,7,NULL,NULL,NULL,0,0,0,'','',NULL,0),
('UNIF_TITLE','781','8','Enlace entre campo y número de secuencia','Enlace entre campo y número de secuencia',1,0,7,NULL,NULL,NULL,0,0,0,'','',NULL,0),
('UNIF_TITLE','781','i','Información de relación','Información de relación',1,0,7,NULL,NULL,NULL,0,0,0,'','',NULL,0),
('UNIF_TITLE','781','v','Subdivisión de forma','Subdivisión de forma',1,0,7,NULL,NULL,NULL,0,0,0,'','',NULL,0),
('UNIF_TITLE','781','w','Subcampo de control','Subcampo de control',0,0,7,NULL,NULL,NULL,0,0,0,'','',NULL,0),
('UNIF_TITLE','781','x','Subdivisión general','Subdivisión general',1,0,7,NULL,NULL,NULL,0,0,0,'','',NULL,0),
('UNIF_TITLE','781','y','Subdivisión cronológica','Subdivisión cronológica',1,0,7,NULL,NULL,NULL,0,0,0,'','',NULL,0),
('UNIF_TITLE','781','z','Subdivisión geográfica','Subdivisión geográfica',1,0,7,NULL,NULL,NULL,0,0,0,'','',NULL,0),
('UNIF_TITLE','782','0','Número de control del registro de autoridad o número normalizado','Número de control del registro de autoridad o número normalizado',1,0,7,NULL,NULL,NULL,0,0,0,'','',NULL,0),
('UNIF_TITLE','782','1','URI de un objeto del mundo real','URI de un objeto del mundo real',1,0,7,NULL,NULL,NULL,0,0,0,'','',NULL,0),
('UNIF_TITLE','782','2','Fuente del encabezamiento o término','Fuente del encabezamiento o término',0,0,7,NULL,NULL,NULL,0,0,0,'','',NULL,0),
('UNIF_TITLE','782','4','Relación','Relación',1,0,7,NULL,NULL,NULL,0,0,0,'','',NULL,0),
('UNIF_TITLE','782','5','Institución que aplica el campo','Institución que aplica el campo',1,0,7,NULL,NULL,NULL,0,0,0,'','',NULL,0),
('UNIF_TITLE','782','6','Enlace','Enlace',0,0,7,NULL,NULL,NULL,0,0,0,'','',NULL,0),
('UNIF_TITLE','782','8','Enlace entre campo y número de secuencia','Enlace entre campo y número de secuencia',1,0,7,NULL,NULL,NULL,0,0,0,'','',NULL,0),
('UNIF_TITLE','782','i','Información de relación','Información de relación',1,0,7,NULL,NULL,NULL,0,0,0,'','',NULL,0),
('UNIF_TITLE','782','v','Subdivisión de forma','Subdivisión de forma',1,0,7,NULL,NULL,NULL,0,0,0,'','',NULL,0),
('UNIF_TITLE','782','w','Subcampo de control','Subcampo de control',0,0,7,NULL,NULL,NULL,0,0,0,'','',NULL,0),
('UNIF_TITLE','782','x','Subdivisión general','Subdivisión general',1,0,7,NULL,NULL,NULL,0,0,0,'','',NULL,0),
('UNIF_TITLE','782','y','Subdivisión cronológica','Subdivisión cronológica',1,0,7,NULL,NULL,NULL,0,0,0,'','',NULL,0),
('UNIF_TITLE','782','z','Subdivisión geográfica','Subdivisión geográfica',1,0,7,NULL,NULL,NULL,0,0,0,'','',NULL,0),
('UNIF_TITLE','785','0','Número de control del registro de autoridad o número normalizado','Número de control del registro de autoridad o número normalizado',1,0,7,NULL,NULL,NULL,0,0,0,'','',NULL,0),
('UNIF_TITLE','785','1','URI de un objeto del mundo real','URI de un objeto del mundo real',1,0,7,NULL,NULL,NULL,0,0,0,'','',NULL,0),
('UNIF_TITLE','785','2','Fuente del encabezamiento o término','Fuente del encabezamiento o término',0,0,7,NULL,NULL,NULL,0,0,0,'','',NULL,0),
('UNIF_TITLE','785','4','Relación','Relación',1,0,7,NULL,NULL,NULL,0,0,0,'','',NULL,0),
('UNIF_TITLE','785','5','Institución que aplica el campo','Institución que aplica el campo',1,0,7,NULL,NULL,NULL,0,0,0,'','',NULL,0),
('UNIF_TITLE','785','6','Enlace','Enlace',0,0,7,NULL,NULL,NULL,0,0,0,'','',NULL,0),
('UNIF_TITLE','785','8','Enlace entre campo y número de secuencia','Enlace entre campo y número de secuencia',1,0,7,NULL,NULL,NULL,0,0,0,'','',NULL,0),
('UNIF_TITLE','785','i','Información de relación','Información de relación',1,0,7,NULL,NULL,NULL,0,0,0,'','',NULL,0),
('UNIF_TITLE','785','v','Subdivisión de forma','Subdivisión de forma',1,0,7,NULL,NULL,NULL,0,0,0,'','',NULL,0),
('UNIF_TITLE','785','w','Subcampo de control','Subcampo de control',0,0,7,NULL,NULL,NULL,0,0,0,'','',NULL,0),
('UNIF_TITLE','785','x','Subdivisión general','Subdivisión general',1,0,7,NULL,NULL,NULL,0,0,0,'','',NULL,0),
('UNIF_TITLE','785','y','Subdivisión cronológica','Subdivisión cronológica',1,0,7,NULL,NULL,NULL,0,0,0,'','',NULL,0),
('UNIF_TITLE','785','z','Subdivisión geográfica','Subdivisión geográfica',1,0,7,NULL,NULL,NULL,0,0,0,'','',NULL,0),
('UNIF_TITLE','788','0','Número de control del registro','Número de control del registro',1,0,7,NULL,NULL,NULL,0,0,0,'','',NULL,0),
('UNIF_TITLE','788','2','Fuente del encabezamiento o término','Fuente del encabezamiento o término',0,0,7,NULL,NULL,NULL,0,0,0,'','',NULL,0),
('UNIF_TITLE','788','4','Relación','Relación',1,0,7,NULL,NULL,NULL,0,0,0,'','',NULL,0),
('UNIF_TITLE','788','5','Institución que aplica el campo','Institución que aplica el campo',1,0,7,NULL,NULL,NULL,0,0,0,'','',NULL,0),
('UNIF_TITLE','788','6','Enlace','Enlace',0,0,7,NULL,NULL,NULL,0,0,0,'','',NULL,0),
('UNIF_TITLE','788','8','Enlace entre campo y número de secuencia','Enlace entre campo y número de secuencia',1,0,7,NULL,NULL,NULL,0,0,0,'','',NULL,0),
('UNIF_TITLE','788','a','Encabezamiento referido a','Encabezamiento referido a',1,0,7,NULL,NULL,NULL,0,0,0,'','',NULL,0),
('UNIF_TITLE','788','i','Texto explicativo','Texto explicativo',1,0,7,NULL,NULL,NULL,0,0,0,'','',NULL,0),
('UNIF_TITLE','856','2','Método de acceso','Método de acceso',0,0,8,NULL,NULL,NULL,0,0,0,'','',NULL,0),
('UNIF_TITLE','856','3','Materiales especificados','Materiales especificados',0,0,8,NULL,NULL,NULL,0,0,0,'','',NULL,0),
('UNIF_TITLE','856','6','Enlace','Enlace',0,0,8,NULL,NULL,NULL,0,0,0,'','',NULL,0),
('UNIF_TITLE','856','7','Estado de acceso','Estado de acceso',0,0,8,NULL,NULL,NULL,0,0,0,'','',NULL,0),
('UNIF_TITLE','856','8','Enlace entre campo y número de secuencia','Enlace entre campo y número de secuencia',1,0,8,NULL,NULL,NULL,0,0,0,'','',NULL,0),
('UNIF_TITLE','856','a','Nombre del host','Nombre del host',1,0,8,NULL,NULL,NULL,0,0,0,'','',NULL,0),
('UNIF_TITLE','856','b','Número de acceso','Número de acceso',1,0,8,NULL,NULL,NULL,0,0,0,'','',NULL,0),
('UNIF_TITLE','856','c','Información sobre la compresión','Información sobre la compresión',1,0,8,NULL,NULL,NULL,0,0,0,'','',NULL,0),
('UNIF_TITLE','856','d','Ruta','Ruta',1,0,8,NULL,NULL,NULL,0,0,0,'','',NULL,0),
('UNIF_TITLE','856','f','Nombre electrónico','Nombre electrónico',1,0,8,NULL,NULL,NULL,0,0,0,'','',NULL,0),
('UNIF_TITLE','856','h','Procesador de la petición','Procesador de la petición',0,0,8,NULL,NULL,NULL,0,0,0,'','',NULL,0),
('UNIF_TITLE','856','i','Instrucciones','Instrucciones',1,0,8,NULL,NULL,NULL,0,0,0,'','',NULL,0),
('UNIF_TITLE','856','j','Bits por segundo','Bits por segundo',0,0,8,NULL,NULL,NULL,0,0,0,'','',NULL,0),
('UNIF_TITLE','856','k','Contraseña','Contraseña',0,0,8,NULL,NULL,NULL,0,0,0,'','',NULL,0),
('UNIF_TITLE','856','l','Proceso de conexión (Logon)','Proceso de conexión (Logon)',0,0,8,NULL,NULL,NULL,0,0,0,'','',NULL,0),
('UNIF_TITLE','856','m','Contacto para facilitar el acceso','Contacto para facilitar el acceso',1,0,8,NULL,NULL,NULL,0,0,0,'','',NULL,0),
('UNIF_TITLE','856','n','Nombre de la localización del host','Nombre de la localización del host',0,0,8,NULL,NULL,NULL,0,0,0,'','',NULL,0),
('UNIF_TITLE','856','o','Sistema operativo','Sistema operativo',0,0,8,NULL,NULL,NULL,0,0,0,'','',NULL,0),
('UNIF_TITLE','856','p','Puerto','Puerto',0,0,8,NULL,NULL,NULL,0,0,0,'','',NULL,0),
('UNIF_TITLE','856','q','Tipo de formato electrónico','Tipo de formato electrónico',0,0,8,NULL,NULL,NULL,0,0,0,'','',NULL,0),
('UNIF_TITLE','856','r','Configuración','Configuración',0,0,8,NULL,NULL,NULL,0,0,0,'','',NULL,0),
('UNIF_TITLE','856','s','Tamaño de archivo','Tamaño de archivo',1,0,8,NULL,NULL,NULL,0,0,0,'','',NULL,0),
('UNIF_TITLE','856','t','Emulación del terminal','Emulación del terminal',1,0,8,NULL,NULL,NULL,0,0,0,'','',NULL,0),
('UNIF_TITLE','856','u','Identificador Uniforme de Recurso','Identificador Uniforme de Recurso',1,0,8,NULL,NULL,NULL,0,0,0,'','',NULL,0),
('UNIF_TITLE','856','v','Horario en que el acceso está disponible','Horario en que el acceso está disponible',1,0,8,NULL,NULL,NULL,0,0,0,'','',NULL,0),
('UNIF_TITLE','856','w','Número de control del registro','Número de control del registro',1,0,8,NULL,NULL,NULL,0,0,0,'','',NULL,0),
('UNIF_TITLE','856','x','Nota no pública','Nota no pública',1,0,8,NULL,NULL,NULL,0,0,0,'','',NULL,0),
('UNIF_TITLE','856','y','Texto de enlace','Texto de enlace',1,0,8,NULL,NULL,NULL,0,0,0,'','',NULL,0),
('UNIF_TITLE','856','z','Nota pública','Nota pública',1,0,8,NULL,NULL,NULL,0,0,0,'','',NULL,0),
('UNIF_TITLE','880','0','0','0',1,0,8,NULL,NULL,NULL,0,0,0,'','',NULL,0),
('UNIF_TITLE','880','1','1','1',1,0,8,NULL,NULL,NULL,0,0,0,'','',NULL,0),
('UNIF_TITLE','880','2','2','2',1,0,8,NULL,NULL,NULL,0,0,0,'','',NULL,0),
('UNIF_TITLE','880','3','3','3',1,0,8,NULL,NULL,NULL,0,0,0,'','',NULL,0),
('UNIF_TITLE','880','4','4','4',1,0,8,NULL,NULL,NULL,0,0,0,'','',NULL,0),
('UNIF_TITLE','880','5','5','5',1,0,8,NULL,NULL,NULL,0,0,0,'','',NULL,0),
('UNIF_TITLE','880','6','Enlace','Enlace',0,0,8,NULL,NULL,NULL,0,0,0,'','',NULL,0),
('UNIF_TITLE','880','7','7','7',1,0,8,NULL,NULL,NULL,0,0,0,'','',NULL,0),
('UNIF_TITLE','880','8','8','8',1,0,8,NULL,NULL,NULL,0,0,0,'','',NULL,0),
('UNIF_TITLE','880','9','9','9',1,0,8,NULL,NULL,NULL,0,0,0,'','',NULL,0),
('UNIF_TITLE','880','a','a','a',1,0,8,NULL,NULL,NULL,0,0,0,'','',NULL,0),
('UNIF_TITLE','880','b','b','b',1,0,8,NULL,NULL,NULL,0,0,0,'','',NULL,0),
('UNIF_TITLE','880','c','c','c',1,0,8,NULL,NULL,NULL,0,0,0,'','',NULL,0),
('UNIF_TITLE','880','d','d','d',1,0,8,NULL,NULL,NULL,0,0,0,'','',NULL,0),
('UNIF_TITLE','880','e','e','e',1,0,8,NULL,NULL,NULL,0,0,0,'','',NULL,0),
('UNIF_TITLE','880','f','f','f',1,0,8,NULL,NULL,NULL,0,0,0,'','',NULL,0),
('UNIF_TITLE','880','g','g','g',1,0,8,NULL,NULL,NULL,0,0,0,'','',NULL,0),
('UNIF_TITLE','880','h','h','h',1,0,8,NULL,NULL,NULL,0,0,0,'','',NULL,0),
('UNIF_TITLE','880','i','i','i',1,0,8,NULL,NULL,NULL,0,0,0,'','',NULL,0),
('UNIF_TITLE','880','j','j','j',1,0,8,NULL,NULL,NULL,0,0,0,'','',NULL,0),
('UNIF_TITLE','880','k','k','k',1,0,8,NULL,NULL,NULL,0,0,0,'','',NULL,0),
('UNIF_TITLE','880','l','l','l',1,0,8,NULL,NULL,NULL,0,0,0,'','',NULL,0),
('UNIF_TITLE','880','m','m','m',1,0,8,NULL,NULL,NULL,0,0,0,'','',NULL,0),
('UNIF_TITLE','880','n','n','n',1,0,8,NULL,NULL,NULL,0,0,0,'','',NULL,0),
('UNIF_TITLE','880','o','o','o',1,0,8,NULL,NULL,NULL,0,0,0,'','',NULL,0),
('UNIF_TITLE','880','p','p','p',1,0,8,NULL,NULL,NULL,0,0,0,'','',NULL,0),
('UNIF_TITLE','880','q','q','q',1,0,8,NULL,NULL,NULL,0,0,0,'','',NULL,0),
('UNIF_TITLE','880','r','r','r',1,0,8,NULL,NULL,NULL,0,0,0,'','',NULL,0),
('UNIF_TITLE','880','s','s','s',1,0,8,NULL,NULL,NULL,0,0,0,'','',NULL,0),
('UNIF_TITLE','880','t','t','t',1,0,8,NULL,NULL,NULL,0,0,0,'','',NULL,0),
('UNIF_TITLE','880','u','u','u',1,0,8,NULL,NULL,NULL,0,0,0,'','',NULL,0),
('UNIF_TITLE','880','v','v','v',1,0,8,NULL,NULL,NULL,0,0,0,'','',NULL,0),
('UNIF_TITLE','880','w','w','w',1,0,8,NULL,NULL,NULL,0,0,0,'','',NULL,0),
('UNIF_TITLE','880','x','x','x',1,0,8,NULL,NULL,NULL,0,0,0,'','',NULL,0),
('UNIF_TITLE','880','y','y','y',1,0,8,NULL,NULL,NULL,0,0,0,'','',NULL,0),
('UNIF_TITLE','880','z','z','z',1,0,8,NULL,NULL,NULL,0,0,0,'','',NULL,0),
('UNIF_TITLE','883','0','Número de control del registro de autoridad o número normalizado','Número de control del registro de autoridad o número normalizado',1,0,8,NULL,NULL,NULL,0,0,0,'','',NULL,0),
('UNIF_TITLE','883','1','URI de un objeto del mundo real','URI de un objeto del mundo real',1,0,8,NULL,NULL,NULL,0,0,0,'','',NULL,0),
('UNIF_TITLE','883','8','Enlace entre campo y número de secuencia','Enlace entre campo y número de secuencia',1,0,8,NULL,NULL,NULL,0,0,0,'','',NULL,0),
('UNIF_TITLE','883','a','Proceso de generación','Proceso de generación',0,0,8,NULL,NULL,NULL,0,0,0,'','',NULL,0),
('UNIF_TITLE','883','c','Valor de confidencia','Valor de confidencia',0,0,8,NULL,NULL,NULL,0,0,0,'','',NULL,0),
('UNIF_TITLE','883','d','Fecha de generación','Fecha de generación',0,0,8,NULL,NULL,NULL,0,0,0,'','',NULL,0),
('UNIF_TITLE','883','q','Agencia que genera los datos','Agencia que genera los datos',0,0,8,NULL,NULL,NULL,0,0,0,'','',NULL,0),
('UNIF_TITLE','883','u','Identificador Uniforme de Recurso','Identificador Uniforme de Recurso',0,0,8,NULL,NULL,NULL,0,0,0,'','',NULL,0),
('UNIF_TITLE','883','w','Número de control del registro bibliográfico','Número de control del registro bibliográfico',1,0,8,NULL,NULL,NULL,0,0,0,'','',NULL,0),
('UNIF_TITLE','883','x','Fecha final de validez','Fecha final de validez',0,0,8,NULL,NULL,NULL,0,0,0,'','',NULL,0),
('UNIF_TITLE','884','a','Proceso de conversión','Proceso de conversión',0,0,8,NULL,NULL,NULL,0,0,0,'','',NULL,0),
('UNIF_TITLE','884','g','Fecha de conversión','Fecha de conversión',0,0,8,NULL,NULL,NULL,0,0,0,'','',NULL,0),
('UNIF_TITLE','884','k','Identificador de los metadatos originales','Identificador de los metadatos originales',0,0,8,NULL,NULL,NULL,0,0,0,'','',NULL,0),
('UNIF_TITLE','884','q','Agencia que convierte los datos','Agencia que convierte los datos',0,0,8,NULL,NULL,NULL,0,0,0,'','',NULL,0),
('UNIF_TITLE','884','u','Identificador Uniforme de Recurso','Identificador Uniforme de Recurso',1,0,8,NULL,NULL,NULL,0,0,0,'','',NULL,0),
('UNIF_TITLE','885','0','Número de control del registro de autoridad o número normalizado','Número de control del registro de autoridad o número normalizado',1,0,8,NULL,NULL,NULL,0,0,0,'','',NULL,0),
('UNIF_TITLE','885','1','URI de un objeto del mundo real','URI de un objeto del mundo real',1,0,8,NULL,NULL,NULL,0,0,0,'','',NULL,0),
('UNIF_TITLE','885','2','Fuente','Fuente',0,0,8,NULL,NULL,NULL,0,0,0,'','',NULL,0),
('UNIF_TITLE','885','5','Institución que aplica el campo','Institución que aplica el campo',0,0,8,NULL,NULL,NULL,0,0,0,'','',NULL,0),
('UNIF_TITLE','885','a','Información de registros coincidentes','Información de registros coincidentes',0,0,8,NULL,NULL,NULL,0,0,0,'','',NULL,0),
('UNIF_TITLE','885','b','Estado del proceso de búsqueda de registros coincidentes y comprobación','Estado del proceso de búsqueda de registros coincidentes y comprobación',0,0,8,NULL,NULL,NULL,0,0,0,'','',NULL,0),
('UNIF_TITLE','885','c','Valor de confidencia','Valor de confidencia',0,0,8,NULL,NULL,NULL,0,0,0,'','',NULL,0),
('UNIF_TITLE','885','d','Fecha de generación','Fecha de generación',0,0,8,NULL,NULL,NULL,0,0,0,'','',NULL,0),
('UNIF_TITLE','885','w','Número de control del registro','Número de control del registro',1,0,8,NULL,NULL,NULL,0,0,0,'','',NULL,0),
('UNIF_TITLE','885','x','Nota no pública','Nota no pública',1,0,8,NULL,NULL,NULL,0,0,0,'','',NULL,0),
('UNIF_TITLE','885','z','Nota pública','Nota pública',1,0,8,NULL,NULL,NULL,0,0,0,'','',NULL,0),
('UNIF_TITLE','942','a','Tipo auth Koha','Tipo auth Koha',0,1,9,NULL,NULL,NULL,0,1,0,'auth_header.authtypecode','',NULL,0);

--
-- Table structure for table `auth_tag_structure`
--

CREATE TABLE `auth_tag_structure` (
  `authtypecode` varchar(10) NOT NULL DEFAULT '',
  `tagfield` varchar(3) NOT NULL DEFAULT '',
  `liblibrarian` varchar(255) NOT NULL DEFAULT '',
  `libopac` varchar(255) NOT NULL DEFAULT '',
  `repeatable` tinyint(4) NOT NULL DEFAULT 0,
  `mandatory` tinyint(4) NOT NULL DEFAULT 0,
  `authorised_value` varchar(32) DEFAULT NULL,
  PRIMARY KEY (`authtypecode`,`tagfield`),
  CONSTRAINT `auth_tag_structure_ibfk_1` FOREIGN KEY (`authtypecode`) REFERENCES `auth_types` (`authtypecode`) ON DELETE CASCADE ON UPDATE CASCADE
) ENGINE=InnoDB DEFAULT CHARSET=utf8mb4 COLLATE=utf8mb4_unicode_ci;

--
-- Dumping data for table `auth_tag_structure`
--

INSERT INTO `auth_tag_structure` VALUES
('','000','LEADER','LEADER',0,1,NULL),
('','001','NÚMERO DE CONTROL','NÚMERO DE CONTROL',0,1,NULL),
('','003','IDENTIFICADOR DE NÚMERO DE CONTROL','IDENTIFICADOR DE NÚMERO DE CONTROL',0,1,NULL),
('','005','FECHA Y HORA DE LA ÚLTIMA TRANSACCIÓN','FECHA Y HORA DE LA ÚLTIMA TRANSACCIÓN',0,1,NULL),
('','008','ELEMENTOS DE DATO DE LONGITUD-FIJA','ELEMENTOS DE DATO DE LONGITUD-FIJA',0,1,NULL),
('','010','NÚMERO DE CONTROL DE LA BIBLIOTECA DEL CONGRESO','NÚMERO DE CONTROL DE LA BIBLIOTECA DEL CONGRESO',0,0,NULL),
('','014','ENLACE AL REGISTRO BIBLIOGRÁFICO PARA PUBLICACIÓN SERIADA O ÍTEM EN VARIAS PARTES','ENLACE AL REGISTRO BIBLIOGRÁFICO PARA PUBLICACIÓN SERIADA O ÍTEM EN VARIAS PARTES',1,0,NULL),
('','016','NÚMERO DE CONTROL DE UNA AGENCIA BIBLIOGRÁFICA NACIONAL','NÚMERO DE CONTROL DE UNA AGENCIA BIBLIOGRÁFICA NACIONAL',1,0,NULL),
('','020','NÚMERO INTERNACIONAL ESTÁNDAR DEL LIBRO','NÚMERO INTERNACIONAL ESTÁNDAR DEL LIBRO',1,0,NULL),
('','022','NÚMERO INTERNACIONAL NORMALIZADO PARA PUBLICACIONES SERIADAS','NÚMERO INTERNACIONAL NORMALIZADO PARA PUBLICACIONES SERIADAS',1,0,NULL),
('','024','IDENTIFICADOR DE OTROS ESTÁNDARES','IDENTIFICADOR DE OTROS ESTÁNDARES',1,0,NULL),
('','031','INFORMACIÓN DE LOS ÍNCIPITS MUSICALES','INFORMACIÓN DE LOS ÍNCIPITS MUSICALES',1,0,NULL),
('','034','DATOS MATEMÁTICOS CARTOGRÁFICOS CODIFICADOS','DATOS MATEMÁTICOS CARTOGRÁFICOS CODIFICADOS',1,0,NULL),
('','035','NÚMERO DE CONTROL DEL SISTEMA','NÚMERO DE CONTROL DEL SISTEMA',1,0,NULL),
('','040','FUENTE DE CATALOGACIÓN','FUENTE DE CATALOGACIÓN',0,1,NULL),
('','042','CÓDIGO DE AUTENTICACIÓN','CÓDIGO DE AUTENTICACIÓN',0,0,NULL),
('','043','CÓDIGO DE ÁREA GEOGRÁFICA','CÓDIGO DE ÁREA GEOGRÁFICA',0,0,NULL),
('','045','PERIODO DE TIEMPO DEL ENCABEZAMIENTO','PERIODO DE TIEMPO DEL ENCABEZAMIENTO',0,0,NULL),
('','046','FECHAS CON CODIFICACIÓN ESPECIAL','FECHAS CON CODIFICACIÓN ESPECIAL',1,0,NULL),
('','050','SIGNATURA TOPOGRÁFICA DE LA BIBLIOTECA DEL CONGRESO','SIGNATURA TOPOGRÁFICA DE LA BIBLIOTECA DEL CONGRESO',1,0,NULL),
('','052','CLASIFICACIÓN GEOGRÁFICA','CLASIFICACIÓN GEOGRÁFICA',1,0,NULL),
('','053','NÚMERO DE CLASIFICACIÓN LC','NÚMERO DE CLASIFICACIÓN LC',1,0,NULL),
('','055','SIGNATURA TOPOGRÁFICA DE BIBLIOTECAS Y ARCHIVOS DE CANADÁ','SIGNATURA TOPOGRÁFICA DE BIBLIOTECAS Y ARCHIVOS DE CANADÁ',1,0,NULL),
('','058','NÚMERO DE CLASIFICACIÓN LC ASIGNADOS EN CANADÁ [OBSOLETO, CAN/MARC]','NÚMERO DE CLASIFICACIÓN LC ASIGNADOS EN CANADÁ [OBSOLETO, CAN/MARC]',1,0,NULL),
('','060','SIGNATURA TOPOGRÁFICA DE LA NATIONAL LIBRARY OF MEDICINE','SIGNATURA TOPOGRÁFICA DE LA NATIONAL LIBRARY OF MEDICINE',1,0,NULL),
('','063','NÚMERO DE CLASIFICACIÓN NLM ASIGNADO POR NLM [OBSOLETO, CAN/MARC]','NÚMERO DE CLASIFICACIÓN NLM ASIGNADO POR NLM [OBSOLETO, CAN/MARC]',1,0,NULL),
('','065','OTRO NÚMERO DE CLASIFICACIÓN','OTRO NÚMERO DE CLASIFICACIÓN',1,0,NULL),
('','066','JUEGOS/CONJUNTO DE CARACTERES UTILIZADOS/PRESENTES','JUEGOS/CONJUNTO DE CARACTERES UTILIZADOS/PRESENTES',0,0,NULL),
('','068','NÚMERO DE CLASIFICACIÓN NLM ASIGNADO EN CANADÁ [OBSOLETO, CAN/MARC]','NÚMERO DE CLASIFICACIÓN NLM ASIGNADO EN CANADÁ [OBSOLETO, CAN/MARC]',1,0,NULL),
('','070','SIGNATURA TOPOGRÁFICA DE LA NATIONAL AGRICULTURAL LIBRARY','SIGNATURA TOPOGRÁFICA DE LA NATIONAL AGRICULTURAL LIBRARY',1,0,NULL),
('','072','CÓDIGO DE CATEGORÍA DE MATERIA','CÓDIGO DE CATEGORÍA DE MATERIA',1,0,NULL),
('','073','USO DE SUBDIVISIÓN','USO DE SUBDIVISIÓN',0,0,NULL),
('','075','TIPO DE ENTIDAD','TIPO DE ENTIDAD',1,0,NULL),
('','080','NÚMERO DE LA CLASIFICACIÓN DECIMAL UNIVERSAL','NÚMERO DE LA CLASIFICACIÓN DECIMAL UNIVERSAL',1,0,NULL),
('','082','SIGNATURA TOPOGRÁFICA DECIMAL DEWEY','SIGNATURA TOPOGRÁFICA DECIMAL DEWEY',1,0,NULL),
('','083','NÚMERO DE LA CLASIFICACIÓN DECIMAL DEWEY','NÚMERO DE LA CLASIFICACIÓN DECIMAL DEWEY',1,0,NULL),
('','084','ESQUEMA DE CLASIFICACIÓN Y EDICIÓN [FORMATO DE CLASIFICACIÓN]','ESQUEMA DE CLASIFICACIÓN Y EDICIÓN [FORMATO DE CLASIFICACIÓN]',0,0,NULL),
('','086','SIGNATURA TOPOGRÁFICA PARA DOCUMENTOS GUBERNAMENTALES','SIGNATURA TOPOGRÁFICA PARA DOCUMENTOS GUBERNAMENTALES',1,0,NULL),
('','087','NÚMERO DE CLASIFICACIÓN PARA DOCUMENTOS GUBERNAMENTALES','NÚMERO DE CLASIFICACIÓN PARA DOCUMENTOS GUBERNAMENTALES',1,0,NULL),
('','088','NÚMERO DE ESTANTERÍA DEL DOCUMENTO (CODOC) [OBSOLETO, CAN/MARC]','NÚMERO DE ESTANTERÍA DEL DOCUMENTO (CODOC) [OBSOLETO, CAN/MARC]',1,0,NULL),
('','090','SIGNATURA TOPOGRÁFICA LOCAL (SERIE) [OBSOLETO]; LOCALMENTE ASIGNADO TIPO-LC SIGNATURA TOPOGRÁFICA (OCLC); SIGNATURA TOPOGRÁFICA LOCAL (RLIN)','SIGNATURA TOPOGRÁFICA LOCAL (SERIE) [OBSOLETO]; LOCALMENTE ASIGNADO TIPO-LC SIGNATURA TOPOGRÁFICA (OCLC); SIGNATURA TOPOGRÁFICA LOCAL (RLIN)',1,0,NULL),
('','091','LOCALMENTE ASIGNADO TIPO-LC NÚMERO DE CLASIFICACIÓN (OCLC); NÚMERO DE CLASIFICACIÓN LOCAL (RLIN)','LOCALMENTE ASIGNADO TIPO-LC NÚMERO DE CLASIFICACIÓN (OCLC); NÚMERO DE CLASIFICACIÓN LOCAL (RLIN)',0,0,NULL),
('','092','ASIGNACIÓN LOCAL DE SIGNATURA TOPOGRÁFICA DEWEY (OCLC)','ASIGNACIÓN LOCAL DE SIGNATURA TOPOGRÁFICA DEWEY (OCLC)',1,0,NULL),
('','093','ASIGNACIÓN LOCAL DEL NÚMERO DE CLASIFICACIÓN DEWEY (OCLC)','ASIGNACIÓN LOCAL DEL NÚMERO DE CLASIFICACIÓN DEWEY (OCLC)',1,0,NULL),
('','096','ASIGNACIÓN LOCAL TIPO-NLM SIGNATURA TOPOGRÁFICA (OCLC)','ASIGNACIÓN LOCAL TIPO-NLM SIGNATURA TOPOGRÁFICA (OCLC)',1,0,NULL),
('','097','ASIGNACIÓN LOCAL TIPO-NLM NÚMERO DE CLASIFICACIÓN (OCLC)','ASIGNACIÓN LOCAL TIPO-NLM NÚMERO DE CLASIFICACIÓN (OCLC)',1,0,NULL),
('','098','OTROS ESQUEMAS DE CLASIFICACIÓN (OCLC)','OTROS ESQUEMAS DE CLASIFICACIÓN (OCLC)',1,0,NULL),
('','099','TEXTO-LIBRO SIGNATURA TOPOGRÁFICA LOCAL (OCLC)','TEXTO-LIBRO SIGNATURA TOPOGRÁFICA LOCAL (OCLC)',1,0,NULL),
('','100','ENCABEZAMIENTO-NOMBRE DE PERSONA','ENCABEZAMIENTO-NOMBRE DE PERSONA',0,1,NULL),
('','110','ENCABEZAMIENTO-NOMBRE DE ENTIDAD CORPORATIVA','ENCABEZAMIENTO-NOMBRE DE ENTIDAD CORPORATIVA',0,1,NULL),
('','111','ENCABEZAMIENTO--NOMBRE DE CONGRESO/REUNIÓN','ENCABEZAMIENTO--NOMBRE DE CONGRESO/REUNIÓN',0,1,NULL),
('','130','ENCABEZAMIENTO--TÍTULO UNIFORME','ENCABEZAMIENTO--TÍTULO UNIFORME',0,1,NULL),
('','140','TÍTULO UNIFORME [OBSOLETO, CAN/MARC]','TÍTULO UNIFORME [OBSOLETO, CAN/MARC]',1,0,NULL),
('','143','TÍTULO COLECTIVO [OBSOLETO, CAN/MARC]','TÍTULO COLECTIVO [OBSOLETO, CAN/MARC]',1,0,NULL),
('','147','ENCABEZAMIENTO--NOMBRE DEL ACONTECIMIENTO','ENCABEZAMIENTO--NOMBRE DEL ACONTECIMIENTO',0,0,NULL),
('','148','ENCABEZAMIENTO--TÉRMINO CRONOLÓGICO','ENCABEZAMIENTO--TÉRMINO CRONOLÓGICO',0,1,NULL),
('','150','ENCABEZAMIENTO--TÉRMINO DE MATERIA','ENCABEZAMIENTO--TÉRMINO DE MATERIA',0,1,NULL),
('','151','ENCABEZAMIENTO--NOMBRE GEOGRÁFICO','ENCABEZAMIENTO--NOMBRE GEOGRÁFICO',0,1,NULL),
('','153','NÚMERO DE CLASIFICACIÓN [FORMATO DE CLASIFICACIÓN]','NÚMERO DE CLASIFICACIÓN [FORMATO DE CLASIFICACIÓN]',0,0,NULL),
('','154','TÉRMINO EXPLICATIVO GENERAL DE ÍNDICE [FORMATO DE CLASIFICACIÓN]','TÉRMINO EXPLICATIVO GENERAL DE ÍNDICE [FORMATO DE CLASIFICACIÓN]',0,0,NULL),
('','155','ENCABEZAMIENTO--TÉRMINO DE GÉNERO/FORMA','ENCABEZAMIENTO--TÉRMINO DE GÉNERO/FORMA',0,1,NULL),
('','162','ENCABEZAMIENTO-TÉRMINO DE MEDIO DE INTERPRETACIÓN','ENCABEZAMIENTO-TÉRMINO DE MEDIO DE INTERPRETACIÓN',0,0,NULL),
('','180','ENCABEZAMIENTO--SUBDIVISIÓN GENERAL','ENCABEZAMIENTO--SUBDIVISIÓN GENERAL',0,0,NULL),
('','181','ENCABEZAMIENTO--SUBDIVISIÓN GEOGRÁFICA','ENCABEZAMIENTO--SUBDIVISIÓN GEOGRÁFICA',0,0,NULL),
('','182','ENCABEZAMIENTO--SUBDIVISIÓN CRONOLÓGICA','ENCABEZAMIENTO--SUBDIVISIÓN CRONOLÓGICA',0,0,NULL),
('','185','ENCABEZAMIENTO--SUBDIVISIÓN DE FORMA','ENCABEZAMIENTO--SUBDIVISIÓN DE FORMA',0,0,NULL),
('','253','REFERENCIA COMPLEJA VÉASE ADEMÁS [FORMATO DE CLASIFICACIÓN]','REFERENCIA COMPLEJA VÉASE ADEMÁS [FORMATO DE CLASIFICACIÓN]',1,0,NULL),
('','260','REFERENCIA COMPLEJA DE VÉASE--MATERIA','REFERENCIA COMPLEJA DE VÉASE--MATERIA',1,0,NULL),
('','336','TIPO DE CONTENIDO','TIPO DE CONTENIDO',1,0,NULL),
('','348','Formato de la música notada','Formato de la música notada',1,0,NULL),
('','353','REFERENCIA COMPLEJA DE VÉASE ADEMÁS [FORMATO DE CLASIFICACIÓN]','REFERENCIA COMPLEJA DE VÉASE ADEMÁS [FORMATO DE CLASIFICACIÓN]',1,0,NULL),
('','360','REFERENCIA COMPLEJA DE VÉASE ADEMÁS-MATERIA','REFERENCIA COMPLEJA DE VÉASE ADEMÁS-MATERIA',1,0,NULL),
('','368','OTROS ATRIBUTOS DE PERSONA O ENTIDAD CORPORATIVA','OTROS ATRIBUTOS DE PERSONA O ENTIDAD CORPORATIVA',1,0,NULL),
('','370','LUGAR ASOCIADO','LUGAR ASOCIADO',1,0,NULL),
('','371','DIRECCIÓN','DIRECCIÓN',1,0,NULL),
('','372','CAMPO DE ACTIVIDAD','CAMPO DE ACTIVIDAD',1,0,NULL),
('','373','GRUPO ASOCIADO','GRUPO ASOCIADO',1,0,NULL),
('','374','OCUPACIÓN','OCUPACIÓN',1,0,NULL),
('','375','GÉNERO/SEXO','GÉNERO/SEXO',1,0,NULL),
('','376','INFORMACIÓN DE FAMILIA','INFORMACIÓN DE FAMILIA',1,0,NULL),
('','377','IDIOMA ASOCIADO','IDIOMA ASOCIADO',1,0,NULL),
('','378','FORMA COMPLETA/DESARROLLADA DEL NOMBRE','FORMA COMPLETA/DESARROLLADA DEL NOMBRE',0,0,NULL),
('','380','FORMA DE LA OBRA','FORMA DE LA OBRA',1,0,NULL),
('','381','OTRAS CARACTERÍSTICAS DISTINTIVAS DE OBRA O EXPRESIÓN','OTRAS CARACTERÍSTICAS DISTINTIVAS DE OBRA O EXPRESIÓN',1,0,NULL),
('','382','MEDIO DE INTERPRETACIÓN','MEDIO DE INTERPRETACIÓN',1,0,NULL),
('','383','DESIGNACIÓN NUMÉRICA DE OBRA MUSICAL','DESIGNACIÓN NUMÉRICA DE OBRA MUSICAL',1,0,NULL),
('','384','TONALIDAD/CLAVE','TONALIDAD/CLAVE',0,0,NULL),
('','385','CARACTERÍSTICAS DE LA AUDIENCIA','CARACTERÍSTICAS DE LA AUDIENCIA',1,0,NULL),
('','386','CARACTERÍSTICAS DEL CREADOR/COLABORADOR','CARACTERÍSTICAS DEL CREADOR/COLABORADOR',1,0,NULL),
('','388','PERIODO TEMPORAL DE CREACIÓN','PERIODO TEMPORAL DE CREACIÓN',1,0,NULL),
('','400','TRAZADO DE VÉASE--NOMBRE DE PERSONA','TRAZADO DE VÉASE--NOMBRE DE PERSONA',1,0,NULL),
('','410','TRAZADO DE VÉASE--NOMBRE DE ENTIDAD CORPORATIVA','TRAZADO DE VÉASE--NOMBRE DE ENTIDAD CORPORATIVA',1,0,NULL),
('','411','TRAZADO DE VÉASE--NOMBRE DE CONGRESO/REUNIÓN','TRAZADO DE VÉASE--NOMBRE DE CONGRESO/REUNIÓN',1,0,NULL),
('','430','TRAZADO DE VÉASE--TÍTULO UNIFORME','TRAZADO DE VÉASE--TÍTULO UNIFORME',1,0,NULL),
('','447','TRAZADO DE VÉASE--NOMBRE DEL ACONTECIMIENTO','TRAZADO DE VÉASE--NOMBRE DEL ACONTECIMIENTO',1,0,NULL),
('','448','TRAZADO DE VÉASE--TÉRMINO CRONOLÓGICO','TRAZADO DE VÉASE--TÉRMINO CRONOLÓGICO',1,0,NULL),
('','450','TRAZADO DE VÉASE--TÉRMINO DE MATERIA','TRAZADO DE VÉASE--TÉRMINO DE MATERIA',1,0,NULL),
('','451','TRAZADO DE VÉASE--NOMBRE GEOGRÁFICO','TRAZADO DE VÉASE--NOMBRE GEOGRÁFICO',1,0,NULL),
('','453','NÚMERO DE TRAZADO INVÁLIDO [FORMATO DE CLASIFICACIÓN]','NÚMERO DE TRAZADO INVÁLIDO [FORMATO DE CLASIFICACIÓN]',1,0,NULL),
('','455','TRAZADO DE VÉASE--TÉRMINO GÉNERO/FORMA','TRAZADO DE VÉASE--TÉRMINO GÉNERO/FORMA',1,0,NULL),
('','462','TRAZADO DE VÉASE-TÉRMINO DE MEDIO DE INTERPRETACIÓN','TRAZADO DE VÉASE-TÉRMINO DE MEDIO DE INTERPRETACIÓN',1,0,NULL),
('','480','TRAZADO DE VÉASE--SUBDIVISIÓN GENERAL','TRAZADO DE VÉASE--SUBDIVISIÓN GENERAL',1,0,NULL),
('','481','TRAZADO DE VÉASE--SUBDIVISIÓN GEOGRÁFICA','TRAZADO DE VÉASE--SUBDIVISIÓN GEOGRÁFICA',1,0,NULL),
('','482','TRAZADO DE VÉASE--SUBDIVISIÓN CRONOLÓGICA','TRAZADO DE VÉASE--SUBDIVISIÓN CRONOLÓGICA',1,0,NULL),
('','485','TRAZADO DE VÉASE ADEMÁS--SUBDIVISIÓN DE FORMA','TRAZADO DE VÉASE ADEMÁS--SUBDIVISIÓN DE FORMA',1,0,NULL),
('','500','TRAZADO DE VÉASE ADEMÁS--NOMBRE DE PERSONA','TRAZADO DE VÉASE ADEMÁS--NOMBRE DE PERSONA',1,0,NULL),
('','510','TRAZADO DE VÉASE ADEMÁS--NOMBRE DE ENTIDAD CORPORATIVA','TRAZADO DE VÉASE ADEMÁS--NOMBRE DE ENTIDAD CORPORATIVA',1,0,NULL),
('','511','TRAZADO DE VÉASE ADEMÁS--NOMBRE DE REUNIÓN/CONGRESO','TRAZADO DE VÉASE ADEMÁS--NOMBRE DE REUNIÓN/CONGRESO',1,0,NULL),
('','530','TRAZADO DE VÉASE ADEMÁS--TÍTULO UNIFORME','TRAZADO DE VÉASE ADEMÁS--TÍTULO UNIFORME',1,0,NULL),
('','547','TRAZADO DE VÉASE ADEMÁS--NOMBRE DEL ACONTECIMIENTO','TRAZADO DE VÉASE ADEMÁS--NOMBRE DEL ACONTECIMIENTO',1,0,NULL),
('','548','TRAZADO DE VÉASE ADEMÁS--TÉRMINO CRONOLÓGICO','TRAZADO DE VÉASE ADEMÁS--TÉRMINO CRONOLÓGICO',1,0,NULL),
('','550','TRAZADO VÉASE ADEMÁS--TÉRMINO DE MATERIA','TRAZADO VÉASE ADEMÁS--TÉRMINO DE MATERIA',1,0,NULL),
('','551','TRAZADO DE VÉASE ADEMÁS--NOMBRE GEOGRÁFICO','TRAZADO DE VÉASE ADEMÁS--NOMBRE GEOGRÁFICO',1,0,NULL),
('','553','TRAZADO DE NÚMERO VÁLIDO [FORMATO DE CLASIFICACIÓN]','TRAZADO DE NÚMERO VÁLIDO [FORMATO DE CLASIFICACIÓN]',1,0,NULL),
('','555','TRAZADO DE VÉASE ADEMÁS--TÉRMINO GÉNERO/FORMA','TRAZADO DE VÉASE ADEMÁS--TÉRMINO GÉNERO/FORMA',1,0,NULL),
('','562','TRAZADO DE VÉASE ADEMÁS-TÉRMINO DE MEDIO DE INTERPRETACIÓN','TRAZADO DE VÉASE ADEMÁS-TÉRMINO DE MEDIO DE INTERPRETACIÓN',1,0,NULL),
('','580','TRAZADO DE VÉASE ADEMÁS--SUBDIVISIÓN GENERAL','TRAZADO DE VÉASE ADEMÁS--SUBDIVISIÓN GENERAL',1,0,NULL),
('','581','TRAZADO DE VÉASE ADEMÁS--SUBDIVISIÓN GEOGRÁFICA','TRAZADO DE VÉASE ADEMÁS--SUBDIVISIÓN GEOGRÁFICA',1,0,NULL),
('','582','TRAZADO DE VÉASE ADEMÁS--SUBDIVISIÓN CRONOLÓGICA','TRAZADO DE VÉASE ADEMÁS--SUBDIVISIÓN CRONOLÓGICA',1,0,NULL),
('','585','TRAZADO DE VÉASE ADEMÁS--SUBDIVISIÓN DE FORMA','TRAZADO DE VÉASE ADEMÁS--SUBDIVISIÓN DE FORMA',1,0,NULL),
('','640','FECHAS DE PUBLICACIÓN DE SERIE Y/O DESIGNACIÓN SECUENCIAL','FECHAS DE PUBLICACIÓN DE SERIE Y/O DESIGNACIÓN SECUENCIAL',1,0,NULL),
('','641','PECULIARIDADES DE LA NUMERACIÓN EN SERIE','PECULIARIDADES DE LA NUMERACIÓN EN SERIE',1,0,NULL),
('','642','EJEMPLO DE NUMERACIÓN DE SERIE','EJEMPLO DE NUMERACIÓN DE SERIE',1,0,NULL),
('','643','LUGAR Y ENTIDAD EDITORA/EMISORA DE LA SERIE','LUGAR Y ENTIDAD EDITORA/EMISORA DE LA SERIE',1,0,NULL),
('','644','PRÁCTICA DE ANÁLISIS DE SERIE','PRÁCTICA DE ANÁLISIS DE SERIE',1,0,NULL),
('','645','PRÁCTICA EN EL TRAZADO DE SERIE','PRÁCTICA EN EL TRAZADO DE SERIE',1,0,NULL),
('','646','PRÁCTICA DE CLASIFICACIÓN DE LA SERIE','PRÁCTICA DE CLASIFICACIÓN DE LA SERIE',1,0,NULL),
('','663','REFERENCIA COMPLEJA DE VÉASE ADEMÁS--NOMBRE','REFERENCIA COMPLEJA DE VÉASE ADEMÁS--NOMBRE',0,0,NULL),
('','664','REFERENCIA COMPLEJA DE VÉASE--NOMBRE','REFERENCIA COMPLEJA DE VÉASE--NOMBRE',0,0,NULL),
('','665','REFERENCIA HISTÓRICA','REFERENCIA HISTÓRICA',0,0,NULL),
('','666','REFERENCIA EXPLICATIVA GENERAL--NOMBRE','REFERENCIA EXPLICATIVA GENERAL--NOMBRE',0,0,NULL),
('','667','NOTA GENERAL NO PÚBLICA','NOTA GENERAL NO PÚBLICA',1,0,NULL),
('','668','CARACTERES EN ALFABETO NO LATINO [OBSOLETO]','CARACTERES EN ALFABETO NO LATINO [OBSOLETO]',1,0,NULL),
('','670','FUENTE DE DATOS ENCONTRADOS','FUENTE DE DATOS ENCONTRADOS',1,0,NULL),
('','671','NOTA--OBRA CATALOGADA [OBSOLETO, SOLAMENTE CAN/MARC]','NOTA--OBRA CATALOGADA [OBSOLETO, SOLAMENTE CAN/MARC]',1,0,NULL),
('','672','TÍTULO RELACIONADO CON LA ENTIDAD','TÍTULO RELACIONADO CON LA ENTIDAD',1,0,NULL),
('','673','TÍTULO NO RELACIONADO CON LA ENTIDAD','TÍTULO NO RELACIONADO CON LA ENTIDAD',1,0,NULL),
('','675','FUENTE DE DATOS NO ENCONTRADOS','FUENTE DE DATOS NO ENCONTRADOS',0,0,NULL),
('','676','NOTA--REGLAS DE CATALOGACIÓN (NOMBRES/TÍTULOS) [OBSOLETO, SOLAMENTE CAN/MARC]','NOTA--REGLAS DE CATALOGACIÓN (NOMBRES/TÍTULOS) [OBSOLETO, SOLAMENTE CAN/MARC]',0,0,NULL),
('','677','DEFINICIÓN','DEFINICIÓN',1,0,NULL),
('','678','DATOS BIOGRÁFICOS O HISTÓRICOS','DATOS BIOGRÁFICOS O HISTÓRICOS',1,0,NULL),
('','680','NOTA GENERAL PÚBLICA','NOTA GENERAL PÚBLICA',1,0,NULL),
('','681','NOTA DE EJEMPLO DE TRAZADO DE MATERIA','NOTA DE EJEMPLO DE TRAZADO DE MATERIA',1,0,NULL),
('','682','INFORMACIÓN DE ENCABEZAMIENTO ELIMINADO','INFORMACIÓN DE ENCABEZAMIENTO ELIMINADO',0,0,NULL),
('','683','NOTA DE HISTORIAL DE SOLICITUD','NOTA DE HISTORIAL DE SOLICITUD',1,0,NULL),
('','684','NOTA DE INSTRUCCIÓN AUXILIAR [FORMATO DE CLASIFICACIÓN]','NOTA DE INSTRUCCIÓN AUXILIAR [FORMATO DE CLASIFICACIÓN]',1,0,NULL),
('','685','NOTA--FUENTE DE LOS DATOS ENCONTRADOS (MATERIA) [OBSOLETO, SOLAMENTE CAN/MARC]','NOTA--FUENTE DE LOS DATOS ENCONTRADOS (MATERIA) [OBSOLETO, SOLAMENTE CAN/MARC]',1,0,NULL),
('','686','NOTA--FUENTE DE DATOS NO ENCONTRADOS (MATERIA) [OBSOLETO, SOLAMENTE CAN/MARC]','NOTA--FUENTE DE DATOS NO ENCONTRADOS (MATERIA) [OBSOLETO, SOLAMENTE CAN/MARC]',1,0,NULL),
('','687','NOTA--USO (MATERIA) [OBSOLETO, SOLAMENTE CAN/MARC]','NOTA--USO (MATERIA) [OBSOLETO, SOLAMENTE CAN/MARC]',1,0,NULL),
('','688','NOTA DE HISTORIAL DE SOLICITUD','NOTA DE HISTORIAL DE SOLICITUD',1,0,NULL),
('','700','ENTRADA DE ENLACE DE ENCABEZAMIENTO ESTABLECIDO--NOMBRE DE PERSONA','ENTRADA DE ENLACE DE ENCABEZAMIENTO ESTABLECIDO--NOMBRE DE PERSONA',1,0,NULL),
('','710','ENTRADA DE ENLACE DE ENCABEZAMIENTO ESTABLECIDO--NOMBRE DE ENTIDAD CORPORATIVA','ENTRADA DE ENLACE DE ENCABEZAMIENTO ESTABLECIDO--NOMBRE DE ENTIDAD CORPORATIVA',1,0,NULL),
('','711','ENTRADA DE ENLACE DE ENCABEZAMIENTO ESTABLECIDO--NOMBRE DE REUNIÓN/CONGRESO','ENTRADA DE ENLACE DE ENCABEZAMIENTO ESTABLECIDO--NOMBRE DE REUNIÓN/CONGRESO',1,0,NULL),
('','730','ENTRADA DE ENLACE DE ENCABEZAMIENTO ESTABLECIDO--TÍTULO UNIFORME','ENTRADA DE ENLACE DE ENCABEZAMIENTO ESTABLECIDO--TÍTULO UNIFORME',1,0,NULL),
('','747','ENTRADA DE ENLACE DE ENCABEZAMIENTO ESTABLECIDO--NOMBRE DEL ACONTECIMIENTO','ENTRADA DE ENLACE DE ENCABEZAMIENTO ESTABLECIDO--NOMBRE DEL ACONTECIMIENTO',1,0,NULL),
('','748','ENTRADA DE ENLACE DE ENCABEZAMIENTO ESTABLECIDO--TÉRMINO CRONOLÓGICO','ENTRADA DE ENLACE DE ENCABEZAMIENTO ESTABLECIDO--TÉRMINO CRONOLÓGICO',1,0,NULL),
('','750','ENTRADA DE ENLACE DE ENCABEZAMIENTO ESTABLECIDO--TÉRMINO DE MATERIA','ENTRADA DE ENLACE DE ENCABEZAMIENTO ESTABLECIDO--TÉRMINO DE MATERIA',1,0,NULL),
('','751','ENTRADA DE ENLACE DE ENCABEZAMIENTO ESTABLECIDO--NOMBRE GEOGRÁFICO','ENTRADA DE ENLACE DE ENCABEZAMIENTO ESTABLECIDO--NOMBRE GEOGRÁFICO',1,0,NULL),
('','753','TÉRMINO DE ÍNDICE--NO CONTROLADO [FORMATO DE CLASIFICACIÓN]','TÉRMINO DE ÍNDICE--NO CONTROLADO [FORMATO DE CLASIFICACIÓN]',1,0,NULL),
('','754','TÉRMINO DEL ÍNDICE--TÉRMINOS DE MATERIA POR FACETAS [FORMATO DE CLASIFICACIÓN]','TÉRMINO DEL ÍNDICE--TÉRMINOS DE MATERIA POR FACETAS [FORMATO DE CLASIFICACIÓN]',1,0,NULL),
('','755','ENTRADA DE ENLACE DE ENCABEZAMIENTO ESTABLECIDO-–TÉRMINO DE GÉNERO/FORMA','ENTRADA DE ENLACE DE ENCABEZAMIENTO ESTABLECIDO-–TÉRMINO DE GÉNERO/FORMA',1,0,NULL),
('','761','INSTRUCCIONES SIMILARES DE AGREGAR O DIVIDIR [FORMATO DE CLASIFICACIÓN]','INSTRUCCIONES SIMILARES DE AGREGAR O DIVIDIR [FORMATO DE CLASIFICACIÓN]',1,0,NULL),
('','762','ENCABEZAMIENTO ESTABLECIDO ENTRADA DE ENLACE-TÉRMINO DE MEDIO DE INTERPRETACIÓN','ENCABEZAMIENTO ESTABLECIDO ENTRADA DE ENLACE-TÉRMINO DE MEDIO DE INTERPRETACIÓN',1,0,NULL),
('','763','SUBARREGLO INTERNO O ENTRADA DE TABLA ADHERIDA [FORMATO DE CLASIFICACIÓN]','SUBARREGLO INTERNO O ENTRADA DE TABLA ADHERIDA [FORMATO DE CLASIFICACIÓN]',1,0,NULL),
('','764','IDENTIFICACIÓN DE REGLA [FORMATO DE CLASIFICACIÓN]','IDENTIFICACIÓN DE REGLA [FORMATO DE CLASIFICACIÓN]',1,0,NULL),
('','765','COMPONENTES DE NÚMERO SINTETIZADO [FORMATO DE CLASIFICACIÓN]','COMPONENTES DE NÚMERO SINTETIZADO [FORMATO DE CLASIFICACIÓN]',1,0,NULL),
('','766','INFORMACIÓN DE TABLA SECUNDARIA [FORMATO DE CLASIFICACIÓN]','INFORMACIÓN DE TABLA SECUNDARIA [FORMATO DE CLASIFICACIÓN]',1,0,NULL),
('','768','CITACIÓN E INSTRUCCIONES EN ORDEN DE PREFERENCIA [FORMATO DE CLASIFICACIÓN]','CITACIÓN E INSTRUCCIONES EN ORDEN DE PREFERENCIA [FORMATO DE CLASIFICACIÓN]',1,0,NULL),
('','780','ENTRADA DE ENLACE DE SUBDIVISIÓN--SUBDIVISIÓN GENERAL','ENTRADA DE ENLACE DE SUBDIVISIÓN--SUBDIVISIÓN GENERAL',1,0,NULL),
('','781','ENTRADA DE ENLACE DE SUBDIVISIÓN--SUBDIVISIÓN GEOGRÁFICA','ENTRADA DE ENLACE DE SUBDIVISIÓN--SUBDIVISIÓN GEOGRÁFICA',1,0,NULL),
('','782','ENTRADA DE ENLACE DE SUBDIVISIÓN--SUBDIVISIÓN CRONOLÓGICA','ENTRADA DE ENLACE DE SUBDIVISIÓN--SUBDIVISIÓN CRONOLÓGICA',1,0,NULL),
('','785','ENTRADA DE ENLACE DE SUBDIVISIÓN--SUBDIVISIÓN DE FORMA','ENTRADA DE ENLACE DE SUBDIVISIÓN--SUBDIVISIÓN DE FORMA',1,0,NULL),
('','788','DATOS DE ENTRADA DE ENLACE COMPLEJO','DATOS DE ENTRADA DE ENLACE COMPLEJO',0,0,NULL),
('','856','LOCALIZACIÓN Y ACCESO ELECTRÓNICOS','LOCALIZACIÓN Y ACCESO ELECTRÓNICOS',1,0,NULL),
('','880','REPRESENTACIÓN GRÁFICA ALTERNATIVA','REPRESENTACIÓN GRÁFICA ALTERNATIVA',1,0,NULL),
('','883','PROCEDENCIA DE LOS METADATOS GENERADOS POR ORDENADOR','PROCEDENCIA DE LOS METADATOS GENERADOS POR ORDENADOR',1,0,NULL),
('','884','Información sobre la conversión de la descripción','Información sobre la conversión de la descripción',1,0,NULL),
('','885','INFORMACIÓN DE REGISTROS COINCIDENTES','INFORMACIÓN DE REGISTROS COINCIDENTES',1,0,NULL),
('','942','USO INTERNO DE KOHA','USO INTERNO DE KOHA',0,1,NULL),
('CHRON_TERM','000','LEADER','LEADER',0,1,NULL),
('CHRON_TERM','001','NÚMERO DE CONTROL','NÚMERO DE CONTROL',0,1,NULL),
('CHRON_TERM','003','IDENTIFICADOR DE NÚMERO DE CONTROL','IDENTIFICADOR DE NÚMERO DE CONTROL',0,1,NULL),
('CHRON_TERM','005','FECHA Y HORA DE LA ÚLTIMA TRANSACCIÓN','FECHA Y HORA DE LA ÚLTIMA TRANSACCIÓN',0,1,NULL),
('CHRON_TERM','008','ELEMENTOS DE DATO DE LONGITUD-FIJA','ELEMENTOS DE DATO DE LONGITUD-FIJA',0,1,NULL),
('CHRON_TERM','010','NÚMERO DE CONTROL DE LA BIBLIOTECA DEL CONGRESO','NÚMERO DE CONTROL DE LA BIBLIOTECA DEL CONGRESO',0,0,NULL),
('CHRON_TERM','016','NÚMERO DE CONTROL DE UNA AGENCIA BIBLIOGRÁFICA NACIONAL','NÚMERO DE CONTROL DE UNA AGENCIA BIBLIOGRÁFICA NACIONAL',1,0,NULL),
('CHRON_TERM','024','IDENTIFICADOR DE OTROS ESTÁNDARES','IDENTIFICADOR DE OTROS ESTÁNDARES',1,0,NULL),
('CHRON_TERM','034','DATOS MATEMÁTICOS CARTOGRÁFICOS CODIFICADOS','DATOS MATEMÁTICOS CARTOGRÁFICOS CODIFICADOS',1,0,NULL),
('CHRON_TERM','035','NÚMERO DE CONTROL DEL SISTEMA','NÚMERO DE CONTROL DEL SISTEMA',1,0,NULL),
('CHRON_TERM','040','FUENTE DE CATALOGACIÓN','FUENTE DE CATALOGACIÓN',0,1,NULL),
('CHRON_TERM','042','CÓDIGO DE AUTENTICACIÓN','CÓDIGO DE AUTENTICACIÓN',0,0,NULL),
('CHRON_TERM','043','CÓDIGO DE ÁREA GEOGRÁFICA','CÓDIGO DE ÁREA GEOGRÁFICA',0,0,NULL),
('CHRON_TERM','045','PERIODO DE TIEMPO DEL ENCABEZAMIENTO','PERIODO DE TIEMPO DEL ENCABEZAMIENTO',0,0,NULL),
('CHRON_TERM','046','FECHAS CON CODIFICACIÓN ESPECIAL','FECHAS CON CODIFICACIÓN ESPECIAL',1,0,NULL),
('CHRON_TERM','050','SIGNATURA TOPOGRÁFICA DE LA BIBLIOTECA DEL CONGRESO','SIGNATURA TOPOGRÁFICA DE LA BIBLIOTECA DEL CONGRESO',1,0,NULL),
('CHRON_TERM','052','CLASIFICACIÓN GEOGRÁFICA','CLASIFICACIÓN GEOGRÁFICA',1,0,NULL),
('CHRON_TERM','053','NÚMERO DE CLASIFICACIÓN LC','NÚMERO DE CLASIFICACIÓN LC',1,0,NULL),
('CHRON_TERM','055','SIGNATURA TOPOGRÁFICA DE BIBLIOTECAS Y ARCHIVOS DE CANADÁ','SIGNATURA TOPOGRÁFICA DE BIBLIOTECAS Y ARCHIVOS DE CANADÁ',1,0,NULL),
('CHRON_TERM','060','SIGNATURA TOPOGRÁFICA DE LA NATIONAL LIBRARY OF MEDICINE','SIGNATURA TOPOGRÁFICA DE LA NATIONAL LIBRARY OF MEDICINE',1,0,NULL),
('CHRON_TERM','065','OTRO NÚMERO DE CLASIFICACIÓN','OTRO NÚMERO DE CLASIFICACIÓN',1,0,NULL),
('CHRON_TERM','066','JUEGOS/CONJUNTO DE CARACTERES UTILIZADOS/PRESENTES','JUEGOS/CONJUNTO DE CARACTERES UTILIZADOS/PRESENTES',0,0,NULL),
('CHRON_TERM','070','SIGNATURA TOPOGRÁFICA DE LA NATIONAL AGRICULTURAL LIBRARY','SIGNATURA TOPOGRÁFICA DE LA NATIONAL AGRICULTURAL LIBRARY',1,0,NULL),
('CHRON_TERM','072','CÓDIGO DE CATEGORÍA DE MATERIA','CÓDIGO DE CATEGORÍA DE MATERIA',1,0,NULL),
('CHRON_TERM','073','USO DE SUBDIVISIÓN','USO DE SUBDIVISIÓN',0,0,NULL),
('CHRON_TERM','075','TIPO DE ENTIDAD','TIPO DE ENTIDAD',1,0,NULL),
('CHRON_TERM','080','NÚMERO DE LA CLASIFICACIÓN DECIMAL UNIVERSAL','NÚMERO DE LA CLASIFICACIÓN DECIMAL UNIVERSAL',1,0,NULL),
('CHRON_TERM','082','SIGNATURA TOPOGRÁFICA DECIMAL DEWEY','SIGNATURA TOPOGRÁFICA DECIMAL DEWEY',1,0,NULL),
('CHRON_TERM','083','NÚMERO DE LA CLASIFICACIÓN DECIMAL DEWEY','NÚMERO DE LA CLASIFICACIÓN DECIMAL DEWEY',1,0,NULL),
('CHRON_TERM','086','SIGNATURA TOPOGRÁFICA PARA DOCUMENTOS GUBERNAMENTALES','SIGNATURA TOPOGRÁFICA PARA DOCUMENTOS GUBERNAMENTALES',1,0,NULL),
('CHRON_TERM','087','NÚMERO DE CLASIFICACIÓN PARA DOCUMENTOS GUBERNAMENTALES','NÚMERO DE CLASIFICACIÓN PARA DOCUMENTOS GUBERNAMENTALES',1,0,NULL),
('CHRON_TERM','090','SIGNATURA TOPOGRÁFICA LOCAL (SERIE) [OBSOLETO]; LOCALMENTE ASIGNADO TIPO-LC SIGNATURA TOPOGRÁFICA (OCLC); SIGNATURA TOPOGRÁFICA LOCAL (RLIN)','SIGNATURA TOPOGRÁFICA LOCAL (SERIE) [OBSOLETO]; LOCALMENTE ASIGNADO TIPO-LC SIGNATURA TOPOGRÁFICA (OCLC); SIGNATURA TOPOGRÁFICA LOCAL (RLIN)',1,0,NULL),
('CHRON_TERM','091','LOCALMENTE ASIGNADO TIPO-LC NÚMERO DE CLASIFICACIÓN (OCLC); NÚMERO DE CLASIFICACIÓN LOCAL (RLIN)','LOCALMENTE ASIGNADO TIPO-LC NÚMERO DE CLASIFICACIÓN (OCLC); NÚMERO DE CLASIFICACIÓN LOCAL (RLIN)',0,0,NULL),
('CHRON_TERM','092','ASIGNACIÓN LOCAL DE SIGNATURA TOPOGRÁFICA DEWEY (OCLC)','ASIGNACIÓN LOCAL DE SIGNATURA TOPOGRÁFICA DEWEY (OCLC)',1,0,NULL),
('CHRON_TERM','093','ASIGNACIÓN LOCAL DEL NÚMERO DE CLASIFICACIÓN DEWEY (OCLC)','ASIGNACIÓN LOCAL DEL NÚMERO DE CLASIFICACIÓN DEWEY (OCLC)',1,0,NULL),
('CHRON_TERM','096','ASIGNACIÓN LOCAL TIPO-NLM SIGNATURA TOPOGRÁFICA (OCLC)','ASIGNACIÓN LOCAL TIPO-NLM SIGNATURA TOPOGRÁFICA (OCLC)',1,0,NULL),
('CHRON_TERM','097','ASIGNACIÓN LOCAL TIPO-NLM NÚMERO DE CLASIFICACIÓN (OCLC)','ASIGNACIÓN LOCAL TIPO-NLM NÚMERO DE CLASIFICACIÓN (OCLC)',1,0,NULL),
('CHRON_TERM','098','OTROS ESQUEMAS DE CLASIFICACIÓN (OCLC)','OTROS ESQUEMAS DE CLASIFICACIÓN (OCLC)',1,0,NULL),
('CHRON_TERM','099','TEXTO-LIBRO SIGNATURA TOPOGRÁFICA LOCAL (OCLC)','TEXTO-LIBRO SIGNATURA TOPOGRÁFICA LOCAL (OCLC)',1,0,NULL),
('CHRON_TERM','148','ENCABEZAMIENTO--TÉRMINO CRONOLÓGICO','ENCABEZAMIENTO--TÉRMINO CRONOLÓGICO',0,1,NULL),
('CHRON_TERM','182','ENCABEZAMIENTO--SUBDIVISIÓN CRONOLÓGICA','ENCABEZAMIENTO--SUBDIVISIÓN CRONOLÓGICA',0,0,NULL),
('CHRON_TERM','260','REFERENCIA COMPLEJA DE VÉASE--MATERIA','REFERENCIA COMPLEJA DE VÉASE--MATERIA',1,0,NULL),
('CHRON_TERM','336','TIPO DE CONTENIDO','TIPO DE CONTENIDO',1,0,NULL),
('CHRON_TERM','348','Formato de la música notada','Formato de la música notada',1,0,NULL),
('CHRON_TERM','360','REFERENCIA COMPLEJA DE VÉASE ADEMÁS-MATERIA','REFERENCIA COMPLEJA DE VÉASE ADEMÁS-MATERIA',1,0,NULL),
('CHRON_TERM','368','OTROS ATRIBUTOS DE PERSONA O ENTIDAD CORPORATIVA','OTROS ATRIBUTOS DE PERSONA O ENTIDAD CORPORATIVA',1,0,NULL),
('CHRON_TERM','370','LUGAR ASOCIADO','LUGAR ASOCIADO',1,0,NULL),
('CHRON_TERM','371','DIRECCIÓN','DIRECCIÓN',1,0,NULL),
('CHRON_TERM','372','CAMPO DE ACTIVIDAD','CAMPO DE ACTIVIDAD',1,0,NULL),
('CHRON_TERM','373','GRUPO ASOCIADO','GRUPO ASOCIADO',1,0,NULL),
('CHRON_TERM','374','OCUPACIÓN','OCUPACIÓN',1,0,NULL),
('CHRON_TERM','375','GÉNERO/SEXO','GÉNERO/SEXO',1,0,NULL),
('CHRON_TERM','376','INFORMACIÓN DE FAMILIA','INFORMACIÓN DE FAMILIA',1,0,NULL),
('CHRON_TERM','377','IDIOMA ASOCIADO','IDIOMA ASOCIADO',1,0,NULL),
('CHRON_TERM','378','FORMA COMPLETA/DESARROLLADA DEL NOMBRE','FORMA COMPLETA/DESARROLLADA DEL NOMBRE',0,0,NULL),
('CHRON_TERM','380','FORMA DE LA OBRA','FORMA DE LA OBRA',1,0,NULL),
('CHRON_TERM','381','OTRAS CARACTERÍSTICAS DISTINTIVAS DE OBRA O EXPRESIÓN','OTRAS CARACTERÍSTICAS DISTINTIVAS DE OBRA O EXPRESIÓN',1,0,NULL),
('CHRON_TERM','382','MEDIO DE INTERPRETACIÓN','MEDIO DE INTERPRETACIÓN',1,0,NULL),
('CHRON_TERM','383','DESIGNACIÓN NUMÉRICA DE OBRA MUSICAL','DESIGNACIÓN NUMÉRICA DE OBRA MUSICAL',1,0,NULL),
('CHRON_TERM','384','TONALIDAD/CLAVE','TONALIDAD/CLAVE',0,0,NULL),
('CHRON_TERM','385','CARACTERÍSTICAS DE LA AUDIENCIA','CARACTERÍSTICAS DE LA AUDIENCIA',1,0,NULL),
('CHRON_TERM','386','CARACTERÍSTICAS DEL CREADOR/COLABORADOR','CARACTERÍSTICAS DEL CREADOR/COLABORADOR',1,0,NULL),
('CHRON_TERM','388','PERIODO TEMPORAL DE CREACIÓN','PERIODO TEMPORAL DE CREACIÓN',1,0,NULL),
('CHRON_TERM','400','TRAZADO DE VÉASE--NOMBRE DE PERSONA','TRAZADO DE VÉASE--NOMBRE DE PERSONA',1,0,NULL),
('CHRON_TERM','410','TRAZADO DE VÉASE--NOMBRE DE ENTIDAD CORPORATIVA','TRAZADO DE VÉASE--NOMBRE DE ENTIDAD CORPORATIVA',1,0,NULL),
('CHRON_TERM','411','TRAZADO DE VÉASE--NOMBRE DE CONGRESO/REUNIÓN','TRAZADO DE VÉASE--NOMBRE DE CONGRESO/REUNIÓN',1,0,NULL),
('CHRON_TERM','430','TRAZADO DE VÉASE--TÍTULO UNIFORME','TRAZADO DE VÉASE--TÍTULO UNIFORME',1,0,NULL),
('CHRON_TERM','447','TRAZADO DE VÉASE--NOMBRE DEL ACONTECIMIENTO','TRAZADO DE VÉASE--NOMBRE DEL ACONTECIMIENTO',1,0,NULL),
('CHRON_TERM','448','TRAZADO DE VÉASE--TÉRMINO CRONOLÓGICO','TRAZADO DE VÉASE--TÉRMINO CRONOLÓGICO',1,0,NULL),
('CHRON_TERM','450','TRAZADO DE VÉASE--TÉRMINO DE MATERIA','TRAZADO DE VÉASE--TÉRMINO DE MATERIA',1,0,NULL),
('CHRON_TERM','451','TRAZADO DE VÉASE--NOMBRE GEOGRÁFICO','TRAZADO DE VÉASE--NOMBRE GEOGRÁFICO',1,0,NULL),
('CHRON_TERM','455','TRAZADO DE VÉASE--TÉRMINO GÉNERO/FORMA','TRAZADO DE VÉASE--TÉRMINO GÉNERO/FORMA',1,0,NULL),
('CHRON_TERM','462','TRAZADO DE VÉASE-TÉRMINO DE MEDIO DE INTERPRETACIÓN','TRAZADO DE VÉASE-TÉRMINO DE MEDIO DE INTERPRETACIÓN',1,0,NULL),
('CHRON_TERM','480','TRAZADO DE VÉASE--SUBDIVISIÓN GENERAL','TRAZADO DE VÉASE--SUBDIVISIÓN GENERAL',1,0,NULL),
('CHRON_TERM','481','TRAZADO DE VÉASE--SUBDIVISIÓN GEOGRÁFICA','TRAZADO DE VÉASE--SUBDIVISIÓN GEOGRÁFICA',1,0,NULL),
('CHRON_TERM','482','TRAZADO DE VÉASE--SUBDIVISIÓN CRONOLÓGICA','TRAZADO DE VÉASE--SUBDIVISIÓN CRONOLÓGICA',1,0,NULL),
('CHRON_TERM','485','TRAZADO DE VÉASE ADEMÁS--SUBDIVISIÓN DE FORMA','TRAZADO DE VÉASE ADEMÁS--SUBDIVISIÓN DE FORMA',1,0,NULL),
('CHRON_TERM','500','TRAZADO DE VÉASE ADEMÁS--NOMBRE DE PERSONA','TRAZADO DE VÉASE ADEMÁS--NOMBRE DE PERSONA',1,0,NULL),
('CHRON_TERM','510','TRAZADO DE VÉASE ADEMÁS--NOMBRE DE ENTIDAD CORPORATIVA','TRAZADO DE VÉASE ADEMÁS--NOMBRE DE ENTIDAD CORPORATIVA',1,0,NULL),
('CHRON_TERM','511','TRAZADO DE VÉASE ADEMÁS--NOMBRE DE REUNIÓN/CONGRESO','TRAZADO DE VÉASE ADEMÁS--NOMBRE DE REUNIÓN/CONGRESO',1,0,NULL),
('CHRON_TERM','530','TRAZADO DE VÉASE ADEMÁS--TÍTULO UNIFORME','TRAZADO DE VÉASE ADEMÁS--TÍTULO UNIFORME',1,0,NULL),
('CHRON_TERM','547','TRAZADO DE VÉASE ADEMÁS--NOMBRE DEL ACONTECIMIENTO','TRAZADO DE VÉASE ADEMÁS--NOMBRE DEL ACONTECIMIENTO',1,0,NULL),
('CHRON_TERM','548','TRAZADO DE VÉASE ADEMÁS--TÉRMINO CRONOLÓGICO','TRAZADO DE VÉASE ADEMÁS--TÉRMINO CRONOLÓGICO',1,0,NULL),
('CHRON_TERM','550','TRAZADO VÉASE ADEMÁS--TÉRMINO DE MATERIA','TRAZADO VÉASE ADEMÁS--TÉRMINO DE MATERIA',1,0,NULL),
('CHRON_TERM','551','TRAZADO DE VÉASE ADEMÁS--NOMBRE GEOGRÁFICO','TRAZADO DE VÉASE ADEMÁS--NOMBRE GEOGRÁFICO',1,0,NULL),
('CHRON_TERM','555','TRAZADO DE VÉASE ADEMÁS--TÉRMINO GÉNERO/FORMA','TRAZADO DE VÉASE ADEMÁS--TÉRMINO GÉNERO/FORMA',1,0,NULL),
('CHRON_TERM','562','TRAZADO DE VÉASE ADEMÁS-TÉRMINO DE MEDIO DE INTERPRETACIÓN','TRAZADO DE VÉASE ADEMÁS-TÉRMINO DE MEDIO DE INTERPRETACIÓN',1,0,NULL),
('CHRON_TERM','580','TRAZADO DE VÉASE ADEMÁS--SUBDIVISIÓN GENERAL','TRAZADO DE VÉASE ADEMÁS--SUBDIVISIÓN GENERAL',1,0,NULL),
('CHRON_TERM','581','TRAZADO DE VÉASE ADEMÁS--SUBDIVISIÓN GEOGRÁFICA','TRAZADO DE VÉASE ADEMÁS--SUBDIVISIÓN GEOGRÁFICA',1,0,NULL),
('CHRON_TERM','582','TRAZADO DE VÉASE ADEMÁS--SUBDIVISIÓN CRONOLÓGICA','TRAZADO DE VÉASE ADEMÁS--SUBDIVISIÓN CRONOLÓGICA',1,0,NULL),
('CHRON_TERM','585','TRAZADO DE VÉASE ADEMÁS--SUBDIVISIÓN DE FORMA','TRAZADO DE VÉASE ADEMÁS--SUBDIVISIÓN DE FORMA',1,0,NULL),
('CHRON_TERM','663','REFERENCIA COMPLEJA DE VÉASE ADEMÁS--NOMBRE','REFERENCIA COMPLEJA DE VÉASE ADEMÁS--NOMBRE',0,0,NULL),
('CHRON_TERM','664','REFERENCIA COMPLEJA DE VÉASE--NOMBRE','REFERENCIA COMPLEJA DE VÉASE--NOMBRE',0,0,NULL),
('CHRON_TERM','665','REFERENCIA HISTÓRICA','REFERENCIA HISTÓRICA',0,0,NULL),
('CHRON_TERM','666','REFERENCIA EXPLICATIVA GENERAL--NOMBRE','REFERENCIA EXPLICATIVA GENERAL--NOMBRE',0,0,NULL),
('CHRON_TERM','667','NOTA GENERAL NO PÚBLICA','NOTA GENERAL NO PÚBLICA',1,0,NULL),
('CHRON_TERM','670','FUENTE DE DATOS ENCONTRADOS','FUENTE DE DATOS ENCONTRADOS',1,0,NULL),
('CHRON_TERM','672','TÍTULO RELACIONADO CON LA ENTIDAD','TÍTULO RELACIONADO CON LA ENTIDAD',1,0,NULL),
('CHRON_TERM','673','TÍTULO NO RELACIONADO CON LA ENTIDAD','TÍTULO NO RELACIONADO CON LA ENTIDAD',1,0,NULL),
('CHRON_TERM','675','FUENTE DE DATOS NO ENCONTRADOS','FUENTE DE DATOS NO ENCONTRADOS',0,0,NULL),
('CHRON_TERM','677','DEFINICIÓN','DEFINICIÓN',1,0,NULL),
('CHRON_TERM','678','DATOS BIOGRÁFICOS O HISTÓRICOS','DATOS BIOGRÁFICOS O HISTÓRICOS',1,0,NULL),
('CHRON_TERM','680','NOTA GENERAL PÚBLICA','NOTA GENERAL PÚBLICA',1,0,NULL),
('CHRON_TERM','681','NOTA DE EJEMPLO DE TRAZADO DE MATERIA','NOTA DE EJEMPLO DE TRAZADO DE MATERIA',1,0,NULL),
('CHRON_TERM','682','INFORMACIÓN DE ENCABEZAMIENTO ELIMINADO','INFORMACIÓN DE ENCABEZAMIENTO ELIMINADO',0,0,NULL),
('CHRON_TERM','683','NOTA DE HISTORIAL DE SOLICITUD','NOTA DE HISTORIAL DE SOLICITUD',1,0,NULL),
('CHRON_TERM','688','NOTA DE HISTORIAL DE SOLICITUD','NOTA DE HISTORIAL DE SOLICITUD',1,0,NULL),
('CHRON_TERM','700','ENTRADA DE ENLACE DE ENCABEZAMIENTO ESTABLECIDO--NOMBRE DE PERSONA','ENTRADA DE ENLACE DE ENCABEZAMIENTO ESTABLECIDO--NOMBRE DE PERSONA',1,0,NULL),
('CHRON_TERM','710','ENTRADA DE ENLACE DE ENCABEZAMIENTO ESTABLECIDO--NOMBRE DE ENTIDAD CORPORATIVA','ENTRADA DE ENLACE DE ENCABEZAMIENTO ESTABLECIDO--NOMBRE DE ENTIDAD CORPORATIVA',1,0,NULL),
('CHRON_TERM','711','ENTRADA DE ENLACE DE ENCABEZAMIENTO ESTABLECIDO--NOMBRE DE REUNIÓN/CONGRESO','ENTRADA DE ENLACE DE ENCABEZAMIENTO ESTABLECIDO--NOMBRE DE REUNIÓN/CONGRESO',1,0,NULL),
('CHRON_TERM','730','ENTRADA DE ENLACE DE ENCABEZAMIENTO ESTABLECIDO--TÍTULO UNIFORME','ENTRADA DE ENLACE DE ENCABEZAMIENTO ESTABLECIDO--TÍTULO UNIFORME',1,0,NULL),
('CHRON_TERM','747','ENTRADA DE ENLACE DE ENCABEZAMIENTO ESTABLECIDO--NOMBRE DEL ACONTECIMIENTO','ENTRADA DE ENLACE DE ENCABEZAMIENTO ESTABLECIDO--NOMBRE DEL ACONTECIMIENTO',1,0,NULL),
('CHRON_TERM','748','ENTRADA DE ENLACE DE ENCABEZAMIENTO ESTABLECIDO--TÉRMINO CRONOLÓGICO','ENTRADA DE ENLACE DE ENCABEZAMIENTO ESTABLECIDO--TÉRMINO CRONOLÓGICO',1,0,NULL),
('CHRON_TERM','750','ENTRADA DE ENLACE DE ENCABEZAMIENTO ESTABLECIDO--TÉRMINO DE MATERIA','ENTRADA DE ENLACE DE ENCABEZAMIENTO ESTABLECIDO--TÉRMINO DE MATERIA',1,0,NULL),
('CHRON_TERM','751','ENTRADA DE ENLACE DE ENCABEZAMIENTO ESTABLECIDO--NOMBRE GEOGRÁFICO','ENTRADA DE ENLACE DE ENCABEZAMIENTO ESTABLECIDO--NOMBRE GEOGRÁFICO',1,0,NULL),
('CHRON_TERM','755','ENTRADA DE ENLACE DE ENCABEZAMIENTO ESTABLECIDO-–TÉRMINO DE GÉNERO/FORMA','ENTRADA DE ENLACE DE ENCABEZAMIENTO ESTABLECIDO-–TÉRMINO DE GÉNERO/FORMA',1,0,NULL),
('CHRON_TERM','762','ENCABEZAMIENTO ESTABLECIDO ENTRADA DE ENLACE-TÉRMINO DE MEDIO DE INTERPRETACIÓN','ENCABEZAMIENTO ESTABLECIDO ENTRADA DE ENLACE-TÉRMINO DE MEDIO DE INTERPRETACIÓN',1,0,NULL),
('CHRON_TERM','780','ENTRADA DE ENLACE DE SUBDIVISIÓN--SUBDIVISIÓN GENERAL','ENTRADA DE ENLACE DE SUBDIVISIÓN--SUBDIVISIÓN GENERAL',1,0,NULL),
('CHRON_TERM','781','ENTRADA DE ENLACE DE SUBDIVISIÓN--SUBDIVISIÓN GEOGRÁFICA','ENTRADA DE ENLACE DE SUBDIVISIÓN--SUBDIVISIÓN GEOGRÁFICA',1,0,NULL),
('CHRON_TERM','782','ENTRADA DE ENLACE DE SUBDIVISIÓN--SUBDIVISIÓN CRONOLÓGICA','ENTRADA DE ENLACE DE SUBDIVISIÓN--SUBDIVISIÓN CRONOLÓGICA',1,0,NULL),
('CHRON_TERM','785','ENTRADA DE ENLACE DE SUBDIVISIÓN--SUBDIVISIÓN DE FORMA','ENTRADA DE ENLACE DE SUBDIVISIÓN--SUBDIVISIÓN DE FORMA',1,0,NULL),
('CHRON_TERM','788','DATOS DE ENTRADA DE ENLACE COMPLEJO','DATOS DE ENTRADA DE ENLACE COMPLEJO',0,0,NULL),
('CHRON_TERM','856','LOCALIZACIÓN Y ACCESO ELECTRÓNICOS','LOCALIZACIÓN Y ACCESO ELECTRÓNICOS',1,0,NULL),
('CHRON_TERM','880','REPRESENTACIÓN GRÁFICA ALTERNATIVA','REPRESENTACIÓN GRÁFICA ALTERNATIVA',1,0,NULL),
('CHRON_TERM','883','PROCEDENCIA DE LOS METADATOS GENERADOS POR ORDENADOR','PROCEDENCIA DE LOS METADATOS GENERADOS POR ORDENADOR',1,0,NULL),
('CHRON_TERM','884','Información sobre la conversión de la descripción','Información sobre la conversión de la descripción',1,0,NULL),
('CHRON_TERM','885','INFORMACIÓN DE REGISTROS COINCIDENTES','INFORMACIÓN DE REGISTROS COINCIDENTES',1,0,NULL),
('CHRON_TERM','942','USO INTERNO DE KOHA','USO INTERNO DE KOHA',0,1,NULL),
('CORPO_NAME','000','LEADER','LEADER',0,1,NULL),
('CORPO_NAME','001','NÚMERO DE CONTROL','NÚMERO DE CONTROL',0,1,NULL),
('CORPO_NAME','003','IDENTIFICADOR DE NÚMERO DE CONTROL','IDENTIFICADOR DE NÚMERO DE CONTROL',0,1,NULL),
('CORPO_NAME','005','FECHA Y HORA DE LA ÚLTIMA TRANSACCIÓN','FECHA Y HORA DE LA ÚLTIMA TRANSACCIÓN',0,1,NULL),
('CORPO_NAME','008','ELEMENTOS DE DATO DE LONGITUD-FIJA','ELEMENTOS DE DATO DE LONGITUD-FIJA',0,1,NULL),
('CORPO_NAME','010','NÚMERO DE CONTROL DE LA BIBLIOTECA DEL CONGRESO','NÚMERO DE CONTROL DE LA BIBLIOTECA DEL CONGRESO',0,0,NULL),
('CORPO_NAME','014','ENLACE AL REGISTRO BIBLIOGRÁFICO PARA PUBLICACIÓN SERIADA O ÍTEM EN VARIAS PARTES','ENLACE AL REGISTRO BIBLIOGRÁFICO PARA PUBLICACIÓN SERIADA O ÍTEM EN VARIAS PARTES',1,0,NULL),
('CORPO_NAME','016','NÚMERO DE CONTROL DE UNA AGENCIA BIBLIOGRÁFICA NACIONAL','NÚMERO DE CONTROL DE UNA AGENCIA BIBLIOGRÁFICA NACIONAL',1,0,NULL),
('CORPO_NAME','020','NÚMERO INTERNACIONAL ESTÁNDAR DEL LIBRO','NÚMERO INTERNACIONAL ESTÁNDAR DEL LIBRO',1,0,NULL),
('CORPO_NAME','022','NÚMERO INTERNACIONAL NORMALIZADO PARA PUBLICACIONES SERIADAS','NÚMERO INTERNACIONAL NORMALIZADO PARA PUBLICACIONES SERIADAS',1,0,NULL),
('CORPO_NAME','024','IDENTIFICADOR DE OTROS ESTÁNDARES','IDENTIFICADOR DE OTROS ESTÁNDARES',1,0,NULL),
('CORPO_NAME','031','INFORMACIÓN DE LOS ÍNCIPITS MUSICALES','INFORMACIÓN DE LOS ÍNCIPITS MUSICALES',1,0,NULL),
('CORPO_NAME','035','NÚMERO DE CONTROL DEL SISTEMA','NÚMERO DE CONTROL DEL SISTEMA',1,0,NULL),
('CORPO_NAME','040','FUENTE DE CATALOGACIÓN','FUENTE DE CATALOGACIÓN',0,1,NULL),
('CORPO_NAME','042','CÓDIGO DE AUTENTICACIÓN','CÓDIGO DE AUTENTICACIÓN',0,0,NULL),
('CORPO_NAME','043','CÓDIGO DE ÁREA GEOGRÁFICA','CÓDIGO DE ÁREA GEOGRÁFICA',0,0,NULL),
('CORPO_NAME','045','PERIODO DE TIEMPO DEL ENCABEZAMIENTO','PERIODO DE TIEMPO DEL ENCABEZAMIENTO',0,0,NULL),
('CORPO_NAME','046','FECHAS CON CODIFICACIÓN ESPECIAL','FECHAS CON CODIFICACIÓN ESPECIAL',1,0,NULL),
('CORPO_NAME','050','SIGNATURA TOPOGRÁFICA DE LA BIBLIOTECA DEL CONGRESO','SIGNATURA TOPOGRÁFICA DE LA BIBLIOTECA DEL CONGRESO',1,0,NULL),
('CORPO_NAME','052','CLASIFICACIÓN GEOGRÁFICA','CLASIFICACIÓN GEOGRÁFICA',1,0,NULL),
('CORPO_NAME','053','NÚMERO DE CLASIFICACIÓN LC','NÚMERO DE CLASIFICACIÓN LC',1,0,NULL),
('CORPO_NAME','055','SIGNATURA TOPOGRÁFICA DE BIBLIOTECAS Y ARCHIVOS DE CANADÁ','SIGNATURA TOPOGRÁFICA DE BIBLIOTECAS Y ARCHIVOS DE CANADÁ',1,0,NULL),
('CORPO_NAME','060','SIGNATURA TOPOGRÁFICA DE LA NATIONAL LIBRARY OF MEDICINE','SIGNATURA TOPOGRÁFICA DE LA NATIONAL LIBRARY OF MEDICINE',1,0,NULL),
('CORPO_NAME','065','OTRO NÚMERO DE CLASIFICACIÓN','OTRO NÚMERO DE CLASIFICACIÓN',1,0,NULL),
('CORPO_NAME','066','JUEGOS/CONJUNTO DE CARACTERES UTILIZADOS/PRESENTES','JUEGOS/CONJUNTO DE CARACTERES UTILIZADOS/PRESENTES',0,0,NULL),
('CORPO_NAME','070','SIGNATURA TOPOGRÁFICA DE LA NATIONAL AGRICULTURAL LIBRARY','SIGNATURA TOPOGRÁFICA DE LA NATIONAL AGRICULTURAL LIBRARY',1,0,NULL),
('CORPO_NAME','072','CÓDIGO DE CATEGORÍA DE MATERIA','CÓDIGO DE CATEGORÍA DE MATERIA',1,0,NULL),
('CORPO_NAME','073','USO DE SUBDIVISIÓN','USO DE SUBDIVISIÓN',0,0,NULL),
('CORPO_NAME','075','TIPO DE ENTIDAD','TIPO DE ENTIDAD',1,0,NULL),
('CORPO_NAME','080','NÚMERO DE LA CLASIFICACIÓN DECIMAL UNIVERSAL','NÚMERO DE LA CLASIFICACIÓN DECIMAL UNIVERSAL',1,0,NULL),
('CORPO_NAME','082','SIGNATURA TOPOGRÁFICA DECIMAL DEWEY','SIGNATURA TOPOGRÁFICA DECIMAL DEWEY',1,0,NULL),
('CORPO_NAME','083','NÚMERO DE LA CLASIFICACIÓN DECIMAL DEWEY','NÚMERO DE LA CLASIFICACIÓN DECIMAL DEWEY',1,0,NULL),
('CORPO_NAME','086','SIGNATURA TOPOGRÁFICA PARA DOCUMENTOS GUBERNAMENTALES','SIGNATURA TOPOGRÁFICA PARA DOCUMENTOS GUBERNAMENTALES',1,0,NULL),
('CORPO_NAME','087','NÚMERO DE CLASIFICACIÓN PARA DOCUMENTOS GUBERNAMENTALES','NÚMERO DE CLASIFICACIÓN PARA DOCUMENTOS GUBERNAMENTALES',1,0,NULL),
('CORPO_NAME','090','SIGNATURA TOPOGRÁFICA LOCAL (SERIE) [OBSOLETO]; LOCALMENTE ASIGNADO TIPO-LC SIGNATURA TOPOGRÁFICA (OCLC); SIGNATURA TOPOGRÁFICA LOCAL (RLIN)','SIGNATURA TOPOGRÁFICA LOCAL (SERIE) [OBSOLETO]; LOCALMENTE ASIGNADO TIPO-LC SIGNATURA TOPOGRÁFICA (OCLC); SIGNATURA TOPOGRÁFICA LOCAL (RLIN)',1,0,NULL),
('CORPO_NAME','091','LOCALMENTE ASIGNADO TIPO-LC NÚMERO DE CLASIFICACIÓN (OCLC); NÚMERO DE CLASIFICACIÓN LOCAL (RLIN)','LOCALMENTE ASIGNADO TIPO-LC NÚMERO DE CLASIFICACIÓN (OCLC); NÚMERO DE CLASIFICACIÓN LOCAL (RLIN)',0,0,NULL),
('CORPO_NAME','092','ASIGNACIÓN LOCAL DE SIGNATURA TOPOGRÁFICA DEWEY (OCLC)','ASIGNACIÓN LOCAL DE SIGNATURA TOPOGRÁFICA DEWEY (OCLC)',1,0,NULL),
('CORPO_NAME','093','ASIGNACIÓN LOCAL DEL NÚMERO DE CLASIFICACIÓN DEWEY (OCLC)','ASIGNACIÓN LOCAL DEL NÚMERO DE CLASIFICACIÓN DEWEY (OCLC)',1,0,NULL),
('CORPO_NAME','096','ASIGNACIÓN LOCAL TIPO-NLM SIGNATURA TOPOGRÁFICA (OCLC)','ASIGNACIÓN LOCAL TIPO-NLM SIGNATURA TOPOGRÁFICA (OCLC)',1,0,NULL),
('CORPO_NAME','097','ASIGNACIÓN LOCAL TIPO-NLM NÚMERO DE CLASIFICACIÓN (OCLC)','ASIGNACIÓN LOCAL TIPO-NLM NÚMERO DE CLASIFICACIÓN (OCLC)',1,0,NULL),
('CORPO_NAME','098','OTROS ESQUEMAS DE CLASIFICACIÓN (OCLC)','OTROS ESQUEMAS DE CLASIFICACIÓN (OCLC)',1,0,NULL),
('CORPO_NAME','099','TEXTO-LIBRO SIGNATURA TOPOGRÁFICA LOCAL (OCLC)','TEXTO-LIBRO SIGNATURA TOPOGRÁFICA LOCAL (OCLC)',1,0,NULL),
('CORPO_NAME','110','ENCABEZAMIENTO-NOMBRE DE ENTIDAD CORPORATIVA','ENCABEZAMIENTO-NOMBRE DE ENTIDAD CORPORATIVA',0,1,NULL),
('CORPO_NAME','260','REFERENCIA COMPLEJA DE VÉASE--MATERIA','REFERENCIA COMPLEJA DE VÉASE--MATERIA',1,0,NULL),
('CORPO_NAME','336','TIPO DE CONTENIDO','TIPO DE CONTENIDO',1,0,NULL),
('CORPO_NAME','348','Formato de la música notada','Formato de la música notada',1,0,NULL),
('CORPO_NAME','360','REFERENCIA COMPLEJA DE VÉASE ADEMÁS-MATERIA','REFERENCIA COMPLEJA DE VÉASE ADEMÁS-MATERIA',1,0,NULL),
('CORPO_NAME','368','OTROS ATRIBUTOS DE PERSONA O ENTIDAD CORPORATIVA','OTROS ATRIBUTOS DE PERSONA O ENTIDAD CORPORATIVA',1,0,NULL),
('CORPO_NAME','370','LUGAR ASOCIADO','LUGAR ASOCIADO',1,0,NULL),
('CORPO_NAME','371','DIRECCIÓN','DIRECCIÓN',1,0,NULL),
('CORPO_NAME','372','CAMPO DE ACTIVIDAD','CAMPO DE ACTIVIDAD',1,0,NULL),
('CORPO_NAME','373','GRUPO ASOCIADO','GRUPO ASOCIADO',1,0,NULL),
('CORPO_NAME','374','OCUPACIÓN','OCUPACIÓN',1,0,NULL),
('CORPO_NAME','375','GÉNERO/SEXO','GÉNERO/SEXO',1,0,NULL),
('CORPO_NAME','376','INFORMACIÓN DE FAMILIA','INFORMACIÓN DE FAMILIA',1,0,NULL),
('CORPO_NAME','377','IDIOMA ASOCIADO','IDIOMA ASOCIADO',1,0,NULL),
('CORPO_NAME','378','FORMA COMPLETA/DESARROLLADA DEL NOMBRE','FORMA COMPLETA/DESARROLLADA DEL NOMBRE',0,0,NULL),
('CORPO_NAME','380','FORMA DE LA OBRA','FORMA DE LA OBRA',1,0,NULL),
('CORPO_NAME','381','OTRAS CARACTERÍSTICAS DISTINTIVAS DE OBRA O EXPRESIÓN','OTRAS CARACTERÍSTICAS DISTINTIVAS DE OBRA O EXPRESIÓN',1,0,NULL),
('CORPO_NAME','382','MEDIO DE INTERPRETACIÓN','MEDIO DE INTERPRETACIÓN',1,0,NULL),
('CORPO_NAME','383','DESIGNACIÓN NUMÉRICA DE OBRA MUSICAL','DESIGNACIÓN NUMÉRICA DE OBRA MUSICAL',1,0,NULL),
('CORPO_NAME','384','TONALIDAD/CLAVE','TONALIDAD/CLAVE',0,0,NULL),
('CORPO_NAME','385','CARACTERÍSTICAS DE LA AUDIENCIA','CARACTERÍSTICAS DE LA AUDIENCIA',1,0,NULL),
('CORPO_NAME','386','CARACTERÍSTICAS DEL CREADOR/COLABORADOR','CARACTERÍSTICAS DEL CREADOR/COLABORADOR',1,0,NULL),
('CORPO_NAME','388','PERIODO TEMPORAL DE CREACIÓN','PERIODO TEMPORAL DE CREACIÓN',1,0,NULL),
('CORPO_NAME','400','TRAZADO DE VÉASE--NOMBRE DE PERSONA','TRAZADO DE VÉASE--NOMBRE DE PERSONA',1,0,NULL),
('CORPO_NAME','410','TRAZADO DE VÉASE--NOMBRE DE ENTIDAD CORPORATIVA','TRAZADO DE VÉASE--NOMBRE DE ENTIDAD CORPORATIVA',1,0,NULL),
('CORPO_NAME','411','TRAZADO DE VÉASE--NOMBRE DE CONGRESO/REUNIÓN','TRAZADO DE VÉASE--NOMBRE DE CONGRESO/REUNIÓN',1,0,NULL),
('CORPO_NAME','430','TRAZADO DE VÉASE--TÍTULO UNIFORME','TRAZADO DE VÉASE--TÍTULO UNIFORME',1,0,NULL),
('CORPO_NAME','447','TRAZADO DE VÉASE--NOMBRE DEL ACONTECIMIENTO','TRAZADO DE VÉASE--NOMBRE DEL ACONTECIMIENTO',1,0,NULL),
('CORPO_NAME','448','TRAZADO DE VÉASE--TÉRMINO CRONOLÓGICO','TRAZADO DE VÉASE--TÉRMINO CRONOLÓGICO',1,0,NULL),
('CORPO_NAME','450','TRAZADO DE VÉASE--TÉRMINO DE MATERIA','TRAZADO DE VÉASE--TÉRMINO DE MATERIA',1,0,NULL),
('CORPO_NAME','451','TRAZADO DE VÉASE--NOMBRE GEOGRÁFICO','TRAZADO DE VÉASE--NOMBRE GEOGRÁFICO',1,0,NULL),
('CORPO_NAME','455','TRAZADO DE VÉASE--TÉRMINO GÉNERO/FORMA','TRAZADO DE VÉASE--TÉRMINO GÉNERO/FORMA',1,0,NULL),
('CORPO_NAME','462','TRAZADO DE VÉASE-TÉRMINO DE MEDIO DE INTERPRETACIÓN','TRAZADO DE VÉASE-TÉRMINO DE MEDIO DE INTERPRETACIÓN',1,0,NULL),
('CORPO_NAME','480','TRAZADO DE VÉASE--SUBDIVISIÓN GENERAL','TRAZADO DE VÉASE--SUBDIVISIÓN GENERAL',1,0,NULL),
('CORPO_NAME','481','TRAZADO DE VÉASE--SUBDIVISIÓN GEOGRÁFICA','TRAZADO DE VÉASE--SUBDIVISIÓN GEOGRÁFICA',1,0,NULL),
('CORPO_NAME','482','TRAZADO DE VÉASE--SUBDIVISIÓN CRONOLÓGICA','TRAZADO DE VÉASE--SUBDIVISIÓN CRONOLÓGICA',1,0,NULL),
('CORPO_NAME','485','TRAZADO DE VÉASE ADEMÁS--SUBDIVISIÓN DE FORMA','TRAZADO DE VÉASE ADEMÁS--SUBDIVISIÓN DE FORMA',1,0,NULL),
('CORPO_NAME','500','TRAZADO DE VÉASE ADEMÁS--NOMBRE DE PERSONA','TRAZADO DE VÉASE ADEMÁS--NOMBRE DE PERSONA',1,0,NULL),
('CORPO_NAME','510','TRAZADO DE VÉASE ADEMÁS--NOMBRE DE ENTIDAD CORPORATIVA','TRAZADO DE VÉASE ADEMÁS--NOMBRE DE ENTIDAD CORPORATIVA',1,0,NULL),
('CORPO_NAME','511','TRAZADO DE VÉASE ADEMÁS--NOMBRE DE REUNIÓN/CONGRESO','TRAZADO DE VÉASE ADEMÁS--NOMBRE DE REUNIÓN/CONGRESO',1,0,NULL),
('CORPO_NAME','530','TRAZADO DE VÉASE ADEMÁS--TÍTULO UNIFORME','TRAZADO DE VÉASE ADEMÁS--TÍTULO UNIFORME',1,0,NULL),
('CORPO_NAME','547','TRAZADO DE VÉASE ADEMÁS--NOMBRE DEL ACONTECIMIENTO','TRAZADO DE VÉASE ADEMÁS--NOMBRE DEL ACONTECIMIENTO',1,0,NULL),
('CORPO_NAME','548','TRAZADO DE VÉASE ADEMÁS--TÉRMINO CRONOLÓGICO','TRAZADO DE VÉASE ADEMÁS--TÉRMINO CRONOLÓGICO',1,0,NULL),
('CORPO_NAME','550','TRAZADO VÉASE ADEMÁS--TÉRMINO DE MATERIA','TRAZADO VÉASE ADEMÁS--TÉRMINO DE MATERIA',1,0,NULL),
('CORPO_NAME','551','TRAZADO DE VÉASE ADEMÁS--NOMBRE GEOGRÁFICO','TRAZADO DE VÉASE ADEMÁS--NOMBRE GEOGRÁFICO',1,0,NULL),
('CORPO_NAME','555','TRAZADO DE VÉASE ADEMÁS--TÉRMINO GÉNERO/FORMA','TRAZADO DE VÉASE ADEMÁS--TÉRMINO GÉNERO/FORMA',1,0,NULL),
('CORPO_NAME','562','TRAZADO DE VÉASE ADEMÁS-TÉRMINO DE MEDIO DE INTERPRETACIÓN','TRAZADO DE VÉASE ADEMÁS-TÉRMINO DE MEDIO DE INTERPRETACIÓN',1,0,NULL),
('CORPO_NAME','580','TRAZADO DE VÉASE ADEMÁS--SUBDIVISIÓN GENERAL','TRAZADO DE VÉASE ADEMÁS--SUBDIVISIÓN GENERAL',1,0,NULL),
('CORPO_NAME','581','TRAZADO DE VÉASE ADEMÁS--SUBDIVISIÓN GEOGRÁFICA','TRAZADO DE VÉASE ADEMÁS--SUBDIVISIÓN GEOGRÁFICA',1,0,NULL),
('CORPO_NAME','582','TRAZADO DE VÉASE ADEMÁS--SUBDIVISIÓN CRONOLÓGICA','TRAZADO DE VÉASE ADEMÁS--SUBDIVISIÓN CRONOLÓGICA',1,0,NULL),
('CORPO_NAME','585','TRAZADO DE VÉASE ADEMÁS--SUBDIVISIÓN DE FORMA','TRAZADO DE VÉASE ADEMÁS--SUBDIVISIÓN DE FORMA',1,0,NULL),
('CORPO_NAME','663','REFERENCIA COMPLEJA DE VÉASE ADEMÁS--NOMBRE','REFERENCIA COMPLEJA DE VÉASE ADEMÁS--NOMBRE',0,0,NULL),
('CORPO_NAME','664','REFERENCIA COMPLEJA DE VÉASE--NOMBRE','REFERENCIA COMPLEJA DE VÉASE--NOMBRE',0,0,NULL),
('CORPO_NAME','665','REFERENCIA HISTÓRICA','REFERENCIA HISTÓRICA',0,0,NULL),
('CORPO_NAME','666','REFERENCIA EXPLICATIVA GENERAL--NOMBRE','REFERENCIA EXPLICATIVA GENERAL--NOMBRE',0,0,NULL),
('CORPO_NAME','667','NOTA GENERAL NO PÚBLICA','NOTA GENERAL NO PÚBLICA',1,0,NULL),
('CORPO_NAME','670','FUENTE DE DATOS ENCONTRADOS','FUENTE DE DATOS ENCONTRADOS',1,0,NULL),
('CORPO_NAME','672','TÍTULO RELACIONADO CON LA ENTIDAD','TÍTULO RELACIONADO CON LA ENTIDAD',1,0,NULL),
('CORPO_NAME','673','TÍTULO NO RELACIONADO CON LA ENTIDAD','TÍTULO NO RELACIONADO CON LA ENTIDAD',1,0,NULL),
('CORPO_NAME','675','FUENTE DE DATOS NO ENCONTRADOS','FUENTE DE DATOS NO ENCONTRADOS',0,0,NULL),
('CORPO_NAME','677','DEFINICIÓN','DEFINICIÓN',1,0,NULL),
('CORPO_NAME','678','DATOS BIOGRÁFICOS O HISTÓRICOS','DATOS BIOGRÁFICOS O HISTÓRICOS',1,0,NULL),
('CORPO_NAME','680','NOTA GENERAL PÚBLICA','NOTA GENERAL PÚBLICA',1,0,NULL),
('CORPO_NAME','681','NOTA DE EJEMPLO DE TRAZADO DE MATERIA','NOTA DE EJEMPLO DE TRAZADO DE MATERIA',1,0,NULL),
('CORPO_NAME','682','INFORMACIÓN DE ENCABEZAMIENTO ELIMINADO','INFORMACIÓN DE ENCABEZAMIENTO ELIMINADO',0,0,NULL),
('CORPO_NAME','683','NOTA DE HISTORIAL DE SOLICITUD','NOTA DE HISTORIAL DE SOLICITUD',1,0,NULL),
('CORPO_NAME','688','NOTA DE HISTORIAL DE SOLICITUD','NOTA DE HISTORIAL DE SOLICITUD',1,0,NULL),
('CORPO_NAME','700','ENTRADA DE ENLACE DE ENCABEZAMIENTO ESTABLECIDO--NOMBRE DE PERSONA','ENTRADA DE ENLACE DE ENCABEZAMIENTO ESTABLECIDO--NOMBRE DE PERSONA',1,0,NULL),
('CORPO_NAME','710','ENTRADA DE ENLACE DE ENCABEZAMIENTO ESTABLECIDO--NOMBRE DE ENTIDAD CORPORATIVA','ENTRADA DE ENLACE DE ENCABEZAMIENTO ESTABLECIDO--NOMBRE DE ENTIDAD CORPORATIVA',1,0,NULL),
('CORPO_NAME','711','ENTRADA DE ENLACE DE ENCABEZAMIENTO ESTABLECIDO--NOMBRE DE REUNIÓN/CONGRESO','ENTRADA DE ENLACE DE ENCABEZAMIENTO ESTABLECIDO--NOMBRE DE REUNIÓN/CONGRESO',1,0,NULL),
('CORPO_NAME','730','ENTRADA DE ENLACE DE ENCABEZAMIENTO ESTABLECIDO--TÍTULO UNIFORME','ENTRADA DE ENLACE DE ENCABEZAMIENTO ESTABLECIDO--TÍTULO UNIFORME',1,0,NULL),
('CORPO_NAME','747','ENTRADA DE ENLACE DE ENCABEZAMIENTO ESTABLECIDO--NOMBRE DEL ACONTECIMIENTO','ENTRADA DE ENLACE DE ENCABEZAMIENTO ESTABLECIDO--NOMBRE DEL ACONTECIMIENTO',1,0,NULL),
('CORPO_NAME','748','ENTRADA DE ENLACE DE ENCABEZAMIENTO ESTABLECIDO--TÉRMINO CRONOLÓGICO','ENTRADA DE ENLACE DE ENCABEZAMIENTO ESTABLECIDO--TÉRMINO CRONOLÓGICO',1,0,NULL),
('CORPO_NAME','750','ENTRADA DE ENLACE DE ENCABEZAMIENTO ESTABLECIDO--TÉRMINO DE MATERIA','ENTRADA DE ENLACE DE ENCABEZAMIENTO ESTABLECIDO--TÉRMINO DE MATERIA',1,0,NULL),
('CORPO_NAME','751','ENTRADA DE ENLACE DE ENCABEZAMIENTO ESTABLECIDO--NOMBRE GEOGRÁFICO','ENTRADA DE ENLACE DE ENCABEZAMIENTO ESTABLECIDO--NOMBRE GEOGRÁFICO',1,0,NULL),
('CORPO_NAME','755','ENTRADA DE ENLACE DE ENCABEZAMIENTO ESTABLECIDO-–TÉRMINO DE GÉNERO/FORMA','ENTRADA DE ENLACE DE ENCABEZAMIENTO ESTABLECIDO-–TÉRMINO DE GÉNERO/FORMA',1,0,NULL),
('CORPO_NAME','762','ENCABEZAMIENTO ESTABLECIDO ENTRADA DE ENLACE-TÉRMINO DE MEDIO DE INTERPRETACIÓN','ENCABEZAMIENTO ESTABLECIDO ENTRADA DE ENLACE-TÉRMINO DE MEDIO DE INTERPRETACIÓN',1,0,NULL),
('CORPO_NAME','780','ENTRADA DE ENLACE DE SUBDIVISIÓN--SUBDIVISIÓN GENERAL','ENTRADA DE ENLACE DE SUBDIVISIÓN--SUBDIVISIÓN GENERAL',1,0,NULL),
('CORPO_NAME','781','ENTRADA DE ENLACE DE SUBDIVISIÓN--SUBDIVISIÓN GEOGRÁFICA','ENTRADA DE ENLACE DE SUBDIVISIÓN--SUBDIVISIÓN GEOGRÁFICA',1,0,NULL),
('CORPO_NAME','782','ENTRADA DE ENLACE DE SUBDIVISIÓN--SUBDIVISIÓN CRONOLÓGICA','ENTRADA DE ENLACE DE SUBDIVISIÓN--SUBDIVISIÓN CRONOLÓGICA',1,0,NULL),
('CORPO_NAME','785','ENTRADA DE ENLACE DE SUBDIVISIÓN--SUBDIVISIÓN DE FORMA','ENTRADA DE ENLACE DE SUBDIVISIÓN--SUBDIVISIÓN DE FORMA',1,0,NULL),
('CORPO_NAME','788','DATOS DE ENTRADA DE ENLACE COMPLEJO','DATOS DE ENTRADA DE ENLACE COMPLEJO',0,0,NULL),
('CORPO_NAME','856','LOCALIZACIÓN Y ACCESO ELECTRÓNICOS','LOCALIZACIÓN Y ACCESO ELECTRÓNICOS',1,0,NULL),
('CORPO_NAME','880','REPRESENTACIÓN GRÁFICA ALTERNATIVA','REPRESENTACIÓN GRÁFICA ALTERNATIVA',1,0,NULL),
('CORPO_NAME','883','PROCEDENCIA DE LOS METADATOS GENERADOS POR ORDENADOR','PROCEDENCIA DE LOS METADATOS GENERADOS POR ORDENADOR',1,0,NULL),
('CORPO_NAME','884','Información sobre la conversión de la descripción','Información sobre la conversión de la descripción',1,0,NULL),
('CORPO_NAME','885','INFORMACIÓN DE REGISTROS COINCIDENTES','INFORMACIÓN DE REGISTROS COINCIDENTES',1,0,NULL),
('CORPO_NAME','942','USO INTERNO DE KOHA','USO INTERNO DE KOHA',0,1,NULL),
('GENRE/FORM','000','LEADER','LEADER',0,1,NULL),
('GENRE/FORM','001','NÚMERO DE CONTROL','NÚMERO DE CONTROL',0,1,NULL),
('GENRE/FORM','003','IDENTIFICADOR DE NÚMERO DE CONTROL','IDENTIFICADOR DE NÚMERO DE CONTROL',0,1,NULL),
('GENRE/FORM','005','FECHA Y HORA DE LA ÚLTIMA TRANSACCIÓN','FECHA Y HORA DE LA ÚLTIMA TRANSACCIÓN',0,1,NULL),
('GENRE/FORM','008','ELEMENTOS DE DATO DE LONGITUD-FIJA','ELEMENTOS DE DATO DE LONGITUD-FIJA',0,1,NULL),
('GENRE/FORM','010','NÚMERO DE CONTROL DE LA BIBLIOTECA DEL CONGRESO','NÚMERO DE CONTROL DE LA BIBLIOTECA DEL CONGRESO',0,0,NULL),
('GENRE/FORM','016','NÚMERO DE CONTROL DE UNA AGENCIA BIBLIOGRÁFICA NACIONAL','NÚMERO DE CONTROL DE UNA AGENCIA BIBLIOGRÁFICA NACIONAL',1,0,NULL),
('GENRE/FORM','024','IDENTIFICADOR DE OTROS ESTÁNDARES','IDENTIFICADOR DE OTROS ESTÁNDARES',1,0,NULL),
('GENRE/FORM','034','DATOS MATEMÁTICOS CARTOGRÁFICOS CODIFICADOS','DATOS MATEMÁTICOS CARTOGRÁFICOS CODIFICADOS',1,0,NULL),
('GENRE/FORM','035','NÚMERO DE CONTROL DEL SISTEMA','NÚMERO DE CONTROL DEL SISTEMA',1,0,NULL),
('GENRE/FORM','040','FUENTE DE CATALOGACIÓN','FUENTE DE CATALOGACIÓN',0,1,NULL),
('GENRE/FORM','042','CÓDIGO DE AUTENTICACIÓN','CÓDIGO DE AUTENTICACIÓN',0,0,NULL),
('GENRE/FORM','043','CÓDIGO DE ÁREA GEOGRÁFICA','CÓDIGO DE ÁREA GEOGRÁFICA',0,0,NULL),
('GENRE/FORM','045','PERIODO DE TIEMPO DEL ENCABEZAMIENTO','PERIODO DE TIEMPO DEL ENCABEZAMIENTO',0,0,NULL),
('GENRE/FORM','046','FECHAS CON CODIFICACIÓN ESPECIAL','FECHAS CON CODIFICACIÓN ESPECIAL',1,0,NULL),
('GENRE/FORM','050','SIGNATURA TOPOGRÁFICA DE LA BIBLIOTECA DEL CONGRESO','SIGNATURA TOPOGRÁFICA DE LA BIBLIOTECA DEL CONGRESO',1,0,NULL),
('GENRE/FORM','052','CLASIFICACIÓN GEOGRÁFICA','CLASIFICACIÓN GEOGRÁFICA',1,0,NULL),
('GENRE/FORM','053','NÚMERO DE CLASIFICACIÓN LC','NÚMERO DE CLASIFICACIÓN LC',1,0,NULL),
('GENRE/FORM','055','SIGNATURA TOPOGRÁFICA DE BIBLIOTECAS Y ARCHIVOS DE CANADÁ','SIGNATURA TOPOGRÁFICA DE BIBLIOTECAS Y ARCHIVOS DE CANADÁ',1,0,NULL),
('GENRE/FORM','060','SIGNATURA TOPOGRÁFICA DE LA NATIONAL LIBRARY OF MEDICINE','SIGNATURA TOPOGRÁFICA DE LA NATIONAL LIBRARY OF MEDICINE',1,0,NULL),
('GENRE/FORM','065','OTRO NÚMERO DE CLASIFICACIÓN','OTRO NÚMERO DE CLASIFICACIÓN',1,0,NULL),
('GENRE/FORM','066','JUEGOS/CONJUNTO DE CARACTERES UTILIZADOS/PRESENTES','JUEGOS/CONJUNTO DE CARACTERES UTILIZADOS/PRESENTES',0,0,NULL),
('GENRE/FORM','070','SIGNATURA TOPOGRÁFICA DE LA NATIONAL AGRICULTURAL LIBRARY','SIGNATURA TOPOGRÁFICA DE LA NATIONAL AGRICULTURAL LIBRARY',1,0,NULL),
('GENRE/FORM','072','CÓDIGO DE CATEGORÍA DE MATERIA','CÓDIGO DE CATEGORÍA DE MATERIA',1,0,NULL),
('GENRE/FORM','073','USO DE SUBDIVISIÓN','USO DE SUBDIVISIÓN',0,0,NULL),
('GENRE/FORM','075','TIPO DE ENTIDAD','TIPO DE ENTIDAD',1,0,NULL),
('GENRE/FORM','080','NÚMERO DE LA CLASIFICACIÓN DECIMAL UNIVERSAL','NÚMERO DE LA CLASIFICACIÓN DECIMAL UNIVERSAL',1,0,NULL),
('GENRE/FORM','082','SIGNATURA TOPOGRÁFICA DECIMAL DEWEY','SIGNATURA TOPOGRÁFICA DECIMAL DEWEY',1,0,NULL),
('GENRE/FORM','083','NÚMERO DE LA CLASIFICACIÓN DECIMAL DEWEY','NÚMERO DE LA CLASIFICACIÓN DECIMAL DEWEY',1,0,NULL),
('GENRE/FORM','086','SIGNATURA TOPOGRÁFICA PARA DOCUMENTOS GUBERNAMENTALES','SIGNATURA TOPOGRÁFICA PARA DOCUMENTOS GUBERNAMENTALES',1,0,NULL),
('GENRE/FORM','087','NÚMERO DE CLASIFICACIÓN PARA DOCUMENTOS GUBERNAMENTALES','NÚMERO DE CLASIFICACIÓN PARA DOCUMENTOS GUBERNAMENTALES',1,0,NULL),
('GENRE/FORM','090','SIGNATURA TOPOGRÁFICA LOCAL (SERIE) [OBSOLETO]; LOCALMENTE ASIGNADO TIPO-LC SIGNATURA TOPOGRÁFICA (OCLC); SIGNATURA TOPOGRÁFICA LOCAL (RLIN)','SIGNATURA TOPOGRÁFICA LOCAL (SERIE) [OBSOLETO]; LOCALMENTE ASIGNADO TIPO-LC SIGNATURA TOPOGRÁFICA (OCLC); SIGNATURA TOPOGRÁFICA LOCAL (RLIN)',1,0,NULL),
('GENRE/FORM','091','LOCALMENTE ASIGNADO TIPO-LC NÚMERO DE CLASIFICACIÓN (OCLC); NÚMERO DE CLASIFICACIÓN LOCAL (RLIN)','LOCALMENTE ASIGNADO TIPO-LC NÚMERO DE CLASIFICACIÓN (OCLC); NÚMERO DE CLASIFICACIÓN LOCAL (RLIN)',0,0,NULL),
('GENRE/FORM','092','ASIGNACIÓN LOCAL DE SIGNATURA TOPOGRÁFICA DEWEY (OCLC)','ASIGNACIÓN LOCAL DE SIGNATURA TOPOGRÁFICA DEWEY (OCLC)',1,0,NULL),
('GENRE/FORM','093','ASIGNACIÓN LOCAL DEL NÚMERO DE CLASIFICACIÓN DEWEY (OCLC)','ASIGNACIÓN LOCAL DEL NÚMERO DE CLASIFICACIÓN DEWEY (OCLC)',1,0,NULL),
('GENRE/FORM','096','ASIGNACIÓN LOCAL TIPO-NLM SIGNATURA TOPOGRÁFICA (OCLC)','ASIGNACIÓN LOCAL TIPO-NLM SIGNATURA TOPOGRÁFICA (OCLC)',1,0,NULL),
('GENRE/FORM','097','ASIGNACIÓN LOCAL TIPO-NLM NÚMERO DE CLASIFICACIÓN (OCLC)','ASIGNACIÓN LOCAL TIPO-NLM NÚMERO DE CLASIFICACIÓN (OCLC)',1,0,NULL),
('GENRE/FORM','098','OTROS ESQUEMAS DE CLASIFICACIÓN (OCLC)','OTROS ESQUEMAS DE CLASIFICACIÓN (OCLC)',1,0,NULL),
('GENRE/FORM','099','TEXTO-LIBRO SIGNATURA TOPOGRÁFICA LOCAL (OCLC)','TEXTO-LIBRO SIGNATURA TOPOGRÁFICA LOCAL (OCLC)',1,0,NULL),
('GENRE/FORM','155','ENCABEZAMIENTO--TÉRMINO DE GÉNERO/FORMA','ENCABEZAMIENTO--TÉRMINO DE GÉNERO/FORMA',0,1,NULL),
('GENRE/FORM','185','ENCABEZAMIENTO--SUBDIVISIÓN DE FORMA','ENCABEZAMIENTO--SUBDIVISIÓN DE FORMA',0,0,NULL),
('GENRE/FORM','260','REFERENCIA COMPLEJA DE VÉASE--MATERIA','REFERENCIA COMPLEJA DE VÉASE--MATERIA',1,0,NULL),
('GENRE/FORM','336','TIPO DE CONTENIDO','TIPO DE CONTENIDO',1,0,NULL),
('GENRE/FORM','348','Formato de la música notada','Formato de la música notada',1,0,NULL),
('GENRE/FORM','360','REFERENCIA COMPLEJA DE VÉASE ADEMÁS-MATERIA','REFERENCIA COMPLEJA DE VÉASE ADEMÁS-MATERIA',1,0,NULL),
('GENRE/FORM','368','OTROS ATRIBUTOS DE PERSONA O ENTIDAD CORPORATIVA','OTROS ATRIBUTOS DE PERSONA O ENTIDAD CORPORATIVA',1,0,NULL),
('GENRE/FORM','370','LUGAR ASOCIADO','LUGAR ASOCIADO',1,0,NULL),
('GENRE/FORM','371','DIRECCIÓN','DIRECCIÓN',1,0,NULL),
('GENRE/FORM','372','CAMPO DE ACTIVIDAD','CAMPO DE ACTIVIDAD',1,0,NULL),
('GENRE/FORM','373','GRUPO ASOCIADO','GRUPO ASOCIADO',1,0,NULL),
('GENRE/FORM','374','OCUPACIÓN','OCUPACIÓN',1,0,NULL),
('GENRE/FORM','375','GÉNERO/SEXO','GÉNERO/SEXO',1,0,NULL),
('GENRE/FORM','376','INFORMACIÓN DE FAMILIA','INFORMACIÓN DE FAMILIA',1,0,NULL),
('GENRE/FORM','377','IDIOMA ASOCIADO','IDIOMA ASOCIADO',1,0,NULL),
('GENRE/FORM','378','FORMA COMPLETA/DESARROLLADA DEL NOMBRE','FORMA COMPLETA/DESARROLLADA DEL NOMBRE',0,0,NULL),
('GENRE/FORM','380','FORMA DE LA OBRA','FORMA DE LA OBRA',1,0,NULL),
('GENRE/FORM','381','OTRAS CARACTERÍSTICAS DISTINTIVAS DE OBRA O EXPRESIÓN','OTRAS CARACTERÍSTICAS DISTINTIVAS DE OBRA O EXPRESIÓN',1,0,NULL),
('GENRE/FORM','382','MEDIO DE INTERPRETACIÓN','MEDIO DE INTERPRETACIÓN',1,0,NULL),
('GENRE/FORM','383','DESIGNACIÓN NUMÉRICA DE OBRA MUSICAL','DESIGNACIÓN NUMÉRICA DE OBRA MUSICAL',1,0,NULL),
('GENRE/FORM','384','TONALIDAD/CLAVE','TONALIDAD/CLAVE',0,0,NULL),
('GENRE/FORM','385','CARACTERÍSTICAS DE LA AUDIENCIA','CARACTERÍSTICAS DE LA AUDIENCIA',1,0,NULL),
('GENRE/FORM','386','CARACTERÍSTICAS DEL CREADOR/COLABORADOR','CARACTERÍSTICAS DEL CREADOR/COLABORADOR',1,0,NULL),
('GENRE/FORM','388','PERIODO TEMPORAL DE CREACIÓN','PERIODO TEMPORAL DE CREACIÓN',1,0,NULL),
('GENRE/FORM','400','TRAZADO DE VÉASE--NOMBRE DE PERSONA','TRAZADO DE VÉASE--NOMBRE DE PERSONA',1,0,NULL),
('GENRE/FORM','410','TRAZADO DE VÉASE--NOMBRE DE ENTIDAD CORPORATIVA','TRAZADO DE VÉASE--NOMBRE DE ENTIDAD CORPORATIVA',1,0,NULL),
('GENRE/FORM','411','TRAZADO DE VÉASE--NOMBRE DE CONGRESO/REUNIÓN','TRAZADO DE VÉASE--NOMBRE DE CONGRESO/REUNIÓN',1,0,NULL),
('GENRE/FORM','430','TRAZADO DE VÉASE--TÍTULO UNIFORME','TRAZADO DE VÉASE--TÍTULO UNIFORME',1,0,NULL),
('GENRE/FORM','447','TRAZADO DE VÉASE--NOMBRE DEL ACONTECIMIENTO','TRAZADO DE VÉASE--NOMBRE DEL ACONTECIMIENTO',1,0,NULL),
('GENRE/FORM','448','TRAZADO DE VÉASE--TÉRMINO CRONOLÓGICO','TRAZADO DE VÉASE--TÉRMINO CRONOLÓGICO',1,0,NULL),
('GENRE/FORM','450','TRAZADO DE VÉASE--TÉRMINO DE MATERIA','TRAZADO DE VÉASE--TÉRMINO DE MATERIA',1,0,NULL),
('GENRE/FORM','451','TRAZADO DE VÉASE--NOMBRE GEOGRÁFICO','TRAZADO DE VÉASE--NOMBRE GEOGRÁFICO',1,0,NULL),
('GENRE/FORM','455','TRAZADO DE VÉASE--TÉRMINO GÉNERO/FORMA','TRAZADO DE VÉASE--TÉRMINO GÉNERO/FORMA',1,0,NULL),
('GENRE/FORM','462','TRAZADO DE VÉASE-TÉRMINO DE MEDIO DE INTERPRETACIÓN','TRAZADO DE VÉASE-TÉRMINO DE MEDIO DE INTERPRETACIÓN',1,0,NULL),
('GENRE/FORM','480','TRAZADO DE VÉASE--SUBDIVISIÓN GENERAL','TRAZADO DE VÉASE--SUBDIVISIÓN GENERAL',1,0,NULL),
('GENRE/FORM','481','TRAZADO DE VÉASE--SUBDIVISIÓN GEOGRÁFICA','TRAZADO DE VÉASE--SUBDIVISIÓN GEOGRÁFICA',1,0,NULL),
('GENRE/FORM','482','TRAZADO DE VÉASE--SUBDIVISIÓN CRONOLÓGICA','TRAZADO DE VÉASE--SUBDIVISIÓN CRONOLÓGICA',1,0,NULL),
('GENRE/FORM','485','TRAZADO DE VÉASE ADEMÁS--SUBDIVISIÓN DE FORMA','TRAZADO DE VÉASE ADEMÁS--SUBDIVISIÓN DE FORMA',1,0,NULL),
('GENRE/FORM','500','TRAZADO DE VÉASE ADEMÁS--NOMBRE DE PERSONA','TRAZADO DE VÉASE ADEMÁS--NOMBRE DE PERSONA',1,0,NULL),
('GENRE/FORM','510','TRAZADO DE VÉASE ADEMÁS--NOMBRE DE ENTIDAD CORPORATIVA','TRAZADO DE VÉASE ADEMÁS--NOMBRE DE ENTIDAD CORPORATIVA',1,0,NULL),
('GENRE/FORM','511','TRAZADO DE VÉASE ADEMÁS--NOMBRE DE REUNIÓN/CONGRESO','TRAZADO DE VÉASE ADEMÁS--NOMBRE DE REUNIÓN/CONGRESO',1,0,NULL),
('GENRE/FORM','530','TRAZADO DE VÉASE ADEMÁS--TÍTULO UNIFORME','TRAZADO DE VÉASE ADEMÁS--TÍTULO UNIFORME',1,0,NULL),
('GENRE/FORM','547','TRAZADO DE VÉASE ADEMÁS--NOMBRE DEL ACONTECIMIENTO','TRAZADO DE VÉASE ADEMÁS--NOMBRE DEL ACONTECIMIENTO',1,0,NULL),
('GENRE/FORM','548','TRAZADO DE VÉASE ADEMÁS--TÉRMINO CRONOLÓGICO','TRAZADO DE VÉASE ADEMÁS--TÉRMINO CRONOLÓGICO',1,0,NULL),
('GENRE/FORM','550','TRAZADO VÉASE ADEMÁS--TÉRMINO DE MATERIA','TRAZADO VÉASE ADEMÁS--TÉRMINO DE MATERIA',1,0,NULL),
('GENRE/FORM','551','TRAZADO DE VÉASE ADEMÁS--NOMBRE GEOGRÁFICO','TRAZADO DE VÉASE ADEMÁS--NOMBRE GEOGRÁFICO',1,0,NULL),
('GENRE/FORM','555','TRAZADO DE VÉASE ADEMÁS--TÉRMINO GÉNERO/FORMA','TRAZADO DE VÉASE ADEMÁS--TÉRMINO GÉNERO/FORMA',1,0,NULL),
('GENRE/FORM','562','TRAZADO DE VÉASE ADEMÁS-TÉRMINO DE MEDIO DE INTERPRETACIÓN','TRAZADO DE VÉASE ADEMÁS-TÉRMINO DE MEDIO DE INTERPRETACIÓN',1,0,NULL),
('GENRE/FORM','580','TRAZADO DE VÉASE ADEMÁS--SUBDIVISIÓN GENERAL','TRAZADO DE VÉASE ADEMÁS--SUBDIVISIÓN GENERAL',1,0,NULL),
('GENRE/FORM','581','TRAZADO DE VÉASE ADEMÁS--SUBDIVISIÓN GEOGRÁFICA','TRAZADO DE VÉASE ADEMÁS--SUBDIVISIÓN GEOGRÁFICA',1,0,NULL),
('GENRE/FORM','582','TRAZADO DE VÉASE ADEMÁS--SUBDIVISIÓN CRONOLÓGICA','TRAZADO DE VÉASE ADEMÁS--SUBDIVISIÓN CRONOLÓGICA',1,0,NULL),
('GENRE/FORM','585','TRAZADO DE VÉASE ADEMÁS--SUBDIVISIÓN DE FORMA','TRAZADO DE VÉASE ADEMÁS--SUBDIVISIÓN DE FORMA',1,0,NULL),
('GENRE/FORM','663','REFERENCIA COMPLEJA DE VÉASE ADEMÁS--NOMBRE','REFERENCIA COMPLEJA DE VÉASE ADEMÁS--NOMBRE',0,0,NULL),
('GENRE/FORM','664','REFERENCIA COMPLEJA DE VÉASE--NOMBRE','REFERENCIA COMPLEJA DE VÉASE--NOMBRE',0,0,NULL),
('GENRE/FORM','665','REFERENCIA HISTÓRICA','REFERENCIA HISTÓRICA',0,0,NULL),
('GENRE/FORM','666','REFERENCIA EXPLICATIVA GENERAL--NOMBRE','REFERENCIA EXPLICATIVA GENERAL--NOMBRE',0,0,NULL),
('GENRE/FORM','667','NOTA GENERAL NO PÚBLICA','NOTA GENERAL NO PÚBLICA',1,0,NULL),
('GENRE/FORM','670','FUENTE DE DATOS ENCONTRADOS','FUENTE DE DATOS ENCONTRADOS',1,0,NULL),
('GENRE/FORM','672','TÍTULO RELACIONADO CON LA ENTIDAD','TÍTULO RELACIONADO CON LA ENTIDAD',1,0,NULL),
('GENRE/FORM','673','TÍTULO NO RELACIONADO CON LA ENTIDAD','TÍTULO NO RELACIONADO CON LA ENTIDAD',1,0,NULL),
('GENRE/FORM','675','FUENTE DE DATOS NO ENCONTRADOS','FUENTE DE DATOS NO ENCONTRADOS',0,0,NULL),
('GENRE/FORM','677','DEFINICIÓN','DEFINICIÓN',1,0,NULL),
('GENRE/FORM','678','DATOS BIOGRÁFICOS O HISTÓRICOS','DATOS BIOGRÁFICOS O HISTÓRICOS',1,0,NULL),
('GENRE/FORM','680','NOTA GENERAL PÚBLICA','NOTA GENERAL PÚBLICA',1,0,NULL),
('GENRE/FORM','681','NOTA DE EJEMPLO DE TRAZADO DE MATERIA','NOTA DE EJEMPLO DE TRAZADO DE MATERIA',1,0,NULL),
('GENRE/FORM','682','INFORMACIÓN DE ENCABEZAMIENTO ELIMINADO','INFORMACIÓN DE ENCABEZAMIENTO ELIMINADO',0,0,NULL),
('GENRE/FORM','683','NOTA DE HISTORIAL DE SOLICITUD','NOTA DE HISTORIAL DE SOLICITUD',1,0,NULL),
('GENRE/FORM','688','NOTA DE HISTORIAL DE SOLICITUD','NOTA DE HISTORIAL DE SOLICITUD',1,0,NULL),
('GENRE/FORM','700','ENTRADA DE ENLACE DE ENCABEZAMIENTO ESTABLECIDO--NOMBRE DE PERSONA','ENTRADA DE ENLACE DE ENCABEZAMIENTO ESTABLECIDO--NOMBRE DE PERSONA',1,0,NULL),
('GENRE/FORM','710','ENTRADA DE ENLACE DE ENCABEZAMIENTO ESTABLECIDO--NOMBRE DE ENTIDAD CORPORATIVA','ENTRADA DE ENLACE DE ENCABEZAMIENTO ESTABLECIDO--NOMBRE DE ENTIDAD CORPORATIVA',1,0,NULL),
('GENRE/FORM','711','ENTRADA DE ENLACE DE ENCABEZAMIENTO ESTABLECIDO--NOMBRE DE REUNIÓN/CONGRESO','ENTRADA DE ENLACE DE ENCABEZAMIENTO ESTABLECIDO--NOMBRE DE REUNIÓN/CONGRESO',1,0,NULL),
('GENRE/FORM','730','ENTRADA DE ENLACE DE ENCABEZAMIENTO ESTABLECIDO--TÍTULO UNIFORME','ENTRADA DE ENLACE DE ENCABEZAMIENTO ESTABLECIDO--TÍTULO UNIFORME',1,0,NULL),
('GENRE/FORM','747','ENTRADA DE ENLACE DE ENCABEZAMIENTO ESTABLECIDO--NOMBRE DEL ACONTECIMIENTO','ENTRADA DE ENLACE DE ENCABEZAMIENTO ESTABLECIDO--NOMBRE DEL ACONTECIMIENTO',1,0,NULL),
('GENRE/FORM','748','ENTRADA DE ENLACE DE ENCABEZAMIENTO ESTABLECIDO--TÉRMINO CRONOLÓGICO','ENTRADA DE ENLACE DE ENCABEZAMIENTO ESTABLECIDO--TÉRMINO CRONOLÓGICO',1,0,NULL),
('GENRE/FORM','750','ENTRADA DE ENLACE DE ENCABEZAMIENTO ESTABLECIDO--TÉRMINO DE MATERIA','ENTRADA DE ENLACE DE ENCABEZAMIENTO ESTABLECIDO--TÉRMINO DE MATERIA',1,0,NULL),
('GENRE/FORM','751','ENTRADA DE ENLACE DE ENCABEZAMIENTO ESTABLECIDO--NOMBRE GEOGRÁFICO','ENTRADA DE ENLACE DE ENCABEZAMIENTO ESTABLECIDO--NOMBRE GEOGRÁFICO',1,0,NULL),
('GENRE/FORM','755','ENTRADA DE ENLACE DE ENCABEZAMIENTO ESTABLECIDO-–TÉRMINO DE GÉNERO/FORMA','ENTRADA DE ENLACE DE ENCABEZAMIENTO ESTABLECIDO-–TÉRMINO DE GÉNERO/FORMA',1,0,NULL),
('GENRE/FORM','762','ENCABEZAMIENTO ESTABLECIDO ENTRADA DE ENLACE-TÉRMINO DE MEDIO DE INTERPRETACIÓN','ENCABEZAMIENTO ESTABLECIDO ENTRADA DE ENLACE-TÉRMINO DE MEDIO DE INTERPRETACIÓN',1,0,NULL),
('GENRE/FORM','780','ENTRADA DE ENLACE DE SUBDIVISIÓN--SUBDIVISIÓN GENERAL','ENTRADA DE ENLACE DE SUBDIVISIÓN--SUBDIVISIÓN GENERAL',1,0,NULL),
('GENRE/FORM','781','ENTRADA DE ENLACE DE SUBDIVISIÓN--SUBDIVISIÓN GEOGRÁFICA','ENTRADA DE ENLACE DE SUBDIVISIÓN--SUBDIVISIÓN GEOGRÁFICA',1,0,NULL),
('GENRE/FORM','782','ENTRADA DE ENLACE DE SUBDIVISIÓN--SUBDIVISIÓN CRONOLÓGICA','ENTRADA DE ENLACE DE SUBDIVISIÓN--SUBDIVISIÓN CRONOLÓGICA',1,0,NULL),
('GENRE/FORM','785','ENTRADA DE ENLACE DE SUBDIVISIÓN--SUBDIVISIÓN DE FORMA','ENTRADA DE ENLACE DE SUBDIVISIÓN--SUBDIVISIÓN DE FORMA',1,0,NULL),
('GENRE/FORM','788','DATOS DE ENTRADA DE ENLACE COMPLEJO','DATOS DE ENTRADA DE ENLACE COMPLEJO',0,0,NULL),
('GENRE/FORM','856','LOCALIZACIÓN Y ACCESO ELECTRÓNICOS','LOCALIZACIÓN Y ACCESO ELECTRÓNICOS',1,0,NULL),
('GENRE/FORM','880','REPRESENTACIÓN GRÁFICA ALTERNATIVA','REPRESENTACIÓN GRÁFICA ALTERNATIVA',1,0,NULL),
('GENRE/FORM','883','PROCEDENCIA DE LOS METADATOS GENERADOS POR ORDENADOR','PROCEDENCIA DE LOS METADATOS GENERADOS POR ORDENADOR',1,0,NULL),
('GENRE/FORM','884','Información sobre la conversión de la descripción','Información sobre la conversión de la descripción',1,0,NULL),
('GENRE/FORM','885','INFORMACIÓN DE REGISTROS COINCIDENTES','INFORMACIÓN DE REGISTROS COINCIDENTES',1,0,NULL),
('GENRE/FORM','942','USO INTERNO DE KOHA','USO INTERNO DE KOHA',0,1,NULL),
('GEOGR_NAME','000','LEADER','LEADER',0,1,NULL),
('GEOGR_NAME','001','NÚMERO DE CONTROL','NÚMERO DE CONTROL',0,1,NULL),
('GEOGR_NAME','003','IDENTIFICADOR DE NÚMERO DE CONTROL','IDENTIFICADOR DE NÚMERO DE CONTROL',0,1,NULL),
('GEOGR_NAME','005','FECHA Y HORA DE LA ÚLTIMA TRANSACCIÓN','FECHA Y HORA DE LA ÚLTIMA TRANSACCIÓN',0,1,NULL),
('GEOGR_NAME','008','ELEMENTOS DE DATO DE LONGITUD-FIJA','ELEMENTOS DE DATO DE LONGITUD-FIJA',0,1,NULL),
('GEOGR_NAME','010','NÚMERO DE CONTROL DE LA BIBLIOTECA DEL CONGRESO','NÚMERO DE CONTROL DE LA BIBLIOTECA DEL CONGRESO',0,0,NULL),
('GEOGR_NAME','016','NÚMERO DE CONTROL DE UNA AGENCIA BIBLIOGRÁFICA NACIONAL','NÚMERO DE CONTROL DE UNA AGENCIA BIBLIOGRÁFICA NACIONAL',1,0,NULL),
('GEOGR_NAME','024','IDENTIFICADOR DE OTROS ESTÁNDARES','IDENTIFICADOR DE OTROS ESTÁNDARES',1,0,NULL),
('GEOGR_NAME','034','DATOS MATEMÁTICOS CARTOGRÁFICOS CODIFICADOS','DATOS MATEMÁTICOS CARTOGRÁFICOS CODIFICADOS',1,0,NULL),
('GEOGR_NAME','035','NÚMERO DE CONTROL DEL SISTEMA','NÚMERO DE CONTROL DEL SISTEMA',1,0,NULL),
('GEOGR_NAME','040','FUENTE DE CATALOGACIÓN','FUENTE DE CATALOGACIÓN',0,1,NULL),
('GEOGR_NAME','042','CÓDIGO DE AUTENTICACIÓN','CÓDIGO DE AUTENTICACIÓN',0,0,NULL),
('GEOGR_NAME','043','CÓDIGO DE ÁREA GEOGRÁFICA','CÓDIGO DE ÁREA GEOGRÁFICA',0,0,NULL),
('GEOGR_NAME','045','PERIODO DE TIEMPO DEL ENCABEZAMIENTO','PERIODO DE TIEMPO DEL ENCABEZAMIENTO',0,0,NULL),
('GEOGR_NAME','046','FECHAS CON CODIFICACIÓN ESPECIAL','FECHAS CON CODIFICACIÓN ESPECIAL',1,0,NULL),
('GEOGR_NAME','050','SIGNATURA TOPOGRÁFICA DE LA BIBLIOTECA DEL CONGRESO','SIGNATURA TOPOGRÁFICA DE LA BIBLIOTECA DEL CONGRESO',1,0,NULL),
('GEOGR_NAME','052','CLASIFICACIÓN GEOGRÁFICA','CLASIFICACIÓN GEOGRÁFICA',1,0,NULL),
('GEOGR_NAME','053','NÚMERO DE CLASIFICACIÓN LC','NÚMERO DE CLASIFICACIÓN LC',1,0,NULL),
('GEOGR_NAME','055','SIGNATURA TOPOGRÁFICA DE BIBLIOTECAS Y ARCHIVOS DE CANADÁ','SIGNATURA TOPOGRÁFICA DE BIBLIOTECAS Y ARCHIVOS DE CANADÁ',1,0,NULL),
('GEOGR_NAME','060','SIGNATURA TOPOGRÁFICA DE LA NATIONAL LIBRARY OF MEDICINE','SIGNATURA TOPOGRÁFICA DE LA NATIONAL LIBRARY OF MEDICINE',1,0,NULL),
('GEOGR_NAME','065','OTRO NÚMERO DE CLASIFICACIÓN','OTRO NÚMERO DE CLASIFICACIÓN',1,0,NULL),
('GEOGR_NAME','066','JUEGOS/CONJUNTO DE CARACTERES UTILIZADOS/PRESENTES','JUEGOS/CONJUNTO DE CARACTERES UTILIZADOS/PRESENTES',0,0,NULL),
('GEOGR_NAME','070','SIGNATURA TOPOGRÁFICA DE LA NATIONAL AGRICULTURAL LIBRARY','SIGNATURA TOPOGRÁFICA DE LA NATIONAL AGRICULTURAL LIBRARY',1,0,NULL),
('GEOGR_NAME','072','CÓDIGO DE CATEGORÍA DE MATERIA','CÓDIGO DE CATEGORÍA DE MATERIA',1,0,NULL),
('GEOGR_NAME','073','USO DE SUBDIVISIÓN','USO DE SUBDIVISIÓN',0,0,NULL),
('GEOGR_NAME','075','TIPO DE ENTIDAD','TIPO DE ENTIDAD',1,0,NULL),
('GEOGR_NAME','080','NÚMERO DE LA CLASIFICACIÓN DECIMAL UNIVERSAL','NÚMERO DE LA CLASIFICACIÓN DECIMAL UNIVERSAL',1,0,NULL),
('GEOGR_NAME','082','SIGNATURA TOPOGRÁFICA DECIMAL DEWEY','SIGNATURA TOPOGRÁFICA DECIMAL DEWEY',1,0,NULL),
('GEOGR_NAME','083','NÚMERO DE LA CLASIFICACIÓN DECIMAL DEWEY','NÚMERO DE LA CLASIFICACIÓN DECIMAL DEWEY',1,0,NULL),
('GEOGR_NAME','086','SIGNATURA TOPOGRÁFICA PARA DOCUMENTOS GUBERNAMENTALES','SIGNATURA TOPOGRÁFICA PARA DOCUMENTOS GUBERNAMENTALES',1,0,NULL),
('GEOGR_NAME','087','NÚMERO DE CLASIFICACIÓN PARA DOCUMENTOS GUBERNAMENTALES','NÚMERO DE CLASIFICACIÓN PARA DOCUMENTOS GUBERNAMENTALES',1,0,NULL),
('GEOGR_NAME','090','SIGNATURA TOPOGRÁFICA LOCAL (SERIE) [OBSOLETO]; LOCALMENTE ASIGNADO TIPO-LC SIGNATURA TOPOGRÁFICA (OCLC); SIGNATURA TOPOGRÁFICA LOCAL (RLIN)','SIGNATURA TOPOGRÁFICA LOCAL (SERIE) [OBSOLETO]; LOCALMENTE ASIGNADO TIPO-LC SIGNATURA TOPOGRÁFICA (OCLC); SIGNATURA TOPOGRÁFICA LOCAL (RLIN)',1,0,NULL),
('GEOGR_NAME','091','LOCALMENTE ASIGNADO TIPO-LC NÚMERO DE CLASIFICACIÓN (OCLC); NÚMERO DE CLASIFICACIÓN LOCAL (RLIN)','LOCALMENTE ASIGNADO TIPO-LC NÚMERO DE CLASIFICACIÓN (OCLC); NÚMERO DE CLASIFICACIÓN LOCAL (RLIN)',0,0,NULL),
('GEOGR_NAME','092','ASIGNACIÓN LOCAL DE SIGNATURA TOPOGRÁFICA DEWEY (OCLC)','ASIGNACIÓN LOCAL DE SIGNATURA TOPOGRÁFICA DEWEY (OCLC)',1,0,NULL),
('GEOGR_NAME','093','ASIGNACIÓN LOCAL DEL NÚMERO DE CLASIFICACIÓN DEWEY (OCLC)','ASIGNACIÓN LOCAL DEL NÚMERO DE CLASIFICACIÓN DEWEY (OCLC)',1,0,NULL),
('GEOGR_NAME','096','ASIGNACIÓN LOCAL TIPO-NLM SIGNATURA TOPOGRÁFICA (OCLC)','ASIGNACIÓN LOCAL TIPO-NLM SIGNATURA TOPOGRÁFICA (OCLC)',1,0,NULL),
('GEOGR_NAME','097','ASIGNACIÓN LOCAL TIPO-NLM NÚMERO DE CLASIFICACIÓN (OCLC)','ASIGNACIÓN LOCAL TIPO-NLM NÚMERO DE CLASIFICACIÓN (OCLC)',1,0,NULL),
('GEOGR_NAME','098','OTROS ESQUEMAS DE CLASIFICACIÓN (OCLC)','OTROS ESQUEMAS DE CLASIFICACIÓN (OCLC)',1,0,NULL),
('GEOGR_NAME','099','TEXTO-LIBRO SIGNATURA TOPOGRÁFICA LOCAL (OCLC)','TEXTO-LIBRO SIGNATURA TOPOGRÁFICA LOCAL (OCLC)',1,0,NULL),
('GEOGR_NAME','151','ENCABEZAMIENTO--NOMBRE GEOGRÁFICO','ENCABEZAMIENTO--NOMBRE GEOGRÁFICO',0,1,NULL),
('GEOGR_NAME','181','ENCABEZAMIENTO--SUBDIVISIÓN GEOGRÁFICA','ENCABEZAMIENTO--SUBDIVISIÓN GEOGRÁFICA',0,0,NULL),
('GEOGR_NAME','260','REFERENCIA COMPLEJA DE VÉASE--MATERIA','REFERENCIA COMPLEJA DE VÉASE--MATERIA',1,0,NULL),
('GEOGR_NAME','336','TIPO DE CONTENIDO','TIPO DE CONTENIDO',1,0,NULL),
('GEOGR_NAME','348','Formato de la música notada','Formato de la música notada',1,0,NULL),
('GEOGR_NAME','360','REFERENCIA COMPLEJA DE VÉASE ADEMÁS-MATERIA','REFERENCIA COMPLEJA DE VÉASE ADEMÁS-MATERIA',1,0,NULL),
('GEOGR_NAME','368','OTROS ATRIBUTOS DE PERSONA O ENTIDAD CORPORATIVA','OTROS ATRIBUTOS DE PERSONA O ENTIDAD CORPORATIVA',1,0,NULL),
('GEOGR_NAME','370','LUGAR ASOCIADO','LUGAR ASOCIADO',1,0,NULL),
('GEOGR_NAME','371','DIRECCIÓN','DIRECCIÓN',1,0,NULL),
('GEOGR_NAME','372','CAMPO DE ACTIVIDAD','CAMPO DE ACTIVIDAD',1,0,NULL),
('GEOGR_NAME','373','GRUPO ASOCIADO','GRUPO ASOCIADO',1,0,NULL),
('GEOGR_NAME','374','OCUPACIÓN','OCUPACIÓN',1,0,NULL),
('GEOGR_NAME','375','GÉNERO/SEXO','GÉNERO/SEXO',1,0,NULL),
('GEOGR_NAME','376','INFORMACIÓN DE FAMILIA','INFORMACIÓN DE FAMILIA',1,0,NULL),
('GEOGR_NAME','377','IDIOMA ASOCIADO','IDIOMA ASOCIADO',1,0,NULL),
('GEOGR_NAME','378','FORMA COMPLETA/DESARROLLADA DEL NOMBRE','FORMA COMPLETA/DESARROLLADA DEL NOMBRE',0,0,NULL),
('GEOGR_NAME','380','FORMA DE LA OBRA','FORMA DE LA OBRA',1,0,NULL),
('GEOGR_NAME','381','OTRAS CARACTERÍSTICAS DISTINTIVAS DE OBRA O EXPRESIÓN','OTRAS CARACTERÍSTICAS DISTINTIVAS DE OBRA O EXPRESIÓN',1,0,NULL),
('GEOGR_NAME','382','MEDIO DE INTERPRETACIÓN','MEDIO DE INTERPRETACIÓN',1,0,NULL),
('GEOGR_NAME','383','DESIGNACIÓN NUMÉRICA DE OBRA MUSICAL','DESIGNACIÓN NUMÉRICA DE OBRA MUSICAL',1,0,NULL),
('GEOGR_NAME','384','TONALIDAD/CLAVE','TONALIDAD/CLAVE',0,0,NULL),
('GEOGR_NAME','385','CARACTERÍSTICAS DE LA AUDIENCIA','CARACTERÍSTICAS DE LA AUDIENCIA',1,0,NULL),
('GEOGR_NAME','386','CARACTERÍSTICAS DEL CREADOR/COLABORADOR','CARACTERÍSTICAS DEL CREADOR/COLABORADOR',1,0,NULL),
('GEOGR_NAME','388','PERIODO TEMPORAL DE CREACIÓN','PERIODO TEMPORAL DE CREACIÓN',1,0,NULL),
('GEOGR_NAME','400','TRAZADO DE VÉASE--NOMBRE DE PERSONA','TRAZADO DE VÉASE--NOMBRE DE PERSONA',1,0,NULL),
('GEOGR_NAME','410','TRAZADO DE VÉASE--NOMBRE DE ENTIDAD CORPORATIVA','TRAZADO DE VÉASE--NOMBRE DE ENTIDAD CORPORATIVA',1,0,NULL),
('GEOGR_NAME','411','TRAZADO DE VÉASE--NOMBRE DE CONGRESO/REUNIÓN','TRAZADO DE VÉASE--NOMBRE DE CONGRESO/REUNIÓN',1,0,NULL),
('GEOGR_NAME','430','TRAZADO DE VÉASE--TÍTULO UNIFORME','TRAZADO DE VÉASE--TÍTULO UNIFORME',1,0,NULL),
('GEOGR_NAME','447','TRAZADO DE VÉASE--NOMBRE DEL ACONTECIMIENTO','TRAZADO DE VÉASE--NOMBRE DEL ACONTECIMIENTO',1,0,NULL),
('GEOGR_NAME','448','TRAZADO DE VÉASE--TÉRMINO CRONOLÓGICO','TRAZADO DE VÉASE--TÉRMINO CRONOLÓGICO',1,0,NULL),
('GEOGR_NAME','450','TRAZADO DE VÉASE--TÉRMINO DE MATERIA','TRAZADO DE VÉASE--TÉRMINO DE MATERIA',1,0,NULL),
('GEOGR_NAME','451','TRAZADO DE VÉASE--NOMBRE GEOGRÁFICO','TRAZADO DE VÉASE--NOMBRE GEOGRÁFICO',1,0,NULL),
('GEOGR_NAME','455','TRAZADO DE VÉASE--TÉRMINO GÉNERO/FORMA','TRAZADO DE VÉASE--TÉRMINO GÉNERO/FORMA',1,0,NULL),
('GEOGR_NAME','462','TRAZADO DE VÉASE-TÉRMINO DE MEDIO DE INTERPRETACIÓN','TRAZADO DE VÉASE-TÉRMINO DE MEDIO DE INTERPRETACIÓN',1,0,NULL),
('GEOGR_NAME','480','TRAZADO DE VÉASE--SUBDIVISIÓN GENERAL','TRAZADO DE VÉASE--SUBDIVISIÓN GENERAL',1,0,NULL),
('GEOGR_NAME','481','TRAZADO DE VÉASE--SUBDIVISIÓN GEOGRÁFICA','TRAZADO DE VÉASE--SUBDIVISIÓN GEOGRÁFICA',1,0,NULL),
('GEOGR_NAME','482','TRAZADO DE VÉASE--SUBDIVISIÓN CRONOLÓGICA','TRAZADO DE VÉASE--SUBDIVISIÓN CRONOLÓGICA',1,0,NULL),
('GEOGR_NAME','485','TRAZADO DE VÉASE ADEMÁS--SUBDIVISIÓN DE FORMA','TRAZADO DE VÉASE ADEMÁS--SUBDIVISIÓN DE FORMA',1,0,NULL),
('GEOGR_NAME','500','TRAZADO DE VÉASE ADEMÁS--NOMBRE DE PERSONA','TRAZADO DE VÉASE ADEMÁS--NOMBRE DE PERSONA',1,0,NULL),
('GEOGR_NAME','510','TRAZADO DE VÉASE ADEMÁS--NOMBRE DE ENTIDAD CORPORATIVA','TRAZADO DE VÉASE ADEMÁS--NOMBRE DE ENTIDAD CORPORATIVA',1,0,NULL),
('GEOGR_NAME','511','TRAZADO DE VÉASE ADEMÁS--NOMBRE DE REUNIÓN/CONGRESO','TRAZADO DE VÉASE ADEMÁS--NOMBRE DE REUNIÓN/CONGRESO',1,0,NULL),
('GEOGR_NAME','530','TRAZADO DE VÉASE ADEMÁS--TÍTULO UNIFORME','TRAZADO DE VÉASE ADEMÁS--TÍTULO UNIFORME',1,0,NULL),
('GEOGR_NAME','547','TRAZADO DE VÉASE ADEMÁS--NOMBRE DEL ACONTECIMIENTO','TRAZADO DE VÉASE ADEMÁS--NOMBRE DEL ACONTECIMIENTO',1,0,NULL),
('GEOGR_NAME','548','TRAZADO DE VÉASE ADEMÁS--TÉRMINO CRONOLÓGICO','TRAZADO DE VÉASE ADEMÁS--TÉRMINO CRONOLÓGICO',1,0,NULL),
('GEOGR_NAME','550','TRAZADO VÉASE ADEMÁS--TÉRMINO DE MATERIA','TRAZADO VÉASE ADEMÁS--TÉRMINO DE MATERIA',1,0,NULL),
('GEOGR_NAME','551','TRAZADO DE VÉASE ADEMÁS--NOMBRE GEOGRÁFICO','TRAZADO DE VÉASE ADEMÁS--NOMBRE GEOGRÁFICO',1,0,NULL),
('GEOGR_NAME','555','TRAZADO DE VÉASE ADEMÁS--TÉRMINO GÉNERO/FORMA','TRAZADO DE VÉASE ADEMÁS--TÉRMINO GÉNERO/FORMA',1,0,NULL),
('GEOGR_NAME','562','TRAZADO DE VÉASE ADEMÁS-TÉRMINO DE MEDIO DE INTERPRETACIÓN','TRAZADO DE VÉASE ADEMÁS-TÉRMINO DE MEDIO DE INTERPRETACIÓN',1,0,NULL),
('GEOGR_NAME','580','TRAZADO DE VÉASE ADEMÁS--SUBDIVISIÓN GENERAL','TRAZADO DE VÉASE ADEMÁS--SUBDIVISIÓN GENERAL',1,0,NULL),
('GEOGR_NAME','581','TRAZADO DE VÉASE ADEMÁS--SUBDIVISIÓN GEOGRÁFICA','TRAZADO DE VÉASE ADEMÁS--SUBDIVISIÓN GEOGRÁFICA',1,0,NULL),
('GEOGR_NAME','582','TRAZADO DE VÉASE ADEMÁS--SUBDIVISIÓN CRONOLÓGICA','TRAZADO DE VÉASE ADEMÁS--SUBDIVISIÓN CRONOLÓGICA',1,0,NULL),
('GEOGR_NAME','585','TRAZADO DE VÉASE ADEMÁS--SUBDIVISIÓN DE FORMA','TRAZADO DE VÉASE ADEMÁS--SUBDIVISIÓN DE FORMA',1,0,NULL),
('GEOGR_NAME','663','REFERENCIA COMPLEJA DE VÉASE ADEMÁS--NOMBRE','REFERENCIA COMPLEJA DE VÉASE ADEMÁS--NOMBRE',0,0,NULL),
('GEOGR_NAME','664','REFERENCIA COMPLEJA DE VÉASE--NOMBRE','REFERENCIA COMPLEJA DE VÉASE--NOMBRE',0,0,NULL),
('GEOGR_NAME','665','REFERENCIA HISTÓRICA','REFERENCIA HISTÓRICA',0,0,NULL),
('GEOGR_NAME','666','REFERENCIA EXPLICATIVA GENERAL--NOMBRE','REFERENCIA EXPLICATIVA GENERAL--NOMBRE',0,0,NULL),
('GEOGR_NAME','667','NOTA GENERAL NO PÚBLICA','NOTA GENERAL NO PÚBLICA',1,0,NULL),
('GEOGR_NAME','670','FUENTE DE DATOS ENCONTRADOS','FUENTE DE DATOS ENCONTRADOS',1,0,NULL),
('GEOGR_NAME','672','TÍTULO RELACIONADO CON LA ENTIDAD','TÍTULO RELACIONADO CON LA ENTIDAD',1,0,NULL),
('GEOGR_NAME','673','TÍTULO NO RELACIONADO CON LA ENTIDAD','TÍTULO NO RELACIONADO CON LA ENTIDAD',1,0,NULL),
('GEOGR_NAME','675','FUENTE DE DATOS NO ENCONTRADOS','FUENTE DE DATOS NO ENCONTRADOS',0,0,NULL),
('GEOGR_NAME','677','DEFINICIÓN','DEFINICIÓN',1,0,NULL),
('GEOGR_NAME','678','DATOS BIOGRÁFICOS O HISTÓRICOS','DATOS BIOGRÁFICOS O HISTÓRICOS',1,0,NULL),
('GEOGR_NAME','680','NOTA GENERAL PÚBLICA','NOTA GENERAL PÚBLICA',1,0,NULL),
('GEOGR_NAME','681','NOTA DE EJEMPLO DE TRAZADO DE MATERIA','NOTA DE EJEMPLO DE TRAZADO DE MATERIA',1,0,NULL),
('GEOGR_NAME','682','INFORMACIÓN DE ENCABEZAMIENTO ELIMINADO','INFORMACIÓN DE ENCABEZAMIENTO ELIMINADO',0,0,NULL),
('GEOGR_NAME','683','NOTA DE HISTORIAL DE SOLICITUD','NOTA DE HISTORIAL DE SOLICITUD',1,0,NULL),
('GEOGR_NAME','688','NOTA DE HISTORIAL DE SOLICITUD','NOTA DE HISTORIAL DE SOLICITUD',1,0,NULL),
('GEOGR_NAME','700','ENTRADA DE ENLACE DE ENCABEZAMIENTO ESTABLECIDO--NOMBRE DE PERSONA','ENTRADA DE ENLACE DE ENCABEZAMIENTO ESTABLECIDO--NOMBRE DE PERSONA',1,0,NULL),
('GEOGR_NAME','710','ENTRADA DE ENLACE DE ENCABEZAMIENTO ESTABLECIDO--NOMBRE DE ENTIDAD CORPORATIVA','ENTRADA DE ENLACE DE ENCABEZAMIENTO ESTABLECIDO--NOMBRE DE ENTIDAD CORPORATIVA',1,0,NULL),
('GEOGR_NAME','711','ENTRADA DE ENLACE DE ENCABEZAMIENTO ESTABLECIDO--NOMBRE DE REUNIÓN/CONGRESO','ENTRADA DE ENLACE DE ENCABEZAMIENTO ESTABLECIDO--NOMBRE DE REUNIÓN/CONGRESO',1,0,NULL),
('GEOGR_NAME','730','ENTRADA DE ENLACE DE ENCABEZAMIENTO ESTABLECIDO--TÍTULO UNIFORME','ENTRADA DE ENLACE DE ENCABEZAMIENTO ESTABLECIDO--TÍTULO UNIFORME',1,0,NULL),
('GEOGR_NAME','747','ENTRADA DE ENLACE DE ENCABEZAMIENTO ESTABLECIDO--NOMBRE DEL ACONTECIMIENTO','ENTRADA DE ENLACE DE ENCABEZAMIENTO ESTABLECIDO--NOMBRE DEL ACONTECIMIENTO',1,0,NULL),
('GEOGR_NAME','748','ENTRADA DE ENLACE DE ENCABEZAMIENTO ESTABLECIDO--TÉRMINO CRONOLÓGICO','ENTRADA DE ENLACE DE ENCABEZAMIENTO ESTABLECIDO--TÉRMINO CRONOLÓGICO',1,0,NULL),
('GEOGR_NAME','750','ENTRADA DE ENLACE DE ENCABEZAMIENTO ESTABLECIDO--TÉRMINO DE MATERIA','ENTRADA DE ENLACE DE ENCABEZAMIENTO ESTABLECIDO--TÉRMINO DE MATERIA',1,0,NULL),
('GEOGR_NAME','751','ENTRADA DE ENLACE DE ENCABEZAMIENTO ESTABLECIDO--NOMBRE GEOGRÁFICO','ENTRADA DE ENLACE DE ENCABEZAMIENTO ESTABLECIDO--NOMBRE GEOGRÁFICO',1,0,NULL),
('GEOGR_NAME','755','ENTRADA DE ENLACE DE ENCABEZAMIENTO ESTABLECIDO-–TÉRMINO DE GÉNERO/FORMA','ENTRADA DE ENLACE DE ENCABEZAMIENTO ESTABLECIDO-–TÉRMINO DE GÉNERO/FORMA',1,0,NULL),
('GEOGR_NAME','762','ENCABEZAMIENTO ESTABLECIDO ENTRADA DE ENLACE-TÉRMINO DE MEDIO DE INTERPRETACIÓN','ENCABEZAMIENTO ESTABLECIDO ENTRADA DE ENLACE-TÉRMINO DE MEDIO DE INTERPRETACIÓN',1,0,NULL),
('GEOGR_NAME','780','ENTRADA DE ENLACE DE SUBDIVISIÓN--SUBDIVISIÓN GENERAL','ENTRADA DE ENLACE DE SUBDIVISIÓN--SUBDIVISIÓN GENERAL',1,0,NULL),
('GEOGR_NAME','781','ENTRADA DE ENLACE DE SUBDIVISIÓN--SUBDIVISIÓN GEOGRÁFICA','ENTRADA DE ENLACE DE SUBDIVISIÓN--SUBDIVISIÓN GEOGRÁFICA',1,0,NULL),
('GEOGR_NAME','782','ENTRADA DE ENLACE DE SUBDIVISIÓN--SUBDIVISIÓN CRONOLÓGICA','ENTRADA DE ENLACE DE SUBDIVISIÓN--SUBDIVISIÓN CRONOLÓGICA',1,0,NULL),
('GEOGR_NAME','785','ENTRADA DE ENLACE DE SUBDIVISIÓN--SUBDIVISIÓN DE FORMA','ENTRADA DE ENLACE DE SUBDIVISIÓN--SUBDIVISIÓN DE FORMA',1,0,NULL),
('GEOGR_NAME','788','DATOS DE ENTRADA DE ENLACE COMPLEJO','DATOS DE ENTRADA DE ENLACE COMPLEJO',0,0,NULL),
('GEOGR_NAME','856','LOCALIZACIÓN Y ACCESO ELECTRÓNICOS','LOCALIZACIÓN Y ACCESO ELECTRÓNICOS',1,0,NULL),
('GEOGR_NAME','880','REPRESENTACIÓN GRÁFICA ALTERNATIVA','REPRESENTACIÓN GRÁFICA ALTERNATIVA',1,0,NULL),
('GEOGR_NAME','883','PROCEDENCIA DE LOS METADATOS GENERADOS POR ORDENADOR','PROCEDENCIA DE LOS METADATOS GENERADOS POR ORDENADOR',1,0,NULL),
('GEOGR_NAME','884','Información sobre la conversión de la descripción','Información sobre la conversión de la descripción',1,0,NULL),
('GEOGR_NAME','885','INFORMACIÓN DE REGISTROS COINCIDENTES','INFORMACIÓN DE REGISTROS COINCIDENTES',1,0,NULL),
('GEOGR_NAME','942','USO INTERNO DE KOHA','USO INTERNO DE KOHA',0,1,NULL),
('MEETI_NAME','000','LEADER','LEADER',0,1,NULL),
('MEETI_NAME','001','NÚMERO DE CONTROL','NÚMERO DE CONTROL',0,1,NULL),
('MEETI_NAME','003','IDENTIFICADOR DE NÚMERO DE CONTROL','IDENTIFICADOR DE NÚMERO DE CONTROL',0,1,NULL),
('MEETI_NAME','005','FECHA Y HORA DE LA ÚLTIMA TRANSACCIÓN','FECHA Y HORA DE LA ÚLTIMA TRANSACCIÓN',0,1,NULL),
('MEETI_NAME','008','ELEMENTOS DE DATO DE LONGITUD-FIJA','ELEMENTOS DE DATO DE LONGITUD-FIJA',0,1,NULL),
('MEETI_NAME','010','NÚMERO DE CONTROL DE LA BIBLIOTECA DEL CONGRESO','NÚMERO DE CONTROL DE LA BIBLIOTECA DEL CONGRESO',0,0,NULL),
('MEETI_NAME','014','ENLACE AL REGISTRO BIBLIOGRÁFICO PARA PUBLICACIÓN SERIADA O ÍTEM EN VARIAS PARTES','ENLACE AL REGISTRO BIBLIOGRÁFICO PARA PUBLICACIÓN SERIADA O ÍTEM EN VARIAS PARTES',1,0,NULL),
('MEETI_NAME','016','NÚMERO DE CONTROL DE UNA AGENCIA BIBLIOGRÁFICA NACIONAL','NÚMERO DE CONTROL DE UNA AGENCIA BIBLIOGRÁFICA NACIONAL',1,0,NULL),
('MEETI_NAME','020','NÚMERO INTERNACIONAL ESTÁNDAR DEL LIBRO','NÚMERO INTERNACIONAL ESTÁNDAR DEL LIBRO',1,0,NULL),
('MEETI_NAME','022','NÚMERO INTERNACIONAL NORMALIZADO PARA PUBLICACIONES SERIADAS','NÚMERO INTERNACIONAL NORMALIZADO PARA PUBLICACIONES SERIADAS',1,0,NULL),
('MEETI_NAME','024','IDENTIFICADOR DE OTROS ESTÁNDARES','IDENTIFICADOR DE OTROS ESTÁNDARES',1,0,NULL),
('MEETI_NAME','031','INFORMACIÓN DE LOS ÍNCIPITS MUSICALES','INFORMACIÓN DE LOS ÍNCIPITS MUSICALES',1,0,NULL),
('MEETI_NAME','034','DATOS MATEMÁTICOS CARTOGRÁFICOS CODIFICADOS','DATOS MATEMÁTICOS CARTOGRÁFICOS CODIFICADOS',1,0,NULL),
('MEETI_NAME','035','NÚMERO DE CONTROL DEL SISTEMA','NÚMERO DE CONTROL DEL SISTEMA',1,0,NULL),
('MEETI_NAME','040','FUENTE DE CATALOGACIÓN','FUENTE DE CATALOGACIÓN',0,1,NULL),
('MEETI_NAME','042','CÓDIGO DE AUTENTICACIÓN','CÓDIGO DE AUTENTICACIÓN',0,0,NULL),
('MEETI_NAME','043','CÓDIGO DE ÁREA GEOGRÁFICA','CÓDIGO DE ÁREA GEOGRÁFICA',0,0,NULL),
('MEETI_NAME','045','PERIODO DE TIEMPO DEL ENCABEZAMIENTO','PERIODO DE TIEMPO DEL ENCABEZAMIENTO',0,0,NULL),
('MEETI_NAME','046','FECHAS CON CODIFICACIÓN ESPECIAL','FECHAS CON CODIFICACIÓN ESPECIAL',1,0,NULL),
('MEETI_NAME','050','SIGNATURA TOPOGRÁFICA DE LA BIBLIOTECA DEL CONGRESO','SIGNATURA TOPOGRÁFICA DE LA BIBLIOTECA DEL CONGRESO',1,0,NULL),
('MEETI_NAME','052','CLASIFICACIÓN GEOGRÁFICA','CLASIFICACIÓN GEOGRÁFICA',1,0,NULL),
('MEETI_NAME','053','NÚMERO DE CLASIFICACIÓN LC','NÚMERO DE CLASIFICACIÓN LC',1,0,NULL),
('MEETI_NAME','055','SIGNATURA TOPOGRÁFICA DE BIBLIOTECAS Y ARCHIVOS DE CANADÁ','SIGNATURA TOPOGRÁFICA DE BIBLIOTECAS Y ARCHIVOS DE CANADÁ',1,0,NULL),
('MEETI_NAME','060','SIGNATURA TOPOGRÁFICA DE LA NATIONAL LIBRARY OF MEDICINE','SIGNATURA TOPOGRÁFICA DE LA NATIONAL LIBRARY OF MEDICINE',1,0,NULL),
('MEETI_NAME','065','OTRO NÚMERO DE CLASIFICACIÓN','OTRO NÚMERO DE CLASIFICACIÓN',1,0,NULL),
('MEETI_NAME','066','JUEGOS/CONJUNTO DE CARACTERES UTILIZADOS/PRESENTES','JUEGOS/CONJUNTO DE CARACTERES UTILIZADOS/PRESENTES',0,0,NULL),
('MEETI_NAME','070','SIGNATURA TOPOGRÁFICA DE LA NATIONAL AGRICULTURAL LIBRARY','SIGNATURA TOPOGRÁFICA DE LA NATIONAL AGRICULTURAL LIBRARY',1,0,NULL),
('MEETI_NAME','072','CÓDIGO DE CATEGORÍA DE MATERIA','CÓDIGO DE CATEGORÍA DE MATERIA',1,0,NULL),
('MEETI_NAME','073','USO DE SUBDIVISIÓN','USO DE SUBDIVISIÓN',0,0,NULL),
('MEETI_NAME','075','TIPO DE ENTIDAD','TIPO DE ENTIDAD',1,0,NULL),
('MEETI_NAME','080','NÚMERO DE LA CLASIFICACIÓN DECIMAL UNIVERSAL','NÚMERO DE LA CLASIFICACIÓN DECIMAL UNIVERSAL',1,0,NULL),
('MEETI_NAME','082','SIGNATURA TOPOGRÁFICA DECIMAL DEWEY','SIGNATURA TOPOGRÁFICA DECIMAL DEWEY',1,0,NULL),
('MEETI_NAME','083','NÚMERO DE LA CLASIFICACIÓN DECIMAL DEWEY','NÚMERO DE LA CLASIFICACIÓN DECIMAL DEWEY',1,0,NULL),
('MEETI_NAME','086','SIGNATURA TOPOGRÁFICA PARA DOCUMENTOS GUBERNAMENTALES','SIGNATURA TOPOGRÁFICA PARA DOCUMENTOS GUBERNAMENTALES',1,0,NULL),
('MEETI_NAME','087','NÚMERO DE CLASIFICACIÓN PARA DOCUMENTOS GUBERNAMENTALES','NÚMERO DE CLASIFICACIÓN PARA DOCUMENTOS GUBERNAMENTALES',1,0,NULL),
('MEETI_NAME','090','SIGNATURA TOPOGRÁFICA LOCAL (SERIE) [OBSOLETO]; LOCALMENTE ASIGNADO TIPO-LC SIGNATURA TOPOGRÁFICA (OCLC); SIGNATURA TOPOGRÁFICA LOCAL (RLIN)','SIGNATURA TOPOGRÁFICA LOCAL (SERIE) [OBSOLETO]; LOCALMENTE ASIGNADO TIPO-LC SIGNATURA TOPOGRÁFICA (OCLC); SIGNATURA TOPOGRÁFICA LOCAL (RLIN)',1,0,NULL),
('MEETI_NAME','091','LOCALMENTE ASIGNADO TIPO-LC NÚMERO DE CLASIFICACIÓN (OCLC); NÚMERO DE CLASIFICACIÓN LOCAL (RLIN)','LOCALMENTE ASIGNADO TIPO-LC NÚMERO DE CLASIFICACIÓN (OCLC); NÚMERO DE CLASIFICACIÓN LOCAL (RLIN)',0,0,NULL),
('MEETI_NAME','092','ASIGNACIÓN LOCAL DE SIGNATURA TOPOGRÁFICA DEWEY (OCLC)','ASIGNACIÓN LOCAL DE SIGNATURA TOPOGRÁFICA DEWEY (OCLC)',1,0,NULL),
('MEETI_NAME','093','ASIGNACIÓN LOCAL DEL NÚMERO DE CLASIFICACIÓN DEWEY (OCLC)','ASIGNACIÓN LOCAL DEL NÚMERO DE CLASIFICACIÓN DEWEY (OCLC)',1,0,NULL),
('MEETI_NAME','096','ASIGNACIÓN LOCAL TIPO-NLM SIGNATURA TOPOGRÁFICA (OCLC)','ASIGNACIÓN LOCAL TIPO-NLM SIGNATURA TOPOGRÁFICA (OCLC)',1,0,NULL),
('MEETI_NAME','097','ASIGNACIÓN LOCAL TIPO-NLM NÚMERO DE CLASIFICACIÓN (OCLC)','ASIGNACIÓN LOCAL TIPO-NLM NÚMERO DE CLASIFICACIÓN (OCLC)',1,0,NULL),
('MEETI_NAME','098','OTROS ESQUEMAS DE CLASIFICACIÓN (OCLC)','OTROS ESQUEMAS DE CLASIFICACIÓN (OCLC)',1,0,NULL),
('MEETI_NAME','099','TEXTO-LIBRO SIGNATURA TOPOGRÁFICA LOCAL (OCLC)','TEXTO-LIBRO SIGNATURA TOPOGRÁFICA LOCAL (OCLC)',1,0,NULL),
('MEETI_NAME','111','ENCABEZAMIENTO--NOMBRE DE CONGRESO/REUNIÓN','ENCABEZAMIENTO--NOMBRE DE CONGRESO/REUNIÓN',0,1,NULL),
('MEETI_NAME','260','REFERENCIA COMPLEJA DE VÉASE--MATERIA','REFERENCIA COMPLEJA DE VÉASE--MATERIA',1,0,NULL),
('MEETI_NAME','336','TIPO DE CONTENIDO','TIPO DE CONTENIDO',1,0,NULL),
('MEETI_NAME','348','Formato de la música notada','Formato de la música notada',1,0,NULL),
('MEETI_NAME','360','REFERENCIA COMPLEJA DE VÉASE ADEMÁS-MATERIA','REFERENCIA COMPLEJA DE VÉASE ADEMÁS-MATERIA',1,0,NULL),
('MEETI_NAME','368','OTROS ATRIBUTOS DE PERSONA O ENTIDAD CORPORATIVA','OTROS ATRIBUTOS DE PERSONA O ENTIDAD CORPORATIVA',1,0,NULL),
('MEETI_NAME','370','LUGAR ASOCIADO','LUGAR ASOCIADO',1,0,NULL),
('MEETI_NAME','371','DIRECCIÓN','DIRECCIÓN',1,0,NULL),
('MEETI_NAME','372','CAMPO DE ACTIVIDAD','CAMPO DE ACTIVIDAD',1,0,NULL),
('MEETI_NAME','373','GRUPO ASOCIADO','GRUPO ASOCIADO',1,0,NULL),
('MEETI_NAME','374','OCUPACIÓN','OCUPACIÓN',1,0,NULL),
('MEETI_NAME','375','GÉNERO/SEXO','GÉNERO/SEXO',1,0,NULL),
('MEETI_NAME','376','INFORMACIÓN DE FAMILIA','INFORMACIÓN DE FAMILIA',1,0,NULL),
('MEETI_NAME','377','IDIOMA ASOCIADO','IDIOMA ASOCIADO',1,0,NULL),
('MEETI_NAME','378','FORMA COMPLETA/DESARROLLADA DEL NOMBRE','FORMA COMPLETA/DESARROLLADA DEL NOMBRE',0,0,NULL),
('MEETI_NAME','380','FORMA DE LA OBRA','FORMA DE LA OBRA',1,0,NULL),
('MEETI_NAME','381','OTRAS CARACTERÍSTICAS DISTINTIVAS DE OBRA O EXPRESIÓN','OTRAS CARACTERÍSTICAS DISTINTIVAS DE OBRA O EXPRESIÓN',1,0,NULL),
('MEETI_NAME','382','MEDIO DE INTERPRETACIÓN','MEDIO DE INTERPRETACIÓN',1,0,NULL),
('MEETI_NAME','383','DESIGNACIÓN NUMÉRICA DE OBRA MUSICAL','DESIGNACIÓN NUMÉRICA DE OBRA MUSICAL',1,0,NULL),
('MEETI_NAME','384','TONALIDAD/CLAVE','TONALIDAD/CLAVE',0,0,NULL),
('MEETI_NAME','385','CARACTERÍSTICAS DE LA AUDIENCIA','CARACTERÍSTICAS DE LA AUDIENCIA',1,0,NULL),
('MEETI_NAME','386','CARACTERÍSTICAS DEL CREADOR/COLABORADOR','CARACTERÍSTICAS DEL CREADOR/COLABORADOR',1,0,NULL),
('MEETI_NAME','388','PERIODO TEMPORAL DE CREACIÓN','PERIODO TEMPORAL DE CREACIÓN',1,0,NULL),
('MEETI_NAME','400','TRAZADO DE VÉASE--NOMBRE DE PERSONA','TRAZADO DE VÉASE--NOMBRE DE PERSONA',1,0,NULL),
('MEETI_NAME','410','TRAZADO DE VÉASE--NOMBRE DE ENTIDAD CORPORATIVA','TRAZADO DE VÉASE--NOMBRE DE ENTIDAD CORPORATIVA',1,0,NULL),
('MEETI_NAME','411','TRAZADO DE VÉASE--NOMBRE DE CONGRESO/REUNIÓN','TRAZADO DE VÉASE--NOMBRE DE CONGRESO/REUNIÓN',1,0,NULL),
('MEETI_NAME','430','TRAZADO DE VÉASE--TÍTULO UNIFORME','TRAZADO DE VÉASE--TÍTULO UNIFORME',1,0,NULL),
('MEETI_NAME','447','TRAZADO DE VÉASE--NOMBRE DEL ACONTECIMIENTO','TRAZADO DE VÉASE--NOMBRE DEL ACONTECIMIENTO',1,0,NULL),
('MEETI_NAME','448','TRAZADO DE VÉASE--TÉRMINO CRONOLÓGICO','TRAZADO DE VÉASE--TÉRMINO CRONOLÓGICO',1,0,NULL),
('MEETI_NAME','450','TRAZADO DE VÉASE--TÉRMINO DE MATERIA','TRAZADO DE VÉASE--TÉRMINO DE MATERIA',1,0,NULL),
('MEETI_NAME','451','TRAZADO DE VÉASE--NOMBRE GEOGRÁFICO','TRAZADO DE VÉASE--NOMBRE GEOGRÁFICO',1,0,NULL),
('MEETI_NAME','455','TRAZADO DE VÉASE--TÉRMINO GÉNERO/FORMA','TRAZADO DE VÉASE--TÉRMINO GÉNERO/FORMA',1,0,NULL),
('MEETI_NAME','462','TRAZADO DE VÉASE-TÉRMINO DE MEDIO DE INTERPRETACIÓN','TRAZADO DE VÉASE-TÉRMINO DE MEDIO DE INTERPRETACIÓN',1,0,NULL),
('MEETI_NAME','480','TRAZADO DE VÉASE--SUBDIVISIÓN GENERAL','TRAZADO DE VÉASE--SUBDIVISIÓN GENERAL',1,0,NULL),
('MEETI_NAME','481','TRAZADO DE VÉASE--SUBDIVISIÓN GEOGRÁFICA','TRAZADO DE VÉASE--SUBDIVISIÓN GEOGRÁFICA',1,0,NULL),
('MEETI_NAME','482','TRAZADO DE VÉASE--SUBDIVISIÓN CRONOLÓGICA','TRAZADO DE VÉASE--SUBDIVISIÓN CRONOLÓGICA',1,0,NULL),
('MEETI_NAME','485','TRAZADO DE VÉASE ADEMÁS--SUBDIVISIÓN DE FORMA','TRAZADO DE VÉASE ADEMÁS--SUBDIVISIÓN DE FORMA',1,0,NULL),
('MEETI_NAME','500','TRAZADO DE VÉASE ADEMÁS--NOMBRE DE PERSONA','TRAZADO DE VÉASE ADEMÁS--NOMBRE DE PERSONA',1,0,NULL),
('MEETI_NAME','510','TRAZADO DE VÉASE ADEMÁS--NOMBRE DE ENTIDAD CORPORATIVA','TRAZADO DE VÉASE ADEMÁS--NOMBRE DE ENTIDAD CORPORATIVA',1,0,NULL),
('MEETI_NAME','511','TRAZADO DE VÉASE ADEMÁS--NOMBRE DE REUNIÓN/CONGRESO','TRAZADO DE VÉASE ADEMÁS--NOMBRE DE REUNIÓN/CONGRESO',1,0,NULL),
('MEETI_NAME','530','TRAZADO DE VÉASE ADEMÁS--TÍTULO UNIFORME','TRAZADO DE VÉASE ADEMÁS--TÍTULO UNIFORME',1,0,NULL),
('MEETI_NAME','547','TRAZADO DE VÉASE ADEMÁS--NOMBRE DEL ACONTECIMIENTO','TRAZADO DE VÉASE ADEMÁS--NOMBRE DEL ACONTECIMIENTO',1,0,NULL),
('MEETI_NAME','548','TRAZADO DE VÉASE ADEMÁS--TÉRMINO CRONOLÓGICO','TRAZADO DE VÉASE ADEMÁS--TÉRMINO CRONOLÓGICO',1,0,NULL),
('MEETI_NAME','550','TRAZADO VÉASE ADEMÁS--TÉRMINO DE MATERIA','TRAZADO VÉASE ADEMÁS--TÉRMINO DE MATERIA',1,0,NULL),
('MEETI_NAME','551','TRAZADO DE VÉASE ADEMÁS--NOMBRE GEOGRÁFICO','TRAZADO DE VÉASE ADEMÁS--NOMBRE GEOGRÁFICO',1,0,NULL),
('MEETI_NAME','555','TRAZADO DE VÉASE ADEMÁS--TÉRMINO GÉNERO/FORMA','TRAZADO DE VÉASE ADEMÁS--TÉRMINO GÉNERO/FORMA',1,0,NULL),
('MEETI_NAME','562','TRAZADO DE VÉASE ADEMÁS-TÉRMINO DE MEDIO DE INTERPRETACIÓN','TRAZADO DE VÉASE ADEMÁS-TÉRMINO DE MEDIO DE INTERPRETACIÓN',1,0,NULL),
('MEETI_NAME','580','TRAZADO DE VÉASE ADEMÁS--SUBDIVISIÓN GENERAL','TRAZADO DE VÉASE ADEMÁS--SUBDIVISIÓN GENERAL',1,0,NULL),
('MEETI_NAME','581','TRAZADO DE VÉASE ADEMÁS--SUBDIVISIÓN GEOGRÁFICA','TRAZADO DE VÉASE ADEMÁS--SUBDIVISIÓN GEOGRÁFICA',1,0,NULL),
('MEETI_NAME','582','TRAZADO DE VÉASE ADEMÁS--SUBDIVISIÓN CRONOLÓGICA','TRAZADO DE VÉASE ADEMÁS--SUBDIVISIÓN CRONOLÓGICA',1,0,NULL),
('MEETI_NAME','585','TRAZADO DE VÉASE ADEMÁS--SUBDIVISIÓN DE FORMA','TRAZADO DE VÉASE ADEMÁS--SUBDIVISIÓN DE FORMA',1,0,NULL),
('MEETI_NAME','663','REFERENCIA COMPLEJA DE VÉASE ADEMÁS--NOMBRE','REFERENCIA COMPLEJA DE VÉASE ADEMÁS--NOMBRE',0,0,NULL),
('MEETI_NAME','664','REFERENCIA COMPLEJA DE VÉASE--NOMBRE','REFERENCIA COMPLEJA DE VÉASE--NOMBRE',0,0,NULL),
('MEETI_NAME','665','REFERENCIA HISTÓRICA','REFERENCIA HISTÓRICA',0,0,NULL),
('MEETI_NAME','666','REFERENCIA EXPLICATIVA GENERAL--NOMBRE','REFERENCIA EXPLICATIVA GENERAL--NOMBRE',0,0,NULL),
('MEETI_NAME','667','NOTA GENERAL NO PÚBLICA','NOTA GENERAL NO PÚBLICA',1,0,NULL),
('MEETI_NAME','670','FUENTE DE DATOS ENCONTRADOS','FUENTE DE DATOS ENCONTRADOS',1,0,NULL),
('MEETI_NAME','672','TÍTULO RELACIONADO CON LA ENTIDAD','TÍTULO RELACIONADO CON LA ENTIDAD',1,0,NULL),
('MEETI_NAME','673','TÍTULO NO RELACIONADO CON LA ENTIDAD','TÍTULO NO RELACIONADO CON LA ENTIDAD',1,0,NULL),
('MEETI_NAME','675','FUENTE DE DATOS NO ENCONTRADOS','FUENTE DE DATOS NO ENCONTRADOS',0,0,NULL),
('MEETI_NAME','677','DEFINICIÓN','DEFINICIÓN',1,0,NULL),
('MEETI_NAME','678','DATOS BIOGRÁFICOS O HISTÓRICOS','DATOS BIOGRÁFICOS O HISTÓRICOS',1,0,NULL),
('MEETI_NAME','680','NOTA GENERAL PÚBLICA','NOTA GENERAL PÚBLICA',1,0,NULL),
('MEETI_NAME','681','NOTA DE EJEMPLO DE TRAZADO DE MATERIA','NOTA DE EJEMPLO DE TRAZADO DE MATERIA',1,0,NULL),
('MEETI_NAME','682','INFORMACIÓN DE ENCABEZAMIENTO ELIMINADO','INFORMACIÓN DE ENCABEZAMIENTO ELIMINADO',0,0,NULL),
('MEETI_NAME','683','NOTA DE HISTORIAL DE SOLICITUD','NOTA DE HISTORIAL DE SOLICITUD',1,0,NULL),
('MEETI_NAME','688','NOTA DE HISTORIAL DE SOLICITUD','NOTA DE HISTORIAL DE SOLICITUD',1,0,NULL),
('MEETI_NAME','700','ENTRADA DE ENLACE DE ENCABEZAMIENTO ESTABLECIDO--NOMBRE DE PERSONA','ENTRADA DE ENLACE DE ENCABEZAMIENTO ESTABLECIDO--NOMBRE DE PERSONA',1,0,NULL),
('MEETI_NAME','710','ENTRADA DE ENLACE DE ENCABEZAMIENTO ESTABLECIDO--NOMBRE DE ENTIDAD CORPORATIVA','ENTRADA DE ENLACE DE ENCABEZAMIENTO ESTABLECIDO--NOMBRE DE ENTIDAD CORPORATIVA',1,0,NULL),
('MEETI_NAME','711','ENTRADA DE ENLACE DE ENCABEZAMIENTO ESTABLECIDO--NOMBRE DE REUNIÓN/CONGRESO','ENTRADA DE ENLACE DE ENCABEZAMIENTO ESTABLECIDO--NOMBRE DE REUNIÓN/CONGRESO',1,0,NULL),
('MEETI_NAME','730','ENTRADA DE ENLACE DE ENCABEZAMIENTO ESTABLECIDO--TÍTULO UNIFORME','ENTRADA DE ENLACE DE ENCABEZAMIENTO ESTABLECIDO--TÍTULO UNIFORME',1,0,NULL),
('MEETI_NAME','747','ENTRADA DE ENLACE DE ENCABEZAMIENTO ESTABLECIDO--NOMBRE DEL ACONTECIMIENTO','ENTRADA DE ENLACE DE ENCABEZAMIENTO ESTABLECIDO--NOMBRE DEL ACONTECIMIENTO',1,0,NULL),
('MEETI_NAME','748','ENTRADA DE ENLACE DE ENCABEZAMIENTO ESTABLECIDO--TÉRMINO CRONOLÓGICO','ENTRADA DE ENLACE DE ENCABEZAMIENTO ESTABLECIDO--TÉRMINO CRONOLÓGICO',1,0,NULL),
('MEETI_NAME','750','ENTRADA DE ENLACE DE ENCABEZAMIENTO ESTABLECIDO--TÉRMINO DE MATERIA','ENTRADA DE ENLACE DE ENCABEZAMIENTO ESTABLECIDO--TÉRMINO DE MATERIA',1,0,NULL),
('MEETI_NAME','751','ENTRADA DE ENLACE DE ENCABEZAMIENTO ESTABLECIDO--NOMBRE GEOGRÁFICO','ENTRADA DE ENLACE DE ENCABEZAMIENTO ESTABLECIDO--NOMBRE GEOGRÁFICO',1,0,NULL),
('MEETI_NAME','755','ENTRADA DE ENLACE DE ENCABEZAMIENTO ESTABLECIDO-–TÉRMINO DE GÉNERO/FORMA','ENTRADA DE ENLACE DE ENCABEZAMIENTO ESTABLECIDO-–TÉRMINO DE GÉNERO/FORMA',1,0,NULL),
('MEETI_NAME','762','ENCABEZAMIENTO ESTABLECIDO ENTRADA DE ENLACE-TÉRMINO DE MEDIO DE INTERPRETACIÓN','ENCABEZAMIENTO ESTABLECIDO ENTRADA DE ENLACE-TÉRMINO DE MEDIO DE INTERPRETACIÓN',1,0,NULL),
('MEETI_NAME','780','ENTRADA DE ENLACE DE SUBDIVISIÓN--SUBDIVISIÓN GENERAL','ENTRADA DE ENLACE DE SUBDIVISIÓN--SUBDIVISIÓN GENERAL',1,0,NULL),
('MEETI_NAME','781','ENTRADA DE ENLACE DE SUBDIVISIÓN--SUBDIVISIÓN GEOGRÁFICA','ENTRADA DE ENLACE DE SUBDIVISIÓN--SUBDIVISIÓN GEOGRÁFICA',1,0,NULL),
('MEETI_NAME','782','ENTRADA DE ENLACE DE SUBDIVISIÓN--SUBDIVISIÓN CRONOLÓGICA','ENTRADA DE ENLACE DE SUBDIVISIÓN--SUBDIVISIÓN CRONOLÓGICA',1,0,NULL),
('MEETI_NAME','785','ENTRADA DE ENLACE DE SUBDIVISIÓN--SUBDIVISIÓN DE FORMA','ENTRADA DE ENLACE DE SUBDIVISIÓN--SUBDIVISIÓN DE FORMA',1,0,NULL),
('MEETI_NAME','788','DATOS DE ENTRADA DE ENLACE COMPLEJO','DATOS DE ENTRADA DE ENLACE COMPLEJO',0,0,NULL),
('MEETI_NAME','856','LOCALIZACIÓN Y ACCESO ELECTRÓNICOS','LOCALIZACIÓN Y ACCESO ELECTRÓNICOS',1,0,NULL),
('MEETI_NAME','880','REPRESENTACIÓN GRÁFICA ALTERNATIVA','REPRESENTACIÓN GRÁFICA ALTERNATIVA',1,0,NULL),
('MEETI_NAME','883','PROCEDENCIA DE LOS METADATOS GENERADOS POR ORDENADOR','PROCEDENCIA DE LOS METADATOS GENERADOS POR ORDENADOR',1,0,NULL),
('MEETI_NAME','884','Información sobre la conversión de la descripción','Información sobre la conversión de la descripción',1,0,NULL),
('MEETI_NAME','885','INFORMACIÓN DE REGISTROS COINCIDENTES','INFORMACIÓN DE REGISTROS COINCIDENTES',1,0,NULL),
('MEETI_NAME','942','USO INTERNO DE KOHA','USO INTERNO DE KOHA',0,1,NULL),
('PERSO_NAME','000','LEADER','LEADER',0,1,NULL),
('PERSO_NAME','001','NÚMERO DE CONTROL','NÚMERO DE CONTROL',0,1,NULL),
('PERSO_NAME','003','IDENTIFICADOR DE NÚMERO DE CONTROL','IDENTIFICADOR DE NÚMERO DE CONTROL',0,1,NULL),
('PERSO_NAME','005','FECHA Y HORA DE LA ÚLTIMA TRANSACCIÓN','FECHA Y HORA DE LA ÚLTIMA TRANSACCIÓN',0,1,NULL),
('PERSO_NAME','008','ELEMENTOS DE DATO DE LONGITUD-FIJA','ELEMENTOS DE DATO DE LONGITUD-FIJA',0,1,NULL),
('PERSO_NAME','010','NÚMERO DE CONTROL DE LA BIBLIOTECA DEL CONGRESO','NÚMERO DE CONTROL DE LA BIBLIOTECA DEL CONGRESO',0,0,NULL),
('PERSO_NAME','014','ENLACE AL REGISTRO BIBLIOGRÁFICO PARA PUBLICACIÓN SERIADA O ÍTEM EN VARIAS PARTES','ENLACE AL REGISTRO BIBLIOGRÁFICO PARA PUBLICACIÓN SERIADA O ÍTEM EN VARIAS PARTES',1,0,NULL),
('PERSO_NAME','016','NÚMERO DE CONTROL DE UNA AGENCIA BIBLIOGRÁFICA NACIONAL','NÚMERO DE CONTROL DE UNA AGENCIA BIBLIOGRÁFICA NACIONAL',1,0,NULL),
('PERSO_NAME','020','NÚMERO INTERNACIONAL ESTÁNDAR DEL LIBRO','NÚMERO INTERNACIONAL ESTÁNDAR DEL LIBRO',1,0,NULL),
('PERSO_NAME','022','NÚMERO INTERNACIONAL NORMALIZADO PARA PUBLICACIONES SERIADAS','NÚMERO INTERNACIONAL NORMALIZADO PARA PUBLICACIONES SERIADAS',1,0,NULL),
('PERSO_NAME','024','IDENTIFICADOR DE OTROS ESTÁNDARES','IDENTIFICADOR DE OTROS ESTÁNDARES',1,0,NULL),
('PERSO_NAME','031','INFORMACIÓN DE LOS ÍNCIPITS MUSICALES','INFORMACIÓN DE LOS ÍNCIPITS MUSICALES',1,0,NULL),
('PERSO_NAME','035','NÚMERO DE CONTROL DEL SISTEMA','NÚMERO DE CONTROL DEL SISTEMA',1,0,NULL),
('PERSO_NAME','040','FUENTE DE CATALOGACIÓN','FUENTE DE CATALOGACIÓN',0,1,NULL),
('PERSO_NAME','042','CÓDIGO DE AUTENTICACIÓN','CÓDIGO DE AUTENTICACIÓN',0,0,NULL),
('PERSO_NAME','043','CÓDIGO DE ÁREA GEOGRÁFICA','CÓDIGO DE ÁREA GEOGRÁFICA',0,0,NULL),
('PERSO_NAME','045','PERIODO DE TIEMPO DEL ENCABEZAMIENTO','PERIODO DE TIEMPO DEL ENCABEZAMIENTO',0,0,NULL),
('PERSO_NAME','046','FECHAS CON CODIFICACIÓN ESPECIAL','FECHAS CON CODIFICACIÓN ESPECIAL',1,0,NULL),
('PERSO_NAME','050','SIGNATURA TOPOGRÁFICA DE LA BIBLIOTECA DEL CONGRESO','SIGNATURA TOPOGRÁFICA DE LA BIBLIOTECA DEL CONGRESO',1,0,NULL),
('PERSO_NAME','052','CLASIFICACIÓN GEOGRÁFICA','CLASIFICACIÓN GEOGRÁFICA',1,0,NULL),
('PERSO_NAME','053','NÚMERO DE CLASIFICACIÓN LC','NÚMERO DE CLASIFICACIÓN LC',1,0,NULL),
('PERSO_NAME','055','SIGNATURA TOPOGRÁFICA DE BIBLIOTECAS Y ARCHIVOS DE CANADÁ','SIGNATURA TOPOGRÁFICA DE BIBLIOTECAS Y ARCHIVOS DE CANADÁ',1,0,NULL),
('PERSO_NAME','060','SIGNATURA TOPOGRÁFICA DE LA NATIONAL LIBRARY OF MEDICINE','SIGNATURA TOPOGRÁFICA DE LA NATIONAL LIBRARY OF MEDICINE',1,0,NULL),
('PERSO_NAME','065','OTRO NÚMERO DE CLASIFICACIÓN','OTRO NÚMERO DE CLASIFICACIÓN',1,0,NULL),
('PERSO_NAME','066','JUEGOS/CONJUNTO DE CARACTERES UTILIZADOS/PRESENTES','JUEGOS/CONJUNTO DE CARACTERES UTILIZADOS/PRESENTES',0,0,NULL),
('PERSO_NAME','070','SIGNATURA TOPOGRÁFICA DE LA NATIONAL AGRICULTURAL LIBRARY','SIGNATURA TOPOGRÁFICA DE LA NATIONAL AGRICULTURAL LIBRARY',1,0,NULL),
('PERSO_NAME','072','CÓDIGO DE CATEGORÍA DE MATERIA','CÓDIGO DE CATEGORÍA DE MATERIA',1,0,NULL),
('PERSO_NAME','073','USO DE SUBDIVISIÓN','USO DE SUBDIVISIÓN',0,0,NULL),
('PERSO_NAME','075','TIPO DE ENTIDAD','TIPO DE ENTIDAD',1,0,NULL),
('PERSO_NAME','080','NÚMERO DE LA CLASIFICACIÓN DECIMAL UNIVERSAL','NÚMERO DE LA CLASIFICACIÓN DECIMAL UNIVERSAL',1,0,NULL),
('PERSO_NAME','082','SIGNATURA TOPOGRÁFICA DECIMAL DEWEY','SIGNATURA TOPOGRÁFICA DECIMAL DEWEY',1,0,NULL),
('PERSO_NAME','083','NÚMERO DE LA CLASIFICACIÓN DECIMAL DEWEY','NÚMERO DE LA CLASIFICACIÓN DECIMAL DEWEY',1,0,NULL),
('PERSO_NAME','086','SIGNATURA TOPOGRÁFICA PARA DOCUMENTOS GUBERNAMENTALES','SIGNATURA TOPOGRÁFICA PARA DOCUMENTOS GUBERNAMENTALES',1,0,NULL),
('PERSO_NAME','087','NÚMERO DE CLASIFICACIÓN PARA DOCUMENTOS GUBERNAMENTALES','NÚMERO DE CLASIFICACIÓN PARA DOCUMENTOS GUBERNAMENTALES',1,0,NULL),
('PERSO_NAME','090','SIGNATURA TOPOGRÁFICA LOCAL (SERIE) [OBSOLETO]; LOCALMENTE ASIGNADO TIPO-LC SIGNATURA TOPOGRÁFICA (OCLC); SIGNATURA TOPOGRÁFICA LOCAL (RLIN)','SIGNATURA TOPOGRÁFICA LOCAL (SERIE) [OBSOLETO]; LOCALMENTE ASIGNADO TIPO-LC SIGNATURA TOPOGRÁFICA (OCLC); SIGNATURA TOPOGRÁFICA LOCAL (RLIN)',1,0,NULL),
('PERSO_NAME','091','LOCALMENTE ASIGNADO TIPO-LC NÚMERO DE CLASIFICACIÓN (OCLC); NÚMERO DE CLASIFICACIÓN LOCAL (RLIN)','LOCALMENTE ASIGNADO TIPO-LC NÚMERO DE CLASIFICACIÓN (OCLC); NÚMERO DE CLASIFICACIÓN LOCAL (RLIN)',0,0,NULL),
('PERSO_NAME','092','ASIGNACIÓN LOCAL DE SIGNATURA TOPOGRÁFICA DEWEY (OCLC)','ASIGNACIÓN LOCAL DE SIGNATURA TOPOGRÁFICA DEWEY (OCLC)',1,0,NULL),
('PERSO_NAME','093','ASIGNACIÓN LOCAL DEL NÚMERO DE CLASIFICACIÓN DEWEY (OCLC)','ASIGNACIÓN LOCAL DEL NÚMERO DE CLASIFICACIÓN DEWEY (OCLC)',1,0,NULL),
('PERSO_NAME','096','ASIGNACIÓN LOCAL TIPO-NLM SIGNATURA TOPOGRÁFICA (OCLC)','ASIGNACIÓN LOCAL TIPO-NLM SIGNATURA TOPOGRÁFICA (OCLC)',1,0,NULL),
('PERSO_NAME','097','ASIGNACIÓN LOCAL TIPO-NLM NÚMERO DE CLASIFICACIÓN (OCLC)','ASIGNACIÓN LOCAL TIPO-NLM NÚMERO DE CLASIFICACIÓN (OCLC)',1,0,NULL),
('PERSO_NAME','098','OTROS ESQUEMAS DE CLASIFICACIÓN (OCLC)','OTROS ESQUEMAS DE CLASIFICACIÓN (OCLC)',1,0,NULL),
('PERSO_NAME','099','TEXTO-LIBRO SIGNATURA TOPOGRÁFICA LOCAL (OCLC)','TEXTO-LIBRO SIGNATURA TOPOGRÁFICA LOCAL (OCLC)',1,0,NULL),
('PERSO_NAME','100','ENCABEZAMIENTO-NOMBRE DE PERSONA','ENCABEZAMIENTO-NOMBRE DE PERSONA',0,1,NULL),
('PERSO_NAME','260','REFERENCIA COMPLEJA DE VÉASE--MATERIA','REFERENCIA COMPLEJA DE VÉASE--MATERIA',1,0,NULL),
('PERSO_NAME','336','TIPO DE CONTENIDO','TIPO DE CONTENIDO',1,0,NULL),
('PERSO_NAME','348','Formato de la música notada','Formato de la música notada',1,0,NULL),
('PERSO_NAME','360','REFERENCIA COMPLEJA DE VÉASE ADEMÁS-MATERIA','REFERENCIA COMPLEJA DE VÉASE ADEMÁS-MATERIA',1,0,NULL),
('PERSO_NAME','368','OTROS ATRIBUTOS DE PERSONA O ENTIDAD CORPORATIVA','OTROS ATRIBUTOS DE PERSONA O ENTIDAD CORPORATIVA',1,0,NULL),
('PERSO_NAME','370','LUGAR ASOCIADO','LUGAR ASOCIADO',1,0,NULL),
('PERSO_NAME','371','DIRECCIÓN','DIRECCIÓN',1,0,NULL),
('PERSO_NAME','372','CAMPO DE ACTIVIDAD','CAMPO DE ACTIVIDAD',1,0,NULL),
('PERSO_NAME','373','GRUPO ASOCIADO','GRUPO ASOCIADO',1,0,NULL),
('PERSO_NAME','374','OCUPACIÓN','OCUPACIÓN',1,0,NULL),
('PERSO_NAME','375','GÉNERO/SEXO','GÉNERO/SEXO',1,0,NULL),
('PERSO_NAME','376','INFORMACIÓN DE FAMILIA','INFORMACIÓN DE FAMILIA',1,0,NULL),
('PERSO_NAME','377','IDIOMA ASOCIADO','IDIOMA ASOCIADO',1,0,NULL),
('PERSO_NAME','378','FORMA COMPLETA/DESARROLLADA DEL NOMBRE','FORMA COMPLETA/DESARROLLADA DEL NOMBRE',0,0,NULL),
('PERSO_NAME','380','FORMA DE LA OBRA','FORMA DE LA OBRA',1,0,NULL),
('PERSO_NAME','381','OTRAS CARACTERÍSTICAS DISTINTIVAS DE OBRA O EXPRESIÓN','OTRAS CARACTERÍSTICAS DISTINTIVAS DE OBRA O EXPRESIÓN',1,0,NULL),
('PERSO_NAME','382','MEDIO DE INTERPRETACIÓN','MEDIO DE INTERPRETACIÓN',1,0,NULL),
('PERSO_NAME','383','DESIGNACIÓN NUMÉRICA DE OBRA MUSICAL','DESIGNACIÓN NUMÉRICA DE OBRA MUSICAL',1,0,NULL),
('PERSO_NAME','384','TONALIDAD/CLAVE','TONALIDAD/CLAVE',0,0,NULL),
('PERSO_NAME','385','CARACTERÍSTICAS DE LA AUDIENCIA','CARACTERÍSTICAS DE LA AUDIENCIA',1,0,NULL),
('PERSO_NAME','386','CARACTERÍSTICAS DEL CREADOR/COLABORADOR','CARACTERÍSTICAS DEL CREADOR/COLABORADOR',1,0,NULL),
('PERSO_NAME','388','PERIODO TEMPORAL DE CREACIÓN','PERIODO TEMPORAL DE CREACIÓN',1,0,NULL),
('PERSO_NAME','400','TRAZADO DE VÉASE--NOMBRE DE PERSONA','TRAZADO DE VÉASE--NOMBRE DE PERSONA',1,0,NULL),
('PERSO_NAME','410','TRAZADO DE VÉASE--NOMBRE DE ENTIDAD CORPORATIVA','TRAZADO DE VÉASE--NOMBRE DE ENTIDAD CORPORATIVA',1,0,NULL),
('PERSO_NAME','411','TRAZADO DE VÉASE--NOMBRE DE CONGRESO/REUNIÓN','TRAZADO DE VÉASE--NOMBRE DE CONGRESO/REUNIÓN',1,0,NULL),
('PERSO_NAME','430','TRAZADO DE VÉASE--TÍTULO UNIFORME','TRAZADO DE VÉASE--TÍTULO UNIFORME',1,0,NULL),
('PERSO_NAME','447','TRAZADO DE VÉASE--NOMBRE DEL ACONTECIMIENTO','TRAZADO DE VÉASE--NOMBRE DEL ACONTECIMIENTO',1,0,NULL),
('PERSO_NAME','448','TRAZADO DE VÉASE--TÉRMINO CRONOLÓGICO','TRAZADO DE VÉASE--TÉRMINO CRONOLÓGICO',1,0,NULL),
('PERSO_NAME','450','TRAZADO DE VÉASE--TÉRMINO DE MATERIA','TRAZADO DE VÉASE--TÉRMINO DE MATERIA',1,0,NULL),
('PERSO_NAME','451','TRAZADO DE VÉASE--NOMBRE GEOGRÁFICO','TRAZADO DE VÉASE--NOMBRE GEOGRÁFICO',1,0,NULL),
('PERSO_NAME','455','TRAZADO DE VÉASE--TÉRMINO GÉNERO/FORMA','TRAZADO DE VÉASE--TÉRMINO GÉNERO/FORMA',1,0,NULL),
('PERSO_NAME','462','TRAZADO DE VÉASE-TÉRMINO DE MEDIO DE INTERPRETACIÓN','TRAZADO DE VÉASE-TÉRMINO DE MEDIO DE INTERPRETACIÓN',1,0,NULL),
('PERSO_NAME','480','TRAZADO DE VÉASE--SUBDIVISIÓN GENERAL','TRAZADO DE VÉASE--SUBDIVISIÓN GENERAL',1,0,NULL),
('PERSO_NAME','481','TRAZADO DE VÉASE--SUBDIVISIÓN GEOGRÁFICA','TRAZADO DE VÉASE--SUBDIVISIÓN GEOGRÁFICA',1,0,NULL),
('PERSO_NAME','482','TRAZADO DE VÉASE--SUBDIVISIÓN CRONOLÓGICA','TRAZADO DE VÉASE--SUBDIVISIÓN CRONOLÓGICA',1,0,NULL),
('PERSO_NAME','485','TRAZADO DE VÉASE ADEMÁS--SUBDIVISIÓN DE FORMA','TRAZADO DE VÉASE ADEMÁS--SUBDIVISIÓN DE FORMA',1,0,NULL),
('PERSO_NAME','500','TRAZADO DE VÉASE ADEMÁS--NOMBRE DE PERSONA','TRAZADO DE VÉASE ADEMÁS--NOMBRE DE PERSONA',1,0,NULL),
('PERSO_NAME','510','TRAZADO DE VÉASE ADEMÁS--NOMBRE DE ENTIDAD CORPORATIVA','TRAZADO DE VÉASE ADEMÁS--NOMBRE DE ENTIDAD CORPORATIVA',1,0,NULL),
('PERSO_NAME','511','TRAZADO DE VÉASE ADEMÁS--NOMBRE DE REUNIÓN/CONGRESO','TRAZADO DE VÉASE ADEMÁS--NOMBRE DE REUNIÓN/CONGRESO',1,0,NULL),
('PERSO_NAME','530','TRAZADO DE VÉASE ADEMÁS--TÍTULO UNIFORME','TRAZADO DE VÉASE ADEMÁS--TÍTULO UNIFORME',1,0,NULL),
('PERSO_NAME','547','TRAZADO DE VÉASE ADEMÁS--NOMBRE DEL ACONTECIMIENTO','TRAZADO DE VÉASE ADEMÁS--NOMBRE DEL ACONTECIMIENTO',1,0,NULL),
('PERSO_NAME','548','TRAZADO DE VÉASE ADEMÁS--TÉRMINO CRONOLÓGICO','TRAZADO DE VÉASE ADEMÁS--TÉRMINO CRONOLÓGICO',1,0,NULL),
('PERSO_NAME','550','TRAZADO VÉASE ADEMÁS--TÉRMINO DE MATERIA','TRAZADO VÉASE ADEMÁS--TÉRMINO DE MATERIA',1,0,NULL),
('PERSO_NAME','551','TRAZADO DE VÉASE ADEMÁS--NOMBRE GEOGRÁFICO','TRAZADO DE VÉASE ADEMÁS--NOMBRE GEOGRÁFICO',1,0,NULL),
('PERSO_NAME','555','TRAZADO DE VÉASE ADEMÁS--TÉRMINO GÉNERO/FORMA','TRAZADO DE VÉASE ADEMÁS--TÉRMINO GÉNERO/FORMA',1,0,NULL),
('PERSO_NAME','562','TRAZADO DE VÉASE ADEMÁS-TÉRMINO DE MEDIO DE INTERPRETACIÓN','TRAZADO DE VÉASE ADEMÁS-TÉRMINO DE MEDIO DE INTERPRETACIÓN',1,0,NULL),
('PERSO_NAME','580','TRAZADO DE VÉASE ADEMÁS--SUBDIVISIÓN GENERAL','TRAZADO DE VÉASE ADEMÁS--SUBDIVISIÓN GENERAL',1,0,NULL),
('PERSO_NAME','581','TRAZADO DE VÉASE ADEMÁS--SUBDIVISIÓN GEOGRÁFICA','TRAZADO DE VÉASE ADEMÁS--SUBDIVISIÓN GEOGRÁFICA',1,0,NULL),
('PERSO_NAME','582','TRAZADO DE VÉASE ADEMÁS--SUBDIVISIÓN CRONOLÓGICA','TRAZADO DE VÉASE ADEMÁS--SUBDIVISIÓN CRONOLÓGICA',1,0,NULL),
('PERSO_NAME','585','TRAZADO DE VÉASE ADEMÁS--SUBDIVISIÓN DE FORMA','TRAZADO DE VÉASE ADEMÁS--SUBDIVISIÓN DE FORMA',1,0,NULL),
('PERSO_NAME','663','REFERENCIA COMPLEJA DE VÉASE ADEMÁS--NOMBRE','REFERENCIA COMPLEJA DE VÉASE ADEMÁS--NOMBRE',0,0,NULL),
('PERSO_NAME','664','REFERENCIA COMPLEJA DE VÉASE--NOMBRE','REFERENCIA COMPLEJA DE VÉASE--NOMBRE',0,0,NULL),
('PERSO_NAME','665','REFERENCIA HISTÓRICA','REFERENCIA HISTÓRICA',0,0,NULL),
('PERSO_NAME','666','REFERENCIA EXPLICATIVA GENERAL--NOMBRE','REFERENCIA EXPLICATIVA GENERAL--NOMBRE',0,0,NULL),
('PERSO_NAME','667','NOTA GENERAL NO PÚBLICA','NOTA GENERAL NO PÚBLICA',1,0,NULL),
('PERSO_NAME','670','FUENTE DE DATOS ENCONTRADOS','FUENTE DE DATOS ENCONTRADOS',1,0,NULL),
('PERSO_NAME','672','TÍTULO RELACIONADO CON LA ENTIDAD','TÍTULO RELACIONADO CON LA ENTIDAD',1,0,NULL),
('PERSO_NAME','673','TÍTULO NO RELACIONADO CON LA ENTIDAD','TÍTULO NO RELACIONADO CON LA ENTIDAD',1,0,NULL),
('PERSO_NAME','675','FUENTE DE DATOS NO ENCONTRADOS','FUENTE DE DATOS NO ENCONTRADOS',0,0,NULL),
('PERSO_NAME','677','DEFINICIÓN','DEFINICIÓN',1,0,NULL),
('PERSO_NAME','678','DATOS BIOGRÁFICOS O HISTÓRICOS','DATOS BIOGRÁFICOS O HISTÓRICOS',1,0,NULL),
('PERSO_NAME','680','NOTA GENERAL PÚBLICA','NOTA GENERAL PÚBLICA',1,0,NULL),
('PERSO_NAME','681','NOTA DE EJEMPLO DE TRAZADO DE MATERIA','NOTA DE EJEMPLO DE TRAZADO DE MATERIA',1,0,NULL),
('PERSO_NAME','682','INFORMACIÓN DE ENCABEZAMIENTO ELIMINADO','INFORMACIÓN DE ENCABEZAMIENTO ELIMINADO',0,0,NULL),
('PERSO_NAME','683','NOTA DE HISTORIAL DE SOLICITUD','NOTA DE HISTORIAL DE SOLICITUD',1,0,NULL),
('PERSO_NAME','688','NOTA DE HISTORIAL DE SOLICITUD','NOTA DE HISTORIAL DE SOLICITUD',1,0,NULL),
('PERSO_NAME','700','ENTRADA DE ENLACE DE ENCABEZAMIENTO ESTABLECIDO--NOMBRE DE PERSONA','ENTRADA DE ENLACE DE ENCABEZAMIENTO ESTABLECIDO--NOMBRE DE PERSONA',1,0,NULL),
('PERSO_NAME','710','ENTRADA DE ENLACE DE ENCABEZAMIENTO ESTABLECIDO--NOMBRE DE ENTIDAD CORPORATIVA','ENTRADA DE ENLACE DE ENCABEZAMIENTO ESTABLECIDO--NOMBRE DE ENTIDAD CORPORATIVA',1,0,NULL),
('PERSO_NAME','711','ENTRADA DE ENLACE DE ENCABEZAMIENTO ESTABLECIDO--NOMBRE DE REUNIÓN/CONGRESO','ENTRADA DE ENLACE DE ENCABEZAMIENTO ESTABLECIDO--NOMBRE DE REUNIÓN/CONGRESO',1,0,NULL),
('PERSO_NAME','730','ENTRADA DE ENLACE DE ENCABEZAMIENTO ESTABLECIDO--TÍTULO UNIFORME','ENTRADA DE ENLACE DE ENCABEZAMIENTO ESTABLECIDO--TÍTULO UNIFORME',1,0,NULL),
('PERSO_NAME','747','ENTRADA DE ENLACE DE ENCABEZAMIENTO ESTABLECIDO--NOMBRE DEL ACONTECIMIENTO','ENTRADA DE ENLACE DE ENCABEZAMIENTO ESTABLECIDO--NOMBRE DEL ACONTECIMIENTO',1,0,NULL),
('PERSO_NAME','748','ENTRADA DE ENLACE DE ENCABEZAMIENTO ESTABLECIDO--TÉRMINO CRONOLÓGICO','ENTRADA DE ENLACE DE ENCABEZAMIENTO ESTABLECIDO--TÉRMINO CRONOLÓGICO',1,0,NULL),
('PERSO_NAME','750','ENTRADA DE ENLACE DE ENCABEZAMIENTO ESTABLECIDO--TÉRMINO DE MATERIA','ENTRADA DE ENLACE DE ENCABEZAMIENTO ESTABLECIDO--TÉRMINO DE MATERIA',1,0,NULL),
('PERSO_NAME','751','ENTRADA DE ENLACE DE ENCABEZAMIENTO ESTABLECIDO--NOMBRE GEOGRÁFICO','ENTRADA DE ENLACE DE ENCABEZAMIENTO ESTABLECIDO--NOMBRE GEOGRÁFICO',1,0,NULL),
('PERSO_NAME','755','ENTRADA DE ENLACE DE ENCABEZAMIENTO ESTABLECIDO-–TÉRMINO DE GÉNERO/FORMA','ENTRADA DE ENLACE DE ENCABEZAMIENTO ESTABLECIDO-–TÉRMINO DE GÉNERO/FORMA',1,0,NULL),
('PERSO_NAME','762','ENCABEZAMIENTO ESTABLECIDO ENTRADA DE ENLACE-TÉRMINO DE MEDIO DE INTERPRETACIÓN','ENCABEZAMIENTO ESTABLECIDO ENTRADA DE ENLACE-TÉRMINO DE MEDIO DE INTERPRETACIÓN',1,0,NULL),
('PERSO_NAME','780','ENTRADA DE ENLACE DE SUBDIVISIÓN--SUBDIVISIÓN GENERAL','ENTRADA DE ENLACE DE SUBDIVISIÓN--SUBDIVISIÓN GENERAL',1,0,NULL),
('PERSO_NAME','781','ENTRADA DE ENLACE DE SUBDIVISIÓN--SUBDIVISIÓN GEOGRÁFICA','ENTRADA DE ENLACE DE SUBDIVISIÓN--SUBDIVISIÓN GEOGRÁFICA',1,0,NULL),
('PERSO_NAME','782','ENTRADA DE ENLACE DE SUBDIVISIÓN--SUBDIVISIÓN CRONOLÓGICA','ENTRADA DE ENLACE DE SUBDIVISIÓN--SUBDIVISIÓN CRONOLÓGICA',1,0,NULL),
('PERSO_NAME','785','ENTRADA DE ENLACE DE SUBDIVISIÓN--SUBDIVISIÓN DE FORMA','ENTRADA DE ENLACE DE SUBDIVISIÓN--SUBDIVISIÓN DE FORMA',1,0,NULL),
('PERSO_NAME','788','DATOS DE ENTRADA DE ENLACE COMPLEJO','DATOS DE ENTRADA DE ENLACE COMPLEJO',0,0,NULL),
('PERSO_NAME','856','LOCALIZACIÓN Y ACCESO ELECTRÓNICOS','LOCALIZACIÓN Y ACCESO ELECTRÓNICOS',1,0,NULL),
('PERSO_NAME','880','REPRESENTACIÓN GRÁFICA ALTERNATIVA','REPRESENTACIÓN GRÁFICA ALTERNATIVA',1,0,NULL),
('PERSO_NAME','883','PROCEDENCIA DE LOS METADATOS GENERADOS POR ORDENADOR','PROCEDENCIA DE LOS METADATOS GENERADOS POR ORDENADOR',1,0,NULL),
('PERSO_NAME','884','Información sobre la conversión de la descripción','Información sobre la conversión de la descripción',1,0,NULL),
('PERSO_NAME','885','INFORMACIÓN DE REGISTROS COINCIDENTES','INFORMACIÓN DE REGISTROS COINCIDENTES',1,0,NULL),
('PERSO_NAME','942','USO INTERNO DE KOHA','USO INTERNO DE KOHA',0,1,NULL),
('TOPIC_TERM','000','LEADER','LEADER',0,1,NULL),
('TOPIC_TERM','001','NÚMERO DE CONTROL','NÚMERO DE CONTROL',0,1,NULL),
('TOPIC_TERM','003','IDENTIFICADOR DE NÚMERO DE CONTROL','IDENTIFICADOR DE NÚMERO DE CONTROL',0,1,NULL),
('TOPIC_TERM','005','FECHA Y HORA DE LA ÚLTIMA TRANSACCIÓN','FECHA Y HORA DE LA ÚLTIMA TRANSACCIÓN',0,1,NULL),
('TOPIC_TERM','008','ELEMENTOS DE DATO DE LONGITUD-FIJA','ELEMENTOS DE DATO DE LONGITUD-FIJA',0,1,NULL),
('TOPIC_TERM','010','NÚMERO DE CONTROL DE LA BIBLIOTECA DEL CONGRESO','NÚMERO DE CONTROL DE LA BIBLIOTECA DEL CONGRESO',0,0,NULL),
('TOPIC_TERM','016','NÚMERO DE CONTROL DE UNA AGENCIA BIBLIOGRÁFICA NACIONAL','NÚMERO DE CONTROL DE UNA AGENCIA BIBLIOGRÁFICA NACIONAL',1,0,NULL),
('TOPIC_TERM','024','IDENTIFICADOR DE OTROS ESTÁNDARES','IDENTIFICADOR DE OTROS ESTÁNDARES',1,0,NULL),
('TOPIC_TERM','034','DATOS MATEMÁTICOS CARTOGRÁFICOS CODIFICADOS','DATOS MATEMÁTICOS CARTOGRÁFICOS CODIFICADOS',1,0,NULL),
('TOPIC_TERM','035','NÚMERO DE CONTROL DEL SISTEMA','NÚMERO DE CONTROL DEL SISTEMA',1,0,NULL),
('TOPIC_TERM','040','FUENTE DE CATALOGACIÓN','FUENTE DE CATALOGACIÓN',0,1,NULL),
('TOPIC_TERM','042','CÓDIGO DE AUTENTICACIÓN','CÓDIGO DE AUTENTICACIÓN',0,0,NULL),
('TOPIC_TERM','043','CÓDIGO DE ÁREA GEOGRÁFICA','CÓDIGO DE ÁREA GEOGRÁFICA',0,0,NULL),
('TOPIC_TERM','045','PERIODO DE TIEMPO DEL ENCABEZAMIENTO','PERIODO DE TIEMPO DEL ENCABEZAMIENTO',0,0,NULL),
('TOPIC_TERM','046','FECHAS CON CODIFICACIÓN ESPECIAL','FECHAS CON CODIFICACIÓN ESPECIAL',1,0,NULL),
('TOPIC_TERM','050','SIGNATURA TOPOGRÁFICA DE LA BIBLIOTECA DEL CONGRESO','SIGNATURA TOPOGRÁFICA DE LA BIBLIOTECA DEL CONGRESO',1,0,NULL),
('TOPIC_TERM','052','CLASIFICACIÓN GEOGRÁFICA','CLASIFICACIÓN GEOGRÁFICA',1,0,NULL),
('TOPIC_TERM','053','NÚMERO DE CLASIFICACIÓN LC','NÚMERO DE CLASIFICACIÓN LC',1,0,NULL),
('TOPIC_TERM','055','SIGNATURA TOPOGRÁFICA DE BIBLIOTECAS Y ARCHIVOS DE CANADÁ','SIGNATURA TOPOGRÁFICA DE BIBLIOTECAS Y ARCHIVOS DE CANADÁ',1,0,NULL),
('TOPIC_TERM','060','SIGNATURA TOPOGRÁFICA DE LA NATIONAL LIBRARY OF MEDICINE','SIGNATURA TOPOGRÁFICA DE LA NATIONAL LIBRARY OF MEDICINE',1,0,NULL),
('TOPIC_TERM','065','OTRO NÚMERO DE CLASIFICACIÓN','OTRO NÚMERO DE CLASIFICACIÓN',1,0,NULL),
('TOPIC_TERM','066','JUEGOS/CONJUNTO DE CARACTERES UTILIZADOS/PRESENTES','JUEGOS/CONJUNTO DE CARACTERES UTILIZADOS/PRESENTES',0,0,NULL),
('TOPIC_TERM','070','SIGNATURA TOPOGRÁFICA DE LA NATIONAL AGRICULTURAL LIBRARY','SIGNATURA TOPOGRÁFICA DE LA NATIONAL AGRICULTURAL LIBRARY',1,0,NULL),
('TOPIC_TERM','072','CÓDIGO DE CATEGORÍA DE MATERIA','CÓDIGO DE CATEGORÍA DE MATERIA',1,0,NULL),
('TOPIC_TERM','073','USO DE SUBDIVISIÓN','USO DE SUBDIVISIÓN',0,0,NULL),
('TOPIC_TERM','075','TIPO DE ENTIDAD','TIPO DE ENTIDAD',1,0,NULL),
('TOPIC_TERM','080','NÚMERO DE LA CLASIFICACIÓN DECIMAL UNIVERSAL','NÚMERO DE LA CLASIFICACIÓN DECIMAL UNIVERSAL',1,0,NULL),
('TOPIC_TERM','082','SIGNATURA TOPOGRÁFICA DECIMAL DEWEY','SIGNATURA TOPOGRÁFICA DECIMAL DEWEY',1,0,NULL),
('TOPIC_TERM','083','NÚMERO DE LA CLASIFICACIÓN DECIMAL DEWEY','NÚMERO DE LA CLASIFICACIÓN DECIMAL DEWEY',1,0,NULL),
('TOPIC_TERM','086','SIGNATURA TOPOGRÁFICA PARA DOCUMENTOS GUBERNAMENTALES','SIGNATURA TOPOGRÁFICA PARA DOCUMENTOS GUBERNAMENTALES',1,0,NULL),
('TOPIC_TERM','087','NÚMERO DE CLASIFICACIÓN PARA DOCUMENTOS GUBERNAMENTALES','NÚMERO DE CLASIFICACIÓN PARA DOCUMENTOS GUBERNAMENTALES',1,0,NULL),
('TOPIC_TERM','090','SIGNATURA TOPOGRÁFICA LOCAL (SERIE) [OBSOLETO]; LOCALMENTE ASIGNADO TIPO-LC SIGNATURA TOPOGRÁFICA (OCLC); SIGNATURA TOPOGRÁFICA LOCAL (RLIN)','SIGNATURA TOPOGRÁFICA LOCAL (SERIE) [OBSOLETO]; LOCALMENTE ASIGNADO TIPO-LC SIGNATURA TOPOGRÁFICA (OCLC); SIGNATURA TOPOGRÁFICA LOCAL (RLIN)',1,0,NULL),
('TOPIC_TERM','091','LOCALMENTE ASIGNADO TIPO-LC NÚMERO DE CLASIFICACIÓN (OCLC); NÚMERO DE CLASIFICACIÓN LOCAL (RLIN)','LOCALMENTE ASIGNADO TIPO-LC NÚMERO DE CLASIFICACIÓN (OCLC); NÚMERO DE CLASIFICACIÓN LOCAL (RLIN)',0,0,NULL),
('TOPIC_TERM','092','ASIGNACIÓN LOCAL DE SIGNATURA TOPOGRÁFICA DEWEY (OCLC)','ASIGNACIÓN LOCAL DE SIGNATURA TOPOGRÁFICA DEWEY (OCLC)',1,0,NULL),
('TOPIC_TERM','093','ASIGNACIÓN LOCAL DEL NÚMERO DE CLASIFICACIÓN DEWEY (OCLC)','ASIGNACIÓN LOCAL DEL NÚMERO DE CLASIFICACIÓN DEWEY (OCLC)',1,0,NULL),
('TOPIC_TERM','096','ASIGNACIÓN LOCAL TIPO-NLM SIGNATURA TOPOGRÁFICA (OCLC)','ASIGNACIÓN LOCAL TIPO-NLM SIGNATURA TOPOGRÁFICA (OCLC)',1,0,NULL),
('TOPIC_TERM','097','ASIGNACIÓN LOCAL TIPO-NLM NÚMERO DE CLASIFICACIÓN (OCLC)','ASIGNACIÓN LOCAL TIPO-NLM NÚMERO DE CLASIFICACIÓN (OCLC)',1,0,NULL),
('TOPIC_TERM','098','OTROS ESQUEMAS DE CLASIFICACIÓN (OCLC)','OTROS ESQUEMAS DE CLASIFICACIÓN (OCLC)',1,0,NULL),
('TOPIC_TERM','099','TEXTO-LIBRO SIGNATURA TOPOGRÁFICA LOCAL (OCLC)','TEXTO-LIBRO SIGNATURA TOPOGRÁFICA LOCAL (OCLC)',1,0,NULL),
('TOPIC_TERM','150','ENCABEZAMIENTO--TÉRMINO DE MATERIA','ENCABEZAMIENTO--TÉRMINO DE MATERIA',0,1,NULL),
('TOPIC_TERM','180','ENCABEZAMIENTO--SUBDIVISIÓN GENERAL','ENCABEZAMIENTO--SUBDIVISIÓN GENERAL',0,0,NULL),
('TOPIC_TERM','260','REFERENCIA COMPLEJA DE VÉASE--MATERIA','REFERENCIA COMPLEJA DE VÉASE--MATERIA',1,0,NULL),
('TOPIC_TERM','336','TIPO DE CONTENIDO','TIPO DE CONTENIDO',1,0,NULL),
('TOPIC_TERM','348','Formato de la música notada','Formato de la música notada',1,0,NULL),
('TOPIC_TERM','360','REFERENCIA COMPLEJA DE VÉASE ADEMÁS-MATERIA','REFERENCIA COMPLEJA DE VÉASE ADEMÁS-MATERIA',1,0,NULL),
('TOPIC_TERM','368','OTROS ATRIBUTOS DE PERSONA O ENTIDAD CORPORATIVA','OTROS ATRIBUTOS DE PERSONA O ENTIDAD CORPORATIVA',1,0,NULL),
('TOPIC_TERM','370','LUGAR ASOCIADO','LUGAR ASOCIADO',1,0,NULL),
('TOPIC_TERM','371','DIRECCIÓN','DIRECCIÓN',1,0,NULL),
('TOPIC_TERM','372','CAMPO DE ACTIVIDAD','CAMPO DE ACTIVIDAD',1,0,NULL),
('TOPIC_TERM','373','GRUPO ASOCIADO','GRUPO ASOCIADO',1,0,NULL),
('TOPIC_TERM','374','OCUPACIÓN','OCUPACIÓN',1,0,NULL),
('TOPIC_TERM','375','GÉNERO/SEXO','GÉNERO/SEXO',1,0,NULL),
('TOPIC_TERM','376','INFORMACIÓN DE FAMILIA','INFORMACIÓN DE FAMILIA',1,0,NULL),
('TOPIC_TERM','377','IDIOMA ASOCIADO','IDIOMA ASOCIADO',1,0,NULL),
('TOPIC_TERM','378','FORMA COMPLETA/DESARROLLADA DEL NOMBRE','FORMA COMPLETA/DESARROLLADA DEL NOMBRE',0,0,NULL),
('TOPIC_TERM','380','FORMA DE LA OBRA','FORMA DE LA OBRA',1,0,NULL),
('TOPIC_TERM','381','OTRAS CARACTERÍSTICAS DISTINTIVAS DE OBRA O EXPRESIÓN','OTRAS CARACTERÍSTICAS DISTINTIVAS DE OBRA O EXPRESIÓN',1,0,NULL),
('TOPIC_TERM','382','MEDIO DE INTERPRETACIÓN','MEDIO DE INTERPRETACIÓN',1,0,NULL),
('TOPIC_TERM','383','DESIGNACIÓN NUMÉRICA DE OBRA MUSICAL','DESIGNACIÓN NUMÉRICA DE OBRA MUSICAL',1,0,NULL),
('TOPIC_TERM','384','TONALIDAD/CLAVE','TONALIDAD/CLAVE',0,0,NULL),
('TOPIC_TERM','385','CARACTERÍSTICAS DE LA AUDIENCIA','CARACTERÍSTICAS DE LA AUDIENCIA',1,0,NULL),
('TOPIC_TERM','386','CARACTERÍSTICAS DEL CREADOR/COLABORADOR','CARACTERÍSTICAS DEL CREADOR/COLABORADOR',1,0,NULL),
('TOPIC_TERM','388','PERIODO TEMPORAL DE CREACIÓN','PERIODO TEMPORAL DE CREACIÓN',1,0,NULL),
('TOPIC_TERM','400','TRAZADO DE VÉASE--NOMBRE DE PERSONA','TRAZADO DE VÉASE--NOMBRE DE PERSONA',1,0,NULL),
('TOPIC_TERM','410','TRAZADO DE VÉASE--NOMBRE DE ENTIDAD CORPORATIVA','TRAZADO DE VÉASE--NOMBRE DE ENTIDAD CORPORATIVA',1,0,NULL),
('TOPIC_TERM','411','TRAZADO DE VÉASE--NOMBRE DE CONGRESO/REUNIÓN','TRAZADO DE VÉASE--NOMBRE DE CONGRESO/REUNIÓN',1,0,NULL),
('TOPIC_TERM','430','TRAZADO DE VÉASE--TÍTULO UNIFORME','TRAZADO DE VÉASE--TÍTULO UNIFORME',1,0,NULL),
('TOPIC_TERM','447','TRAZADO DE VÉASE--NOMBRE DEL ACONTECIMIENTO','TRAZADO DE VÉASE--NOMBRE DEL ACONTECIMIENTO',1,0,NULL),
('TOPIC_TERM','448','TRAZADO DE VÉASE--TÉRMINO CRONOLÓGICO','TRAZADO DE VÉASE--TÉRMINO CRONOLÓGICO',1,0,NULL),
('TOPIC_TERM','450','TRAZADO DE VÉASE--TÉRMINO DE MATERIA','TRAZADO DE VÉASE--TÉRMINO DE MATERIA',1,0,NULL),
('TOPIC_TERM','451','TRAZADO DE VÉASE--NOMBRE GEOGRÁFICO','TRAZADO DE VÉASE--NOMBRE GEOGRÁFICO',1,0,NULL),
('TOPIC_TERM','455','TRAZADO DE VÉASE--TÉRMINO GÉNERO/FORMA','TRAZADO DE VÉASE--TÉRMINO GÉNERO/FORMA',1,0,NULL),
('TOPIC_TERM','462','TRAZADO DE VÉASE-TÉRMINO DE MEDIO DE INTERPRETACIÓN','TRAZADO DE VÉASE-TÉRMINO DE MEDIO DE INTERPRETACIÓN',1,0,NULL),
('TOPIC_TERM','480','TRAZADO DE VÉASE--SUBDIVISIÓN GENERAL','TRAZADO DE VÉASE--SUBDIVISIÓN GENERAL',1,0,NULL),
('TOPIC_TERM','481','TRAZADO DE VÉASE--SUBDIVISIÓN GEOGRÁFICA','TRAZADO DE VÉASE--SUBDIVISIÓN GEOGRÁFICA',1,0,NULL),
('TOPIC_TERM','482','TRAZADO DE VÉASE--SUBDIVISIÓN CRONOLÓGICA','TRAZADO DE VÉASE--SUBDIVISIÓN CRONOLÓGICA',1,0,NULL),
('TOPIC_TERM','485','TRAZADO DE VÉASE ADEMÁS--SUBDIVISIÓN DE FORMA','TRAZADO DE VÉASE ADEMÁS--SUBDIVISIÓN DE FORMA',1,0,NULL),
('TOPIC_TERM','500','TRAZADO DE VÉASE ADEMÁS--NOMBRE DE PERSONA','TRAZADO DE VÉASE ADEMÁS--NOMBRE DE PERSONA',1,0,NULL),
('TOPIC_TERM','510','TRAZADO DE VÉASE ADEMÁS--NOMBRE DE ENTIDAD CORPORATIVA','TRAZADO DE VÉASE ADEMÁS--NOMBRE DE ENTIDAD CORPORATIVA',1,0,NULL),
('TOPIC_TERM','511','TRAZADO DE VÉASE ADEMÁS--NOMBRE DE REUNIÓN/CONGRESO','TRAZADO DE VÉASE ADEMÁS--NOMBRE DE REUNIÓN/CONGRESO',1,0,NULL),
('TOPIC_TERM','530','TRAZADO DE VÉASE ADEMÁS--TÍTULO UNIFORME','TRAZADO DE VÉASE ADEMÁS--TÍTULO UNIFORME',1,0,NULL),
('TOPIC_TERM','547','TRAZADO DE VÉASE ADEMÁS--NOMBRE DEL ACONTECIMIENTO','TRAZADO DE VÉASE ADEMÁS--NOMBRE DEL ACONTECIMIENTO',1,0,NULL),
('TOPIC_TERM','548','TRAZADO DE VÉASE ADEMÁS--TÉRMINO CRONOLÓGICO','TRAZADO DE VÉASE ADEMÁS--TÉRMINO CRONOLÓGICO',1,0,NULL),
('TOPIC_TERM','550','TRAZADO VÉASE ADEMÁS--TÉRMINO DE MATERIA','TRAZADO VÉASE ADEMÁS--TÉRMINO DE MATERIA',1,0,NULL),
('TOPIC_TERM','551','TRAZADO DE VÉASE ADEMÁS--NOMBRE GEOGRÁFICO','TRAZADO DE VÉASE ADEMÁS--NOMBRE GEOGRÁFICO',1,0,NULL),
('TOPIC_TERM','555','TRAZADO DE VÉASE ADEMÁS--TÉRMINO GÉNERO/FORMA','TRAZADO DE VÉASE ADEMÁS--TÉRMINO GÉNERO/FORMA',1,0,NULL),
('TOPIC_TERM','562','TRAZADO DE VÉASE ADEMÁS-TÉRMINO DE MEDIO DE INTERPRETACIÓN','TRAZADO DE VÉASE ADEMÁS-TÉRMINO DE MEDIO DE INTERPRETACIÓN',1,0,NULL),
('TOPIC_TERM','580','TRAZADO DE VÉASE ADEMÁS--SUBDIVISIÓN GENERAL','TRAZADO DE VÉASE ADEMÁS--SUBDIVISIÓN GENERAL',1,0,NULL),
('TOPIC_TERM','581','TRAZADO DE VÉASE ADEMÁS--SUBDIVISIÓN GEOGRÁFICA','TRAZADO DE VÉASE ADEMÁS--SUBDIVISIÓN GEOGRÁFICA',1,0,NULL),
('TOPIC_TERM','582','TRAZADO DE VÉASE ADEMÁS--SUBDIVISIÓN CRONOLÓGICA','TRAZADO DE VÉASE ADEMÁS--SUBDIVISIÓN CRONOLÓGICA',1,0,NULL),
('TOPIC_TERM','585','TRAZADO DE VÉASE ADEMÁS--SUBDIVISIÓN DE FORMA','TRAZADO DE VÉASE ADEMÁS--SUBDIVISIÓN DE FORMA',1,0,NULL),
('TOPIC_TERM','663','REFERENCIA COMPLEJA DE VÉASE ADEMÁS--NOMBRE','REFERENCIA COMPLEJA DE VÉASE ADEMÁS--NOMBRE',0,0,NULL),
('TOPIC_TERM','664','REFERENCIA COMPLEJA DE VÉASE--NOMBRE','REFERENCIA COMPLEJA DE VÉASE--NOMBRE',0,0,NULL),
('TOPIC_TERM','665','REFERENCIA HISTÓRICA','REFERENCIA HISTÓRICA',0,0,NULL),
('TOPIC_TERM','666','REFERENCIA EXPLICATIVA GENERAL--NOMBRE','REFERENCIA EXPLICATIVA GENERAL--NOMBRE',0,0,NULL),
('TOPIC_TERM','667','NOTA GENERAL NO PÚBLICA','NOTA GENERAL NO PÚBLICA',1,0,NULL),
('TOPIC_TERM','670','FUENTE DE DATOS ENCONTRADOS','FUENTE DE DATOS ENCONTRADOS',1,0,NULL),
('TOPIC_TERM','672','TÍTULO RELACIONADO CON LA ENTIDAD','TÍTULO RELACIONADO CON LA ENTIDAD',1,0,NULL),
('TOPIC_TERM','673','TÍTULO NO RELACIONADO CON LA ENTIDAD','TÍTULO NO RELACIONADO CON LA ENTIDAD',1,0,NULL),
('TOPIC_TERM','675','FUENTE DE DATOS NO ENCONTRADOS','FUENTE DE DATOS NO ENCONTRADOS',0,0,NULL),
('TOPIC_TERM','677','DEFINICIÓN','DEFINICIÓN',1,0,NULL),
('TOPIC_TERM','678','DATOS BIOGRÁFICOS O HISTÓRICOS','DATOS BIOGRÁFICOS O HISTÓRICOS',1,0,NULL),
('TOPIC_TERM','680','NOTA GENERAL PÚBLICA','NOTA GENERAL PÚBLICA',1,0,NULL),
('TOPIC_TERM','681','NOTA DE EJEMPLO DE TRAZADO DE MATERIA','NOTA DE EJEMPLO DE TRAZADO DE MATERIA',1,0,NULL),
('TOPIC_TERM','682','INFORMACIÓN DE ENCABEZAMIENTO ELIMINADO','INFORMACIÓN DE ENCABEZAMIENTO ELIMINADO',0,0,NULL),
('TOPIC_TERM','683','NOTA DE HISTORIAL DE SOLICITUD','NOTA DE HISTORIAL DE SOLICITUD',1,0,NULL),
('TOPIC_TERM','688','NOTA DE HISTORIAL DE SOLICITUD','NOTA DE HISTORIAL DE SOLICITUD',1,0,NULL),
('TOPIC_TERM','700','ENTRADA DE ENLACE DE ENCABEZAMIENTO ESTABLECIDO--NOMBRE DE PERSONA','ENTRADA DE ENLACE DE ENCABEZAMIENTO ESTABLECIDO--NOMBRE DE PERSONA',1,0,NULL),
('TOPIC_TERM','710','ENTRADA DE ENLACE DE ENCABEZAMIENTO ESTABLECIDO--NOMBRE DE ENTIDAD CORPORATIVA','ENTRADA DE ENLACE DE ENCABEZAMIENTO ESTABLECIDO--NOMBRE DE ENTIDAD CORPORATIVA',1,0,NULL),
('TOPIC_TERM','711','ENTRADA DE ENLACE DE ENCABEZAMIENTO ESTABLECIDO--NOMBRE DE REUNIÓN/CONGRESO','ENTRADA DE ENLACE DE ENCABEZAMIENTO ESTABLECIDO--NOMBRE DE REUNIÓN/CONGRESO',1,0,NULL),
('TOPIC_TERM','730','ENTRADA DE ENLACE DE ENCABEZAMIENTO ESTABLECIDO--TÍTULO UNIFORME','ENTRADA DE ENLACE DE ENCABEZAMIENTO ESTABLECIDO--TÍTULO UNIFORME',1,0,NULL),
('TOPIC_TERM','747','ENTRADA DE ENLACE DE ENCABEZAMIENTO ESTABLECIDO--NOMBRE DEL ACONTECIMIENTO','ENTRADA DE ENLACE DE ENCABEZAMIENTO ESTABLECIDO--NOMBRE DEL ACONTECIMIENTO',1,0,NULL),
('TOPIC_TERM','748','ENTRADA DE ENLACE DE ENCABEZAMIENTO ESTABLECIDO--TÉRMINO CRONOLÓGICO','ENTRADA DE ENLACE DE ENCABEZAMIENTO ESTABLECIDO--TÉRMINO CRONOLÓGICO',1,0,NULL),
('TOPIC_TERM','750','ENTRADA DE ENLACE DE ENCABEZAMIENTO ESTABLECIDO--TÉRMINO DE MATERIA','ENTRADA DE ENLACE DE ENCABEZAMIENTO ESTABLECIDO--TÉRMINO DE MATERIA',1,0,NULL),
('TOPIC_TERM','751','ENTRADA DE ENLACE DE ENCABEZAMIENTO ESTABLECIDO--NOMBRE GEOGRÁFICO','ENTRADA DE ENLACE DE ENCABEZAMIENTO ESTABLECIDO--NOMBRE GEOGRÁFICO',1,0,NULL),
('TOPIC_TERM','755','ENTRADA DE ENLACE DE ENCABEZAMIENTO ESTABLECIDO-–TÉRMINO DE GÉNERO/FORMA','ENTRADA DE ENLACE DE ENCABEZAMIENTO ESTABLECIDO-–TÉRMINO DE GÉNERO/FORMA',1,0,NULL),
('TOPIC_TERM','762','ENCABEZAMIENTO ESTABLECIDO ENTRADA DE ENLACE-TÉRMINO DE MEDIO DE INTERPRETACIÓN','ENCABEZAMIENTO ESTABLECIDO ENTRADA DE ENLACE-TÉRMINO DE MEDIO DE INTERPRETACIÓN',1,0,NULL),
('TOPIC_TERM','780','ENTRADA DE ENLACE DE SUBDIVISIÓN--SUBDIVISIÓN GENERAL','ENTRADA DE ENLACE DE SUBDIVISIÓN--SUBDIVISIÓN GENERAL',1,0,NULL),
('TOPIC_TERM','781','ENTRADA DE ENLACE DE SUBDIVISIÓN--SUBDIVISIÓN GEOGRÁFICA','ENTRADA DE ENLACE DE SUBDIVISIÓN--SUBDIVISIÓN GEOGRÁFICA',1,0,NULL),
('TOPIC_TERM','782','ENTRADA DE ENLACE DE SUBDIVISIÓN--SUBDIVISIÓN CRONOLÓGICA','ENTRADA DE ENLACE DE SUBDIVISIÓN--SUBDIVISIÓN CRONOLÓGICA',1,0,NULL),
('TOPIC_TERM','785','ENTRADA DE ENLACE DE SUBDIVISIÓN--SUBDIVISIÓN DE FORMA','ENTRADA DE ENLACE DE SUBDIVISIÓN--SUBDIVISIÓN DE FORMA',1,0,NULL),
('TOPIC_TERM','788','DATOS DE ENTRADA DE ENLACE COMPLEJO','DATOS DE ENTRADA DE ENLACE COMPLEJO',0,0,NULL),
('TOPIC_TERM','856','LOCALIZACIÓN Y ACCESO ELECTRÓNICOS','LOCALIZACIÓN Y ACCESO ELECTRÓNICOS',1,0,NULL),
('TOPIC_TERM','880','REPRESENTACIÓN GRÁFICA ALTERNATIVA','REPRESENTACIÓN GRÁFICA ALTERNATIVA',1,0,NULL),
('TOPIC_TERM','883','PROCEDENCIA DE LOS METADATOS GENERADOS POR ORDENADOR','PROCEDENCIA DE LOS METADATOS GENERADOS POR ORDENADOR',1,0,NULL),
('TOPIC_TERM','884','Información sobre la conversión de la descripción','Información sobre la conversión de la descripción',1,0,NULL),
('TOPIC_TERM','885','INFORMACIÓN DE REGISTROS COINCIDENTES','INFORMACIÓN DE REGISTROS COINCIDENTES',1,0,NULL),
('TOPIC_TERM','942','USO INTERNO DE KOHA','USO INTERNO DE KOHA',0,1,NULL),
('UNIF_TITLE','000','LEADER','LEADER',0,1,NULL),
('UNIF_TITLE','001','NÚMERO DE CONTROL','NÚMERO DE CONTROL',0,1,NULL),
('UNIF_TITLE','003','IDENTIFICADOR DE NÚMERO DE CONTROL','IDENTIFICADOR DE NÚMERO DE CONTROL',0,1,NULL),
('UNIF_TITLE','005','FECHA Y HORA DE LA ÚLTIMA TRANSACCIÓN','FECHA Y HORA DE LA ÚLTIMA TRANSACCIÓN',0,1,NULL),
('UNIF_TITLE','008','ELEMENTOS DE DATO DE LONGITUD-FIJA','ELEMENTOS DE DATO DE LONGITUD-FIJA',0,1,NULL),
('UNIF_TITLE','010','NÚMERO DE CONTROL DE LA BIBLIOTECA DEL CONGRESO','NÚMERO DE CONTROL DE LA BIBLIOTECA DEL CONGRESO',0,0,NULL),
('UNIF_TITLE','014','ENLACE AL REGISTRO BIBLIOGRÁFICO PARA PUBLICACIÓN SERIADA O ÍTEM EN VARIAS PARTES','ENLACE AL REGISTRO BIBLIOGRÁFICO PARA PUBLICACIÓN SERIADA O ÍTEM EN VARIAS PARTES',1,0,NULL),
('UNIF_TITLE','016','NÚMERO DE CONTROL DE UNA AGENCIA BIBLIOGRÁFICA NACIONAL','NÚMERO DE CONTROL DE UNA AGENCIA BIBLIOGRÁFICA NACIONAL',1,0,NULL),
('UNIF_TITLE','020','NÚMERO INTERNACIONAL ESTÁNDAR DEL LIBRO','NÚMERO INTERNACIONAL ESTÁNDAR DEL LIBRO',1,0,NULL),
('UNIF_TITLE','022','NÚMERO INTERNACIONAL NORMALIZADO PARA PUBLICACIONES SERIADAS','NÚMERO INTERNACIONAL NORMALIZADO PARA PUBLICACIONES SERIADAS',1,0,NULL),
('UNIF_TITLE','024','IDENTIFICADOR DE OTROS ESTÁNDARES','IDENTIFICADOR DE OTROS ESTÁNDARES',1,0,NULL),
('UNIF_TITLE','031','INFORMACIÓN DE LOS ÍNCIPITS MUSICALES','INFORMACIÓN DE LOS ÍNCIPITS MUSICALES',1,0,NULL),
('UNIF_TITLE','034','DATOS MATEMÁTICOS CARTOGRÁFICOS CODIFICADOS','DATOS MATEMÁTICOS CARTOGRÁFICOS CODIFICADOS',1,0,NULL),
('UNIF_TITLE','035','NÚMERO DE CONTROL DEL SISTEMA','NÚMERO DE CONTROL DEL SISTEMA',1,0,NULL),
('UNIF_TITLE','040','FUENTE DE CATALOGACIÓN','FUENTE DE CATALOGACIÓN',0,1,NULL),
('UNIF_TITLE','042','CÓDIGO DE AUTENTICACIÓN','CÓDIGO DE AUTENTICACIÓN',0,0,NULL),
('UNIF_TITLE','043','CÓDIGO DE ÁREA GEOGRÁFICA','CÓDIGO DE ÁREA GEOGRÁFICA',0,0,NULL),
('UNIF_TITLE','045','PERIODO DE TIEMPO DEL ENCABEZAMIENTO','PERIODO DE TIEMPO DEL ENCABEZAMIENTO',0,0,NULL),
('UNIF_TITLE','046','FECHAS CON CODIFICACIÓN ESPECIAL','FECHAS CON CODIFICACIÓN ESPECIAL',1,0,NULL),
('UNIF_TITLE','050','SIGNATURA TOPOGRÁFICA DE LA BIBLIOTECA DEL CONGRESO','SIGNATURA TOPOGRÁFICA DE LA BIBLIOTECA DEL CONGRESO',1,0,NULL),
('UNIF_TITLE','052','CLASIFICACIÓN GEOGRÁFICA','CLASIFICACIÓN GEOGRÁFICA',1,0,NULL),
('UNIF_TITLE','053','NÚMERO DE CLASIFICACIÓN LC','NÚMERO DE CLASIFICACIÓN LC',1,0,NULL),
('UNIF_TITLE','055','SIGNATURA TOPOGRÁFICA DE BIBLIOTECAS Y ARCHIVOS DE CANADÁ','SIGNATURA TOPOGRÁFICA DE BIBLIOTECAS Y ARCHIVOS DE CANADÁ',1,0,NULL),
('UNIF_TITLE','060','SIGNATURA TOPOGRÁFICA DE LA NATIONAL LIBRARY OF MEDICINE','SIGNATURA TOPOGRÁFICA DE LA NATIONAL LIBRARY OF MEDICINE',1,0,NULL),
('UNIF_TITLE','065','OTRO NÚMERO DE CLASIFICACIÓN','OTRO NÚMERO DE CLASIFICACIÓN',1,0,NULL),
('UNIF_TITLE','066','JUEGOS/CONJUNTO DE CARACTERES UTILIZADOS/PRESENTES','JUEGOS/CONJUNTO DE CARACTERES UTILIZADOS/PRESENTES',0,0,NULL),
('UNIF_TITLE','070','SIGNATURA TOPOGRÁFICA DE LA NATIONAL AGRICULTURAL LIBRARY','SIGNATURA TOPOGRÁFICA DE LA NATIONAL AGRICULTURAL LIBRARY',1,0,NULL),
('UNIF_TITLE','072','CÓDIGO DE CATEGORÍA DE MATERIA','CÓDIGO DE CATEGORÍA DE MATERIA',1,0,NULL),
('UNIF_TITLE','073','USO DE SUBDIVISIÓN','USO DE SUBDIVISIÓN',0,0,NULL),
('UNIF_TITLE','075','TIPO DE ENTIDAD','TIPO DE ENTIDAD',1,0,NULL),
('UNIF_TITLE','080','NÚMERO DE LA CLASIFICACIÓN DECIMAL UNIVERSAL','NÚMERO DE LA CLASIFICACIÓN DECIMAL UNIVERSAL',1,0,NULL),
('UNIF_TITLE','082','SIGNATURA TOPOGRÁFICA DECIMAL DEWEY','SIGNATURA TOPOGRÁFICA DECIMAL DEWEY',1,0,NULL),
('UNIF_TITLE','083','NÚMERO DE LA CLASIFICACIÓN DECIMAL DEWEY','NÚMERO DE LA CLASIFICACIÓN DECIMAL DEWEY',1,0,NULL),
('UNIF_TITLE','086','SIGNATURA TOPOGRÁFICA PARA DOCUMENTOS GUBERNAMENTALES','SIGNATURA TOPOGRÁFICA PARA DOCUMENTOS GUBERNAMENTALES',1,0,NULL),
('UNIF_TITLE','087','NÚMERO DE CLASIFICACIÓN PARA DOCUMENTOS GUBERNAMENTALES','NÚMERO DE CLASIFICACIÓN PARA DOCUMENTOS GUBERNAMENTALES',1,0,NULL),
('UNIF_TITLE','090','SIGNATURA TOPOGRÁFICA LOCAL (SERIE) [OBSOLETO]; LOCALMENTE ASIGNADO TIPO-LC SIGNATURA TOPOGRÁFICA (OCLC); SIGNATURA TOPOGRÁFICA LOCAL (RLIN)','SIGNATURA TOPOGRÁFICA LOCAL (SERIE) [OBSOLETO]; LOCALMENTE ASIGNADO TIPO-LC SIGNATURA TOPOGRÁFICA (OCLC); SIGNATURA TOPOGRÁFICA LOCAL (RLIN)',1,0,NULL),
('UNIF_TITLE','091','LOCALMENTE ASIGNADO TIPO-LC NÚMERO DE CLASIFICACIÓN (OCLC); NÚMERO DE CLASIFICACIÓN LOCAL (RLIN)','LOCALMENTE ASIGNADO TIPO-LC NÚMERO DE CLASIFICACIÓN (OCLC); NÚMERO DE CLASIFICACIÓN LOCAL (RLIN)',0,0,NULL),
('UNIF_TITLE','092','ASIGNACIÓN LOCAL DE SIGNATURA TOPOGRÁFICA DEWEY (OCLC)','ASIGNACIÓN LOCAL DE SIGNATURA TOPOGRÁFICA DEWEY (OCLC)',1,0,NULL),
('UNIF_TITLE','093','ASIGNACIÓN LOCAL DEL NÚMERO DE CLASIFICACIÓN DEWEY (OCLC)','ASIGNACIÓN LOCAL DEL NÚMERO DE CLASIFICACIÓN DEWEY (OCLC)',1,0,NULL),
('UNIF_TITLE','096','ASIGNACIÓN LOCAL TIPO-NLM SIGNATURA TOPOGRÁFICA (OCLC)','ASIGNACIÓN LOCAL TIPO-NLM SIGNATURA TOPOGRÁFICA (OCLC)',1,0,NULL),
('UNIF_TITLE','097','ASIGNACIÓN LOCAL TIPO-NLM NÚMERO DE CLASIFICACIÓN (OCLC)','ASIGNACIÓN LOCAL TIPO-NLM NÚMERO DE CLASIFICACIÓN (OCLC)',1,0,NULL),
('UNIF_TITLE','098','OTROS ESQUEMAS DE CLASIFICACIÓN (OCLC)','OTROS ESQUEMAS DE CLASIFICACIÓN (OCLC)',1,0,NULL),
('UNIF_TITLE','099','TEXTO-LIBRO SIGNATURA TOPOGRÁFICA LOCAL (OCLC)','TEXTO-LIBRO SIGNATURA TOPOGRÁFICA LOCAL (OCLC)',1,0,NULL),
('UNIF_TITLE','130','ENCABEZAMIENTO--TÍTULO UNIFORME','ENCABEZAMIENTO--TÍTULO UNIFORME',0,1,NULL),
('UNIF_TITLE','260','REFERENCIA COMPLEJA DE VÉASE--MATERIA','REFERENCIA COMPLEJA DE VÉASE--MATERIA',1,0,NULL),
('UNIF_TITLE','336','TIPO DE CONTENIDO','TIPO DE CONTENIDO',1,0,NULL),
('UNIF_TITLE','348','Formato de la música notada','Formato de la música notada',1,0,NULL),
('UNIF_TITLE','360','REFERENCIA COMPLEJA DE VÉASE ADEMÁS-MATERIA','REFERENCIA COMPLEJA DE VÉASE ADEMÁS-MATERIA',1,0,NULL),
('UNIF_TITLE','368','OTROS ATRIBUTOS DE PERSONA O ENTIDAD CORPORATIVA','OTROS ATRIBUTOS DE PERSONA O ENTIDAD CORPORATIVA',1,0,NULL),
('UNIF_TITLE','370','LUGAR ASOCIADO','LUGAR ASOCIADO',1,0,NULL),
('UNIF_TITLE','371','DIRECCIÓN','DIRECCIÓN',1,0,NULL),
('UNIF_TITLE','372','CAMPO DE ACTIVIDAD','CAMPO DE ACTIVIDAD',1,0,NULL),
('UNIF_TITLE','373','GRUPO ASOCIADO','GRUPO ASOCIADO',1,0,NULL),
('UNIF_TITLE','374','OCUPACIÓN','OCUPACIÓN',1,0,NULL),
('UNIF_TITLE','375','GÉNERO/SEXO','GÉNERO/SEXO',1,0,NULL),
('UNIF_TITLE','376','INFORMACIÓN DE FAMILIA','INFORMACIÓN DE FAMILIA',1,0,NULL),
('UNIF_TITLE','377','IDIOMA ASOCIADO','IDIOMA ASOCIADO',1,0,NULL),
('UNIF_TITLE','378','FORMA COMPLETA/DESARROLLADA DEL NOMBRE','FORMA COMPLETA/DESARROLLADA DEL NOMBRE',0,0,NULL),
('UNIF_TITLE','380','FORMA DE LA OBRA','FORMA DE LA OBRA',1,0,NULL),
('UNIF_TITLE','381','OTRAS CARACTERÍSTICAS DISTINTIVAS DE OBRA O EXPRESIÓN','OTRAS CARACTERÍSTICAS DISTINTIVAS DE OBRA O EXPRESIÓN',1,0,NULL),
('UNIF_TITLE','382','MEDIO DE INTERPRETACIÓN','MEDIO DE INTERPRETACIÓN',1,0,NULL),
('UNIF_TITLE','383','DESIGNACIÓN NUMÉRICA DE OBRA MUSICAL','DESIGNACIÓN NUMÉRICA DE OBRA MUSICAL',1,0,NULL),
('UNIF_TITLE','384','TONALIDAD/CLAVE','TONALIDAD/CLAVE',0,0,NULL),
('UNIF_TITLE','385','CARACTERÍSTICAS DE LA AUDIENCIA','CARACTERÍSTICAS DE LA AUDIENCIA',1,0,NULL),
('UNIF_TITLE','386','CARACTERÍSTICAS DEL CREADOR/COLABORADOR','CARACTERÍSTICAS DEL CREADOR/COLABORADOR',1,0,NULL),
('UNIF_TITLE','388','PERIODO TEMPORAL DE CREACIÓN','PERIODO TEMPORAL DE CREACIÓN',1,0,NULL),
('UNIF_TITLE','400','TRAZADO DE VÉASE--NOMBRE DE PERSONA','TRAZADO DE VÉASE--NOMBRE DE PERSONA',1,0,NULL),
('UNIF_TITLE','410','TRAZADO DE VÉASE--NOMBRE DE ENTIDAD CORPORATIVA','TRAZADO DE VÉASE--NOMBRE DE ENTIDAD CORPORATIVA',1,0,NULL),
('UNIF_TITLE','411','TRAZADO DE VÉASE--NOMBRE DE CONGRESO/REUNIÓN','TRAZADO DE VÉASE--NOMBRE DE CONGRESO/REUNIÓN',1,0,NULL),
('UNIF_TITLE','430','TRAZADO DE VÉASE--TÍTULO UNIFORME','TRAZADO DE VÉASE--TÍTULO UNIFORME',1,0,NULL),
('UNIF_TITLE','447','TRAZADO DE VÉASE--NOMBRE DEL ACONTECIMIENTO','TRAZADO DE VÉASE--NOMBRE DEL ACONTECIMIENTO',1,0,NULL),
('UNIF_TITLE','448','TRAZADO DE VÉASE--TÉRMINO CRONOLÓGICO','TRAZADO DE VÉASE--TÉRMINO CRONOLÓGICO',1,0,NULL),
('UNIF_TITLE','450','TRAZADO DE VÉASE--TÉRMINO DE MATERIA','TRAZADO DE VÉASE--TÉRMINO DE MATERIA',1,0,NULL),
('UNIF_TITLE','451','TRAZADO DE VÉASE--NOMBRE GEOGRÁFICO','TRAZADO DE VÉASE--NOMBRE GEOGRÁFICO',1,0,NULL),
('UNIF_TITLE','455','TRAZADO DE VÉASE--TÉRMINO GÉNERO/FORMA','TRAZADO DE VÉASE--TÉRMINO GÉNERO/FORMA',1,0,NULL),
('UNIF_TITLE','462','TRAZADO DE VÉASE-TÉRMINO DE MEDIO DE INTERPRETACIÓN','TRAZADO DE VÉASE-TÉRMINO DE MEDIO DE INTERPRETACIÓN',1,0,NULL),
('UNIF_TITLE','480','TRAZADO DE VÉASE--SUBDIVISIÓN GENERAL','TRAZADO DE VÉASE--SUBDIVISIÓN GENERAL',1,0,NULL),
('UNIF_TITLE','481','TRAZADO DE VÉASE--SUBDIVISIÓN GEOGRÁFICA','TRAZADO DE VÉASE--SUBDIVISIÓN GEOGRÁFICA',1,0,NULL),
('UNIF_TITLE','482','TRAZADO DE VÉASE--SUBDIVISIÓN CRONOLÓGICA','TRAZADO DE VÉASE--SUBDIVISIÓN CRONOLÓGICA',1,0,NULL),
('UNIF_TITLE','485','TRAZADO DE VÉASE ADEMÁS--SUBDIVISIÓN DE FORMA','TRAZADO DE VÉASE ADEMÁS--SUBDIVISIÓN DE FORMA',1,0,NULL),
('UNIF_TITLE','500','TRAZADO DE VÉASE ADEMÁS--NOMBRE DE PERSONA','TRAZADO DE VÉASE ADEMÁS--NOMBRE DE PERSONA',1,0,NULL),
('UNIF_TITLE','510','TRAZADO DE VÉASE ADEMÁS--NOMBRE DE ENTIDAD CORPORATIVA','TRAZADO DE VÉASE ADEMÁS--NOMBRE DE ENTIDAD CORPORATIVA',1,0,NULL),
('UNIF_TITLE','511','TRAZADO DE VÉASE ADEMÁS--NOMBRE DE REUNIÓN/CONGRESO','TRAZADO DE VÉASE ADEMÁS--NOMBRE DE REUNIÓN/CONGRESO',1,0,NULL),
('UNIF_TITLE','530','TRAZADO DE VÉASE ADEMÁS--TÍTULO UNIFORME','TRAZADO DE VÉASE ADEMÁS--TÍTULO UNIFORME',1,0,NULL),
('UNIF_TITLE','547','TRAZADO DE VÉASE ADEMÁS--NOMBRE DEL ACONTECIMIENTO','TRAZADO DE VÉASE ADEMÁS--NOMBRE DEL ACONTECIMIENTO',1,0,NULL),
('UNIF_TITLE','548','TRAZADO DE VÉASE ADEMÁS--TÉRMINO CRONOLÓGICO','TRAZADO DE VÉASE ADEMÁS--TÉRMINO CRONOLÓGICO',1,0,NULL),
('UNIF_TITLE','550','TRAZADO VÉASE ADEMÁS--TÉRMINO DE MATERIA','TRAZADO VÉASE ADEMÁS--TÉRMINO DE MATERIA',1,0,NULL),
('UNIF_TITLE','551','TRAZADO DE VÉASE ADEMÁS--NOMBRE GEOGRÁFICO','TRAZADO DE VÉASE ADEMÁS--NOMBRE GEOGRÁFICO',1,0,NULL),
('UNIF_TITLE','555','TRAZADO DE VÉASE ADEMÁS--TÉRMINO GÉNERO/FORMA','TRAZADO DE VÉASE ADEMÁS--TÉRMINO GÉNERO/FORMA',1,0,NULL),
('UNIF_TITLE','562','TRAZADO DE VÉASE ADEMÁS-TÉRMINO DE MEDIO DE INTERPRETACIÓN','TRAZADO DE VÉASE ADEMÁS-TÉRMINO DE MEDIO DE INTERPRETACIÓN',1,0,NULL),
('UNIF_TITLE','580','TRAZADO DE VÉASE ADEMÁS--SUBDIVISIÓN GENERAL','TRAZADO DE VÉASE ADEMÁS--SUBDIVISIÓN GENERAL',1,0,NULL),
('UNIF_TITLE','581','TRAZADO DE VÉASE ADEMÁS--SUBDIVISIÓN GEOGRÁFICA','TRAZADO DE VÉASE ADEMÁS--SUBDIVISIÓN GEOGRÁFICA',1,0,NULL),
('UNIF_TITLE','582','TRAZADO DE VÉASE ADEMÁS--SUBDIVISIÓN CRONOLÓGICA','TRAZADO DE VÉASE ADEMÁS--SUBDIVISIÓN CRONOLÓGICA',1,0,NULL),
('UNIF_TITLE','585','TRAZADO DE VÉASE ADEMÁS--SUBDIVISIÓN DE FORMA','TRAZADO DE VÉASE ADEMÁS--SUBDIVISIÓN DE FORMA',1,0,NULL),
('UNIF_TITLE','640','FECHAS DE PUBLICACIÓN DE SERIE Y/O DESIGNACIÓN SECUENCIAL','FECHAS DE PUBLICACIÓN DE SERIE Y/O DESIGNACIÓN SECUENCIAL',1,0,NULL),
('UNIF_TITLE','641','PECULIARIDADES DE LA NUMERACIÓN EN SERIE','PECULIARIDADES DE LA NUMERACIÓN EN SERIE',1,0,NULL),
('UNIF_TITLE','642','EJEMPLO DE NUMERACIÓN DE SERIE','EJEMPLO DE NUMERACIÓN DE SERIE',1,0,NULL),
('UNIF_TITLE','643','LUGAR Y ENTIDAD EDITORA/EMISORA DE LA SERIE','LUGAR Y ENTIDAD EDITORA/EMISORA DE LA SERIE',1,0,NULL),
('UNIF_TITLE','644','PRÁCTICA DE ANÁLISIS DE SERIE','PRÁCTICA DE ANÁLISIS DE SERIE',1,0,NULL),
('UNIF_TITLE','645','PRÁCTICA EN EL TRAZADO DE SERIE','PRÁCTICA EN EL TRAZADO DE SERIE',1,0,NULL),
('UNIF_TITLE','646','PRÁCTICA DE CLASIFICACIÓN DE LA SERIE','PRÁCTICA DE CLASIFICACIÓN DE LA SERIE',1,0,NULL),
('UNIF_TITLE','663','REFERENCIA COMPLEJA DE VÉASE ADEMÁS--NOMBRE','REFERENCIA COMPLEJA DE VÉASE ADEMÁS--NOMBRE',0,0,NULL),
('UNIF_TITLE','664','REFERENCIA COMPLEJA DE VÉASE--NOMBRE','REFERENCIA COMPLEJA DE VÉASE--NOMBRE',0,0,NULL),
('UNIF_TITLE','665','REFERENCIA HISTÓRICA','REFERENCIA HISTÓRICA',0,0,NULL),
('UNIF_TITLE','666','REFERENCIA EXPLICATIVA GENERAL--NOMBRE','REFERENCIA EXPLICATIVA GENERAL--NOMBRE',0,0,NULL),
('UNIF_TITLE','667','NOTA GENERAL NO PÚBLICA','NOTA GENERAL NO PÚBLICA',1,0,NULL),
('UNIF_TITLE','670','FUENTE DE DATOS ENCONTRADOS','FUENTE DE DATOS ENCONTRADOS',1,0,NULL),
('UNIF_TITLE','672','TÍTULO RELACIONADO CON LA ENTIDAD','TÍTULO RELACIONADO CON LA ENTIDAD',1,0,NULL),
('UNIF_TITLE','673','TÍTULO NO RELACIONADO CON LA ENTIDAD','TÍTULO NO RELACIONADO CON LA ENTIDAD',1,0,NULL),
('UNIF_TITLE','675','FUENTE DE DATOS NO ENCONTRADOS','FUENTE DE DATOS NO ENCONTRADOS',0,0,NULL),
('UNIF_TITLE','677','DEFINICIÓN','DEFINICIÓN',1,0,NULL),
('UNIF_TITLE','678','DATOS BIOGRÁFICOS O HISTÓRICOS','DATOS BIOGRÁFICOS O HISTÓRICOS',1,0,NULL),
('UNIF_TITLE','680','NOTA GENERAL PÚBLICA','NOTA GENERAL PÚBLICA',1,0,NULL),
('UNIF_TITLE','681','NOTA DE EJEMPLO DE TRAZADO DE MATERIA','NOTA DE EJEMPLO DE TRAZADO DE MATERIA',1,0,NULL),
('UNIF_TITLE','682','INFORMACIÓN DE ENCABEZAMIENTO ELIMINADO','INFORMACIÓN DE ENCABEZAMIENTO ELIMINADO',0,0,NULL),
('UNIF_TITLE','683','NOTA DE HISTORIAL DE SOLICITUD','NOTA DE HISTORIAL DE SOLICITUD',1,0,NULL),
('UNIF_TITLE','688','NOTA DE HISTORIAL DE SOLICITUD','NOTA DE HISTORIAL DE SOLICITUD',1,0,NULL),
('UNIF_TITLE','700','ENTRADA DE ENLACE DE ENCABEZAMIENTO ESTABLECIDO--NOMBRE DE PERSONA','ENTRADA DE ENLACE DE ENCABEZAMIENTO ESTABLECIDO--NOMBRE DE PERSONA',1,0,NULL),
('UNIF_TITLE','710','ENTRADA DE ENLACE DE ENCABEZAMIENTO ESTABLECIDO--NOMBRE DE ENTIDAD CORPORATIVA','ENTRADA DE ENLACE DE ENCABEZAMIENTO ESTABLECIDO--NOMBRE DE ENTIDAD CORPORATIVA',1,0,NULL),
('UNIF_TITLE','711','ENTRADA DE ENLACE DE ENCABEZAMIENTO ESTABLECIDO--NOMBRE DE REUNIÓN/CONGRESO','ENTRADA DE ENLACE DE ENCABEZAMIENTO ESTABLECIDO--NOMBRE DE REUNIÓN/CONGRESO',1,0,NULL),
('UNIF_TITLE','730','ENTRADA DE ENLACE DE ENCABEZAMIENTO ESTABLECIDO--TÍTULO UNIFORME','ENTRADA DE ENLACE DE ENCABEZAMIENTO ESTABLECIDO--TÍTULO UNIFORME',1,0,NULL),
('UNIF_TITLE','747','ENTRADA DE ENLACE DE ENCABEZAMIENTO ESTABLECIDO--NOMBRE DEL ACONTECIMIENTO','ENTRADA DE ENLACE DE ENCABEZAMIENTO ESTABLECIDO--NOMBRE DEL ACONTECIMIENTO',1,0,NULL),
('UNIF_TITLE','748','ENTRADA DE ENLACE DE ENCABEZAMIENTO ESTABLECIDO--TÉRMINO CRONOLÓGICO','ENTRADA DE ENLACE DE ENCABEZAMIENTO ESTABLECIDO--TÉRMINO CRONOLÓGICO',1,0,NULL),
('UNIF_TITLE','750','ENTRADA DE ENLACE DE ENCABEZAMIENTO ESTABLECIDO--TÉRMINO DE MATERIA','ENTRADA DE ENLACE DE ENCABEZAMIENTO ESTABLECIDO--TÉRMINO DE MATERIA',1,0,NULL),
('UNIF_TITLE','751','ENTRADA DE ENLACE DE ENCABEZAMIENTO ESTABLECIDO--NOMBRE GEOGRÁFICO','ENTRADA DE ENLACE DE ENCABEZAMIENTO ESTABLECIDO--NOMBRE GEOGRÁFICO',1,0,NULL),
('UNIF_TITLE','755','ENTRADA DE ENLACE DE ENCABEZAMIENTO ESTABLECIDO-–TÉRMINO DE GÉNERO/FORMA','ENTRADA DE ENLACE DE ENCABEZAMIENTO ESTABLECIDO-–TÉRMINO DE GÉNERO/FORMA',1,0,NULL),
('UNIF_TITLE','762','ENCABEZAMIENTO ESTABLECIDO ENTRADA DE ENLACE-TÉRMINO DE MEDIO DE INTERPRETACIÓN','ENCABEZAMIENTO ESTABLECIDO ENTRADA DE ENLACE-TÉRMINO DE MEDIO DE INTERPRETACIÓN',1,0,NULL),
('UNIF_TITLE','780','ENTRADA DE ENLACE DE SUBDIVISIÓN--SUBDIVISIÓN GENERAL','ENTRADA DE ENLACE DE SUBDIVISIÓN--SUBDIVISIÓN GENERAL',1,0,NULL),
('UNIF_TITLE','781','ENTRADA DE ENLACE DE SUBDIVISIÓN--SUBDIVISIÓN GEOGRÁFICA','ENTRADA DE ENLACE DE SUBDIVISIÓN--SUBDIVISIÓN GEOGRÁFICA',1,0,NULL),
('UNIF_TITLE','782','ENTRADA DE ENLACE DE SUBDIVISIÓN--SUBDIVISIÓN CRONOLÓGICA','ENTRADA DE ENLACE DE SUBDIVISIÓN--SUBDIVISIÓN CRONOLÓGICA',1,0,NULL),
('UNIF_TITLE','785','ENTRADA DE ENLACE DE SUBDIVISIÓN--SUBDIVISIÓN DE FORMA','ENTRADA DE ENLACE DE SUBDIVISIÓN--SUBDIVISIÓN DE FORMA',1,0,NULL),
('UNIF_TITLE','788','DATOS DE ENTRADA DE ENLACE COMPLEJO','DATOS DE ENTRADA DE ENLACE COMPLEJO',0,0,NULL),
('UNIF_TITLE','856','LOCALIZACIÓN Y ACCESO ELECTRÓNICOS','LOCALIZACIÓN Y ACCESO ELECTRÓNICOS',1,0,NULL),
('UNIF_TITLE','880','REPRESENTACIÓN GRÁFICA ALTERNATIVA','REPRESENTACIÓN GRÁFICA ALTERNATIVA',1,0,NULL),
('UNIF_TITLE','883','PROCEDENCIA DE LOS METADATOS GENERADOS POR ORDENADOR','PROCEDENCIA DE LOS METADATOS GENERADOS POR ORDENADOR',1,0,NULL),
('UNIF_TITLE','884','Información sobre la conversión de la descripción','Información sobre la conversión de la descripción',1,0,NULL),
('UNIF_TITLE','885','INFORMACIÓN DE REGISTROS COINCIDENTES','INFORMACIÓN DE REGISTROS COINCIDENTES',1,0,NULL),
('UNIF_TITLE','942','USO INTERNO DE KOHA','USO INTERNO DE KOHA',0,1,NULL);

--
-- Table structure for table `auth_types`
--

CREATE TABLE `auth_types` (
  `authtypecode` varchar(10) NOT NULL DEFAULT '',
  `authtypetext` varchar(255) NOT NULL DEFAULT '',
  `auth_tag_to_report` varchar(3) NOT NULL DEFAULT '',
  `summary` longtext NOT NULL,
  PRIMARY KEY (`authtypecode`)
) ENGINE=InnoDB DEFAULT CHARSET=utf8mb4 COLLATE=utf8mb4_unicode_ci;

--
-- Dumping data for table `auth_types`
--

INSERT INTO `auth_types` VALUES
('','Predeterminado','',''),
('CHRON_TERM','Término cronológico','148','Término cronológico'),
('CORPO_NAME','Nombre corporativo','110','Nombre corporativo'),
('GENRE/FORM','Términos de género/forma','155','Términos de género/forma'),
('GEOGR_NAME','Nombre geográfico','151','Nombre geográfico'),
('MEETI_NAME','Nombre de reunión','111','Nombre de reunión'),
('PERSO_NAME','Nombre personal','100','Nombres personales'),
('TOPIC_TERM','Término temático','150','Término temático'),
('UNIF_TITLE','Título uniforme','130','Título uniforme');

--
-- Table structure for table `authorised_value_categories`
--

CREATE TABLE `authorised_value_categories` (
  `category_name` varchar(32) NOT NULL DEFAULT '',
  `is_system` tinyint(1) DEFAULT 0,
  PRIMARY KEY (`category_name`)
) ENGINE=InnoDB DEFAULT CHARSET=utf8mb4 COLLATE=utf8mb4_unicode_ci;

--
-- Dumping data for table `authorised_value_categories`
--

INSERT INTO `authorised_value_categories` VALUES
('',1),
('AR_CANCELLATION',0),
('Asort1',1),
('Asort2',1),
('BOR_NOTES',1),
('branches',1),
('Bsort1',1),
('Bsort2',1),
('CAND',0),
('CCODE',1),
('cn_source',1),
('CONTROL_NUM_SEQUENCE',0),
('COUNTRY',0),
('DAMAGED',1),
('DEPARTMENT',0),
('ERM_AGREEMENT_CLOSURE_REASON',1),
('ERM_AGREEMENT_LICENSE_LOCATION',1),
('ERM_AGREEMENT_LICENSE_STATUS',1),
('ERM_AGREEMENT_RENEWAL_PRIORITY',1),
('ERM_AGREEMENT_STATUS',1),
('ERM_LICENSE_STATUS',1),
('ERM_LICENSE_TYPE',1),
('ERM_PACKAGE_CONTENT_TYPE',1),
('ERM_PACKAGE_TYPE',1),
('ERM_TITLE_PUBLICATION_TYPE',1),
('ERM_USER_ROLES',1),
('ETAT',0),
('HINGS_AS',0),
('HINGS_C',0),
('HINGS_PF',0),
('HINGS_RD',0),
('HINGS_UT',0),
('HOLD_CANCELLATION',0),
('HSBND_FREQ',0),
('ILL_STATUS_ALIAS',0),
('ITEMTYPECAT',0),
('itemtypes',1),
('LANG',0),
('LOC',1),
('LOST',1),
('NOT_LOAN',1),
('OPAC_SUG',0),
('ORDER_CANCELLATION_REASON',0),
('PA_CLASS',0),
('PAYMENT_TYPE',0),
('qualif',0),
('RELTERMS',0),
('REPORT_GROUP',0),
('REPORT_SUBGROUP',0),
('RESTRICTED',0),
('RETURN_CLAIM_RESOLUTION',0),
('ROADTYPE',0),
('SIP_MEDIA_TYPE',0),
('STACK',0),
('SUGGEST',0),
('SUGGEST_FORMAT',0),
('SUGGEST_STATUS',0),
('TERM',0),
('TYPEDOC',0),
('UPLOAD',1),
('VENDOR_TYPE',1),
('WITHDRAWN',1),
('YES_NO',0);

--
-- Table structure for table `authorised_values`
--

CREATE TABLE `authorised_values` (
  `id` int(11) NOT NULL AUTO_INCREMENT COMMENT 'unique key, used to identify the authorized value',
  `category` varchar(32) NOT NULL DEFAULT '' COMMENT 'key used to identify the authorized value category',
  `authorised_value` varchar(80) NOT NULL DEFAULT '' COMMENT 'code use to identify the authorized value',
  `lib` varchar(200) DEFAULT NULL COMMENT 'authorized value description as printed in the staff interface',
  `lib_opac` varchar(200) DEFAULT NULL COMMENT 'authorized value description as printed in the OPAC',
  `imageurl` varchar(200) DEFAULT NULL COMMENT 'authorized value URL',
  PRIMARY KEY (`id`),
  UNIQUE KEY `av_uniq` (`category`,`authorised_value`),
  KEY `name` (`category`),
  KEY `lib` (`lib`(191)),
  KEY `auth_value_idx` (`authorised_value`),
  CONSTRAINT `authorised_values_authorised_values_category` FOREIGN KEY (`category`) REFERENCES `authorised_value_categories` (`category_name`) ON DELETE CASCADE ON UPDATE CASCADE
) ENGINE=InnoDB AUTO_INCREMENT=1335 DEFAULT CHARSET=utf8mb4 COLLATE=utf8mb4_unicode_ci;

--
-- Dumping data for table `authorised_values`
--

INSERT INTO `authorised_values` VALUES
(1,'SUGGEST','BSELL','Bestseller',NULL,NULL),
(2,'SUGGEST','SCD','Copia en estante dañada',NULL,NULL),
(3,'SUGGEST','LCL','Copia de la biblioteca perdida',NULL,NULL),
(4,'SUGGEST','AVILL','Disponible usando ILL',NULL,NULL),
(5,'SUGGEST','Budget','Presupuesto insuficiente',NULL,NULL),
(6,'SUGGEST','Expensive','El documento es demasiado costoso',NULL,NULL),
(7,'SUGGEST','Poldoc','El documento no corresponde a nuestra política de adquisición',NULL,NULL),
(8,'SUGGEST_FORMAT','BOOK','Libro','Libro',NULL),
(9,'SUGGEST_FORMAT','LP','Impresión grande','Impresión grande',NULL),
(10,'SUGGEST_FORMAT','EBOOK','Libro-e','Libro-e',NULL),
(11,'SUGGEST_FORMAT','AUDIOBOOK','Audiolibro','Audiolibro',NULL),
(12,'SUGGEST_FORMAT','DVD','DVD','DVD',NULL),
(13,'LOST','2','Retraso prolongado (perdido)',NULL,NULL),
(14,'LOST','1','Perdido',NULL,NULL),
(15,'LOST','3','Perdido y pagado',NULL,NULL),
(16,'LOST','4','Faltante',NULL,NULL),
(17,'LOST','5','Ausente en paquete',NULL,NULL),
(18,'DAMAGED','1','Dañado',NULL,NULL),
(19,'LOC','FIC','Ficción',NULL,NULL),
(20,'LOC','CHILD','Área de niños',NULL,NULL),
(21,'LOC','DISPLAY','Exhibido',NULL,NULL),
(22,'LOC','NEW','Estante de materiales nuevos',NULL,NULL),
(23,'LOC','STAFF','Oficina del personal',NULL,NULL),
(24,'LOC','GEN','Colección general',NULL,NULL),
(25,'LOC','AV','Audiovisual',NULL,NULL),
(26,'LOC','REF','Referencia',NULL,NULL),
(27,'LOC','CART','Cesta de libros',NULL,NULL),
(28,'LOC','PROC','Centro de procesamiento',NULL,NULL),
(29,'CCODE','FIC','Ficción',NULL,NULL),
(30,'CCODE','REF','Referencia',NULL,NULL),
(31,'CCODE','NFIC','No ficción',NULL,NULL),
(32,'WITHDRAWN','1','Retirado',NULL,NULL),
(33,'NOT_LOAN','-1','Pedido',NULL,NULL),
(34,'NOT_LOAN','1','No para préstamo',NULL,NULL),
(35,'NOT_LOAN','2','Colección del personal',NULL,NULL),
(36,'NOT_LOAN','3','Agregado a paquete',NULL,NULL),
(37,'RESTRICTED','1','Acceso restringido',NULL,NULL),
(38,'BOR_NOTES','ADDR','Notas de dirección',NULL,NULL),
(39,'OPAC_SUG','damaged','La copia en el estante está dañada','La copia en el estante está dañada',NULL),
(40,'OPAC_SUG','bestseller','Próximo título por el autor popular','Próximo título por el autor popular',NULL),
(41,'REPORT_GROUP','CIRC','Circulación',NULL,NULL),
(42,'REPORT_GROUP','CAT','Catálogo',NULL,NULL),
(43,'REPORT_GROUP','PAT','Usuarios',NULL,NULL),
(44,'REPORT_GROUP','ACQ','Adquisiciones',NULL,NULL),
(45,'REPORT_GROUP','ACC','Cuentas',NULL,NULL),
(46,'REPORT_GROUP','SER','Publicaciones periódicas',NULL,NULL),
(47,'SIP_MEDIA_TYPE','000','Otro',NULL,NULL),
(48,'SIP_MEDIA_TYPE','001','Libro',NULL,NULL),
(49,'SIP_MEDIA_TYPE','002','Revista',NULL,NULL),
(50,'SIP_MEDIA_TYPE','003','Diario encuadernado',NULL,NULL),
(51,'SIP_MEDIA_TYPE','004','Cinta de audio',NULL,NULL),
(52,'SIP_MEDIA_TYPE','005','Cinta de vídeo',NULL,NULL),
(53,'SIP_MEDIA_TYPE','006','CD/CDROM',NULL,NULL),
(54,'SIP_MEDIA_TYPE','007','Disquete',NULL,NULL),
(55,'SIP_MEDIA_TYPE','008','Libro con disquete',NULL,NULL),
(56,'SIP_MEDIA_TYPE','009','Libro con CD',NULL,NULL),
(57,'SIP_MEDIA_TYPE','010','Libro con cinta de audio',NULL,NULL),
(58,'ORDER_CANCELLATION_REASON','0','No se proporcionó una razón',NULL,NULL),
(59,'ORDER_CANCELLATION_REASON','1','Agotado',NULL,NULL),
(60,'ORDER_CANCELLATION_REASON','2','Reposición',NULL,NULL),
(61,'RETURN_CLAIM_RESOLUTION','RET_BY_PATRON','Regresado por el usuario',NULL,NULL),
(62,'RETURN_CLAIM_RESOLUTION','FOUND_IN_LIB','Encontrado en la biblioteca',NULL,NULL),
(63,'HOLD_CANCELLATION','NOT_FOUND','El ítem no pudo encontrarse en las estanterías',NULL,NULL),
(64,'HOLD_CANCELLATION','DAMAGED','El ítem se encontraba demasiado dañado para satisfacer la reserva',NULL,NULL),
(65,'AR_CANCELLATION','NOT_FOUND','El ítem no pudo encontrarse en las estanterías',NULL,NULL),
(66,'AR_CANCELLATION','DAMAGED','El ítem se encontraba dañado para satisfacer la solicitud de artículo',NULL,NULL),
(67,'AR_CANCELLATION','OPAC','Cancelada desde la página de usuario del OPAC',NULL,NULL),
(68,'YES_NO','0','No','No',NULL),
(69,'YES_NO','1','Sí','Sí',NULL),
(70,'PAYMENT_TYPE','SIP00','Efectivo vía SIP2','Efectivo',NULL),
(71,'PAYMENT_TYPE','SIP01','Visa vía SIP2','Visa',NULL),
(72,'PAYMENT_TYPE','SIP02','Tarjeta de crédito vía SIP2','Tarjeta de crédito',NULL),
(73,'PAYMENT_TYPE','CASH','Efectivo','Efectivo',NULL),
(74,'HSBND_FREQ','EW','Cada semana',NULL,NULL),
(75,'ERM_AGREEMENT_STATUS','active','Activo',NULL,NULL),
(76,'ERM_AGREEMENT_STATUS','in_negotiation','En negociación',NULL,NULL),
(77,'ERM_AGREEMENT_STATUS','closed','Cerrado',NULL,NULL),
(78,'ERM_AGREEMENT_CLOSURE_REASON','expired','Vencido',NULL,NULL),
(79,'ERM_AGREEMENT_CLOSURE_REASON','cancelled','Cancelado',NULL,NULL),
(80,'ERM_AGREEMENT_RENEWAL_PRIORITY','for_review','Para revisión',NULL,NULL),
(81,'ERM_AGREEMENT_RENEWAL_PRIORITY','renew','Renovar',NULL,NULL),
(82,'ERM_AGREEMENT_RENEWAL_PRIORITY','cancel','Cancelar',NULL,NULL),
(83,'ERM_USER_ROLES','librarian','Bibliotecario ERM',NULL,NULL),
(84,'ERM_USER_ROLES','subject_specialist','Especialista en la materia',NULL,NULL),
(85,'ERM_LICENSE_TYPE','local','Local',NULL,NULL),
(86,'ERM_LICENSE_TYPE','consortial','Consorcio',NULL,NULL),
(87,'ERM_LICENSE_TYPE','national','Nacional',NULL,NULL),
(88,'ERM_LICENSE_TYPE','alliance','Alianza',NULL,NULL),
(89,'ERM_LICENSE_STATUS','in_negotiation','En negociación',NULL,NULL),
(90,'ERM_LICENSE_STATUS','not_yet_active','No activo aún',NULL,NULL),
(91,'ERM_LICENSE_STATUS','active','Activo',NULL,NULL),
(92,'ERM_LICENSE_STATUS','rejected','Rechazada',NULL,NULL),
(93,'ERM_LICENSE_STATUS','expired','Vencido',NULL,NULL),
(94,'ERM_AGREEMENT_LICENSE_STATUS','controlling','Controlante',NULL,NULL),
(95,'ERM_AGREEMENT_LICENSE_STATUS','future','Futuro',NULL,NULL),
(96,'ERM_AGREEMENT_LICENSE_STATUS','history','Histórico',NULL,NULL),
(97,'ERM_AGREEMENT_LICENSE_LOCATION','filing_cabinet','Archivador',NULL,NULL),
(98,'ERM_AGREEMENT_LICENSE_LOCATION','cupboard','Armario',NULL,NULL),
(99,'ERM_PACKAGE_TYPE','local','Local',NULL,NULL),
(100,'ERM_PACKAGE_TYPE','complete','Completo',NULL,NULL),
(101,'ERM_PACKAGE_CONTENT_TYPE','AggregatedFullText','Total agregado',NULL,NULL),
(102,'ERM_PACKAGE_CONTENT_TYPE','AbstractAndIndex','Resumen e índice',NULL,NULL),
(103,'ERM_PACKAGE_CONTENT_TYPE','EBook','Libro-e',NULL,NULL),
(104,'ERM_PACKAGE_CONTENT_TYPE','MixedContent','Contenido mixto',NULL,NULL),
(105,'ERM_PACKAGE_CONTENT_TYPE','EJournal','Revista-e',NULL,NULL),
(106,'ERM_PACKAGE_CONTENT_TYPE','OnlineReference','Referencia en línea',NULL,NULL),
(107,'ERM_PACKAGE_CONTENT_TYPE','Print','Impresión',NULL,NULL),
(108,'ERM_PACKAGE_CONTENT_TYPE','StreamingMedia','Medios de transmisión',NULL,NULL),
(109,'ERM_PACKAGE_CONTENT_TYPE','Unknown','Desconocido',NULL,NULL),
(110,'ERM_TITLE_PUBLICATION_TYPE','journal','Revista',NULL,NULL),
(111,'ERM_TITLE_PUBLICATION_TYPE','newsletter','Boletín informativo',NULL,NULL),
(112,'ERM_TITLE_PUBLICATION_TYPE','report','Reporte',NULL,NULL),
(113,'ERM_TITLE_PUBLICATION_TYPE','proceedings','Actas',NULL,NULL),
(114,'ERM_TITLE_PUBLICATION_TYPE','website','Sitio web',NULL,NULL),
(115,'ERM_TITLE_PUBLICATION_TYPE','newspaper','Periódico',NULL,NULL),
(116,'ERM_TITLE_PUBLICATION_TYPE','unspecified','Sin especificar',NULL,NULL),
(117,'ERM_TITLE_PUBLICATION_TYPE','book','Libro',NULL,NULL),
(118,'ERM_TITLE_PUBLICATION_TYPE','ebook','Libro-e',NULL,NULL),
(119,'ERM_TITLE_PUBLICATION_TYPE','bookseries','Serie de libros',NULL,NULL),
(120,'ERM_TITLE_PUBLICATION_TYPE','database','Base de datos',NULL,NULL),
(121,'ERM_TITLE_PUBLICATION_TYPE','thesisdissertation','Tesis/Disertación',NULL,NULL),
(122,'ERM_TITLE_PUBLICATION_TYPE','streamingaudio','Transmisión de audio',NULL,NULL),
(123,'ERM_TITLE_PUBLICATION_TYPE','streamingvideo','Transmisión de vídeo',NULL,NULL),
(124,'ERM_TITLE_PUBLICATION_TYPE','audiobook','Audiolibro',NULL,NULL),
(125,'COUNTRY','AD','Andorra','Andorra',NULL),
(126,'COUNTRY','AE','Emiratos Árabes Unidos','Emiratos Árabes Unidos',NULL),
(127,'COUNTRY','AF','Afganistán','Afganistán',NULL),
(128,'COUNTRY','AG','Antigua y Barbuda','Antigua y Barbuda',NULL),
(129,'COUNTRY','AI','Anguilla','Anguilla',NULL),
(130,'COUNTRY','AL','Albania','Albania',NULL),
(131,'COUNTRY','AM','Armenia','Armenia',NULL),
(132,'COUNTRY','AO','Angola','Angola',NULL),
(133,'COUNTRY','AQ','Antártida','Antártida',NULL),
(134,'COUNTRY','AR','Argentina','Argentina',NULL),
(135,'COUNTRY','AS','Samoa americana','Samoa americana',NULL),
(136,'COUNTRY','AT','Austria','Austria',NULL),
(137,'COUNTRY','AU','Australia','Australia',NULL),
(138,'COUNTRY','AW','Aruba','Aruba',NULL),
(139,'COUNTRY','AX','Islas Aland','Islas Aland',NULL),
(140,'COUNTRY','AZ','Azerbaiyán','Azerbaiyán',NULL),
(141,'COUNTRY','BA','Bosnia y Herzegovina','Bosnia y Herzegovina',NULL),
(142,'COUNTRY','BB','Barbados','Barbados',NULL),
(143,'COUNTRY','BD','Bangladesh','Bangladesh',NULL),
(144,'COUNTRY','BE','Bélgica','Bélgica',NULL),
(145,'COUNTRY','BF','Burkina Faso','Burkina Faso',NULL),
(146,'COUNTRY','BG','Bulgaria','Bulgaria',NULL),
(147,'COUNTRY','BH','Baréin','Baréin',NULL),
(148,'COUNTRY','BI','Burundi','Burundi',NULL),
(149,'COUNTRY','BJ','Benín','Benín',NULL),
(150,'COUNTRY','BL','San Bartolomé','San Bartolomé',NULL),
(151,'COUNTRY','BM','Bermuda','Bermuda',NULL),
(152,'COUNTRY','BN','Brunei','Brunei',NULL),
(153,'COUNTRY','BO','Bolivia','Bolivia',NULL),
(154,'COUNTRY','BQ','Caribe Neerlandés','Caribe Neerlandés',NULL),
(155,'COUNTRY','BR','Brasil','Brasil',NULL),
(156,'COUNTRY','BS','Bahamas','Bahamas',NULL),
(157,'COUNTRY','BT','Bután','Bután',NULL),
(158,'COUNTRY','BV','Isla Bouvet','Isla Bouvet',NULL),
(159,'COUNTRY','BW','Botsuana','Botsuana',NULL),
(160,'COUNTRY','BY','Bielorrusia','Bielorrusia',NULL),
(161,'COUNTRY','BZ','Belice','Belice',NULL),
(162,'COUNTRY','CA','Canadá','Canadá',NULL),
(163,'COUNTRY','CC','Islas Cocos','Islas Cocos',NULL),
(164,'COUNTRY','CD','Congo - Kinshasa','Congo - Kinshasa',NULL),
(165,'COUNTRY','CF','República Centroafricana','República Centroafricana',NULL),
(166,'COUNTRY','CG','Congo - Brazzaville','Congo - Brazzaville',NULL),
(167,'COUNTRY','CH','Suiza','Suiza',NULL),
(168,'COUNTRY','CI','Costa de marfil','Costa de marfil',NULL),
(169,'COUNTRY','CK','Islas Cook','Islas Cook',NULL),
(170,'COUNTRY','CL','Chile','Chile',NULL),
(171,'COUNTRY','CM','Camerún','Camerún',NULL),
(172,'COUNTRY','CN','China','China',NULL),
(173,'COUNTRY','CO','Colombia','Colombia',NULL),
(174,'COUNTRY','CR','Costa Rica','Costa Rica',NULL),
(175,'COUNTRY','CU','Cuba','Cuba',NULL),
(176,'COUNTRY','CV','Cabo Verde','Cabo Verde',NULL),
(177,'COUNTRY','CW','Curazao','Curazao',NULL),
(178,'COUNTRY','CX','Isla Natividad','Isla Natividad',NULL),
(179,'COUNTRY','CY','Chipre','Chipre',NULL),
(180,'COUNTRY','CZ','República Checa','República Checa',NULL),
(181,'COUNTRY','DE','Alemania','Alemania',NULL),
(182,'COUNTRY','DJ','República de Yibuti','República de Yibuti',NULL),
(183,'COUNTRY','DK','Dinamarca','Dinamarca',NULL),
(184,'COUNTRY','DM','Mancomunidad de Dominica','Mancomunidad de Dominica',NULL),
(185,'COUNTRY','DO','República Dominicana','República Dominicana',NULL),
(186,'COUNTRY','DZ','Argelia','Argelia',NULL),
(187,'COUNTRY','EC','Ecuador','Ecuador',NULL),
(188,'COUNTRY','EE','Estonia','Estonia',NULL),
(189,'COUNTRY','EG','Egipto','Egipto',NULL),
(190,'COUNTRY','EH','Sahara occidental','Sahara occidental',NULL),
(191,'COUNTRY','ER','Eritrea','Eritrea',NULL),
(192,'COUNTRY','ES','España','España',NULL),
(193,'COUNTRY','ET','Etiopía','Etiopía',NULL),
(194,'COUNTRY','FI','Finlandia','Finlandia',NULL),
(195,'COUNTRY','FJ','Fiji','Fiji',NULL),
(196,'COUNTRY','FK','Islas Falkland','Islas Falkland',NULL),
(197,'COUNTRY','FM','Micronesia','Micronesia',NULL),
(198,'COUNTRY','FO','Islas Faroe','Islas Faroe',NULL),
(199,'COUNTRY','FR','Francia','Francia',NULL),
(200,'COUNTRY','GA','Gabón','Gabón',NULL),
(201,'COUNTRY','GB','Reino Unido','Reino Unido',NULL),
(202,'COUNTRY','GD','Granada','Granada',NULL),
(203,'COUNTRY','GE','Georgia','Georgia',NULL),
(204,'COUNTRY','GF','Guayana francesa','Guayana francesa',NULL),
(205,'COUNTRY','GG','Guernsey','Guernsey',NULL),
(206,'COUNTRY','GH','Ghana','Ghana',NULL),
(207,'COUNTRY','GI','Gibraltar','Gibraltar',NULL),
(208,'COUNTRY','GL','Groenlandia','Groenlandia',NULL),
(209,'COUNTRY','GM','Gambia','Gambia',NULL),
(210,'COUNTRY','GN','Guinea','Guinea',NULL),
(211,'COUNTRY','GP','Guadalupe','Guadalupe',NULL),
(212,'COUNTRY','GQ','Guinea Ecuatorial','Guinea Ecuatorial',NULL),
(213,'COUNTRY','GR','Grecia','Grecia',NULL),
(214,'COUNTRY','GS','Islas Georgias del Sur y Sandwich del Sur','Islas Georgias del Sur y Sandwich del Sur',NULL),
(215,'COUNTRY','GT','Guatemala','Guatemala',NULL),
(216,'COUNTRY','GU','Guam','Guam',NULL),
(217,'COUNTRY','GW','Guinea-Bisáu','Guinea-Bisáu',NULL),
(218,'COUNTRY','GY','Guyana','Guyana',NULL),
(219,'COUNTRY','HK','Hong Kong','Hong Kong',NULL),
(220,'COUNTRY','HM','Islas Heard y McDonald','Islas Heard y McDonald',NULL),
(221,'COUNTRY','HN','Honduras','Honduras',NULL),
(222,'COUNTRY','HR','Croacia','Croacia',NULL),
(223,'COUNTRY','HT','Haití','Haití',NULL),
(224,'COUNTRY','HU','Hungría','Hungría',NULL),
(225,'COUNTRY','ID','Indonesia','Indonesia',NULL),
(226,'COUNTRY','IE','Irlanda','Irlanda',NULL),
(227,'COUNTRY','IL','Israel','Israel',NULL),
(228,'COUNTRY','IM','Isla de Man','Isla de Man',NULL),
(229,'COUNTRY','IN','India','India',NULL),
(230,'COUNTRY','IO','Territorio Británico del Océano Índico','Territorio Británico del Océano Índico',NULL),
(231,'COUNTRY','IQ','Irak','Irak',NULL),
(232,'COUNTRY','IR','Irán','Irán',NULL),
(233,'COUNTRY','IS','Islandia','Islandia',NULL),
(234,'COUNTRY','IT','Italia','Italia',NULL),
(235,'COUNTRY','JE','Jersey','Jersey',NULL),
(236,'COUNTRY','JM','Jamaica','Jamaica',NULL),
(237,'COUNTRY','JO','Jordania','Jordania',NULL),
(238,'COUNTRY','JP','Japón','Japón',NULL),
(239,'COUNTRY','KE','Kenia','Kenia',NULL),
(240,'COUNTRY','KG','Kirguistán','Kirguistán',NULL),
(241,'COUNTRY','KH','Camboya','Camboya',NULL),
(242,'COUNTRY','KI','Kiribati','Kiribati',NULL),
(243,'COUNTRY','KM','Unión de las Comoras','Unión de las Comoras',NULL),
(244,'COUNTRY','KN','San Cristóbal y Nieves','San Cristóbal y Nieves',NULL),
(245,'COUNTRY','KP','Korea del norte','Korea del norte',NULL),
(246,'COUNTRY','KR','Korea del sur','Korea del sur',NULL),
(247,'COUNTRY','KW','Kuwait','Kuwait',NULL),
(248,'COUNTRY','KY','Islas Caimán','Islas Caimán',NULL),
(249,'COUNTRY','KZ','Kazajistán','Kazajistán',NULL),
(250,'COUNTRY','LA','Laos','Laos',NULL),
(251,'COUNTRY','LB','Líbano','Líbano',NULL),
(252,'COUNTRY','LC','Santa Lucía','Santa Lucía',NULL),
(253,'COUNTRY','LI','Liechtenstein','Liechtenstein',NULL),
(254,'COUNTRY','LK','Sri Lanka','Sri Lanka',NULL),
(255,'COUNTRY','LR','Liberia','Liberia',NULL),
(256,'COUNTRY','LS','Lesoto','Lesoto',NULL),
(257,'COUNTRY','LT','Lituania','Lituania',NULL),
(258,'COUNTRY','LU','Luxemburgo','Luxemburgo',NULL),
(259,'COUNTRY','LV','Letonia','Letonia',NULL),
(260,'COUNTRY','LY','Libia','Libia',NULL),
(261,'COUNTRY','MA','Marruecos','Marruecos',NULL),
(262,'COUNTRY','MC','Mónaco','Mónaco',NULL),
(263,'COUNTRY','MD','Moldavia','Moldavia',NULL),
(264,'COUNTRY','ME','Montenegro','Montenegro',NULL),
(265,'COUNTRY','MF','San Martín','San Martín',NULL),
(266,'COUNTRY','MG','Madagascar','Madagascar',NULL),
(267,'COUNTRY','MH','Islas Marshall','Islas Marshall',NULL),
(268,'COUNTRY','MK','Macedonia del Norte','Macedonia del Norte',NULL),
(269,'COUNTRY','ML','Malí','Malí',NULL),
(270,'COUNTRY','MM','Myanmar (Birmania)','Myanmar (Birmania)',NULL),
(271,'COUNTRY','MN','Mongolia','Mongolia',NULL),
(272,'COUNTRY','MO','Macao','Macao',NULL),
(273,'COUNTRY','MP','Islas Marianas del norte','Islas Marianas del norte',NULL),
(274,'COUNTRY','MQ','Martinica','Martinica',NULL),
(275,'COUNTRY','MR','Mauritania','Mauritania',NULL),
(276,'COUNTRY','MS','Montserrat','Montserrat',NULL),
(277,'COUNTRY','MT','Malta','Malta',NULL),
(278,'COUNTRY','MU','Mauricio','Mauricio',NULL),
(279,'COUNTRY','MV','Maldivas','Maldivas',NULL),
(280,'COUNTRY','MW','Malaui','Malaui',NULL),
(281,'COUNTRY','MX','México','México',NULL),
(282,'COUNTRY','MY','Malasia','Malasia',NULL),
(283,'COUNTRY','MZ','Mozambique','Mozambique',NULL),
(284,'COUNTRY','NA','Namibia','Namibia',NULL),
(285,'COUNTRY','NC','Nueva Caledonina','Nueva Caledonina',NULL),
(286,'COUNTRY','NE','Níger','Níger',NULL),
(287,'COUNTRY','NF','Isla Norfolk','Isla Norfolk',NULL),
(288,'COUNTRY','NG','Nigeria','Nigeria',NULL),
(289,'COUNTRY','NI','Nicaragua','Nicaragua',NULL),
(290,'COUNTRY','NL','Países Bajos','Países Bajos',NULL),
(291,'COUNTRY','NO','Noruega','Noruega',NULL),
(292,'COUNTRY','NP','Nepal','Nepal',NULL),
(293,'COUNTRY','NR','Nauru','Nauru',NULL),
(294,'COUNTRY','NU','Niuano','Niuano',NULL),
(295,'COUNTRY','NZ','Nueva Zelanda','Nueva Zelanda',NULL),
(296,'COUNTRY','OM','Omán','Omán',NULL),
(297,'COUNTRY','PA','Panamá','Panamá',NULL),
(298,'COUNTRY','PE','Perú','Perú',NULL),
(299,'COUNTRY','PF','Polinesia francesa','Polinesia francesa',NULL),
(300,'COUNTRY','PG','Papúa Nueva Guinea','Papúa Nueva Guinea',NULL),
(301,'COUNTRY','PH','Filipinas','Filipinas',NULL),
(302,'COUNTRY','PK','Pakistán','Pakistán',NULL),
(303,'COUNTRY','PL','Polonia','Polonia',NULL),
(304,'COUNTRY','PM','San Pedro y Miquelón','San Pedro y Miquelón',NULL),
(305,'COUNTRY','PN','Islas Pitcairn','Islas Pitcairn',NULL),
(306,'COUNTRY','PR','Puerto Rico','Puerto Rico',NULL),
(307,'COUNTRY','PS','Territorios Palestinos','Territorios Palestinos',NULL),
(308,'COUNTRY','PT','Portugal','Portugal',NULL),
(309,'COUNTRY','PW','Palaos','Palaos',NULL),
(310,'COUNTRY','PY','Paraguay','Paraguay',NULL),
(311,'COUNTRY','QA','Catar','Catar',NULL),
(312,'COUNTRY','RE','Reunión','Reunión',NULL),
(313,'COUNTRY','RO','Rumania','Rumania',NULL),
(314,'COUNTRY','RS','Serbia','Serbia',NULL),
(315,'COUNTRY','RU','Rusia','Rusia',NULL),
(316,'COUNTRY','RW','Ruanda','Ruanda',NULL),
(317,'COUNTRY','SA','Arabia Saudita','Arabia Saudita',NULL),
(318,'COUNTRY','SB','Islas Salomón','Islas Salomón',NULL),
(319,'COUNTRY','SC','Seychelles','Seychelles',NULL),
(320,'COUNTRY','SD','Sudán','Sudán',NULL),
(321,'COUNTRY','SE','Suecia','Suecia',NULL),
(322,'COUNTRY','SG','Singapur','Singapur',NULL),
(323,'COUNTRY','SH','Santa Elena','Santa Elena',NULL),
(324,'COUNTRY','SI','Eslovenia','Eslovenia',NULL),
(325,'COUNTRY','SJ','Svalbard y Jan Mayen','Svalbard y Jan Mayen',NULL),
(326,'COUNTRY','SK','Eslovaquia','Eslovaquia',NULL),
(327,'COUNTRY','SL','Sierra Leona','Sierra Leona',NULL),
(328,'COUNTRY','SM','San Marino','San Marino',NULL),
(329,'COUNTRY','SN','Senegal','Senegal',NULL),
(330,'COUNTRY','SO','Somalia','Somalia',NULL),
(331,'COUNTRY','SR','Surinam','Surinam',NULL),
(332,'COUNTRY','SS','Sudán del Sur','Sudán del Sur',NULL),
(333,'COUNTRY','ST','Santo Tomé y Príncipe','Santo Tomé y Príncipe',NULL),
(334,'COUNTRY','SV','El Salvador','El Salvador',NULL),
(335,'COUNTRY','SX','San Martín','San Martín',NULL),
(336,'COUNTRY','SY','Siria','Siria',NULL),
(337,'COUNTRY','SZ','Suazilandia','Suazilandia',NULL),
(338,'COUNTRY','TC','Islas Turcas y Caicos','Islas Turcas y Caicos',NULL),
(339,'COUNTRY','TD','Chad','Chad',NULL),
(340,'COUNTRY','TF','Territorios Australes Franceses','Territorios Australes Franceses',NULL),
(341,'COUNTRY','TG','Togo','Togo',NULL),
(342,'COUNTRY','TH','Tailandia','Tailandia',NULL),
(343,'COUNTRY','TJ','Tayikistán','Tayikistán',NULL),
(344,'COUNTRY','TK','Tokelauano','Tokelauano',NULL),
(345,'COUNTRY','TL','Timor Oriental','Timor Oriental',NULL),
(346,'COUNTRY','TM','Turkmenistán','Turkmenistán',NULL),
(347,'COUNTRY','TN','Túnez','Túnez',NULL),
(348,'COUNTRY','TO','Tonga','Tonga',NULL),
(349,'COUNTRY','TR','Turquía','Turquía',NULL),
(350,'COUNTRY','TT','Trinidad y Tobago','Trinidad y Tobago',NULL),
(351,'COUNTRY','TV','Tuvalu','Tuvalu',NULL),
(352,'COUNTRY','TW','Taiwan','Taiwan',NULL),
(353,'COUNTRY','TZ','Tanzania','Tanzania',NULL),
(354,'COUNTRY','UA','Ucrania','Ucrania',NULL),
(355,'COUNTRY','UG','Uganda','Uganda',NULL),
(356,'COUNTRY','UM','Islas Ultramarinas Menores de Estados Unidos','Islas Ultramarinas Menores de Estados Unidos',NULL),
(357,'COUNTRY','US','Estados Unidos','Estados Unidos',NULL),
(358,'COUNTRY','UY','Uruguay','Uruguay',NULL),
(359,'COUNTRY','UZ','Uzbekistán','Uzbekistán',NULL),
(360,'COUNTRY','VA','Ciudad del vaticano','Ciudad del vaticano',NULL),
(361,'COUNTRY','VC','San Vicente y las Granadinas','San Vicente y las Granadinas',NULL),
(362,'COUNTRY','VE','Venezuela','Venezuela',NULL),
(363,'COUNTRY','VG','Islas Vírgenes británicas','Islas Vírgenes británicas',NULL),
(364,'COUNTRY','VI','Islas Vírgenes','Islas Vírgenes',NULL),
(365,'COUNTRY','VN','Vietnam','Vietnam',NULL),
(366,'COUNTRY','VU','Vanuatu','Vanuatu',NULL),
(367,'COUNTRY','WF','Wallis y Futuna','Wallis y Futuna',NULL),
(368,'COUNTRY','WS','Samoa','Samoa',NULL),
(369,'COUNTRY','YE','Yemen','Yemen',NULL),
(370,'COUNTRY','YT','Mahorés','Mahorés',NULL),
(371,'COUNTRY','ZA','Sudáfrica','Sudáfrica',NULL),
(372,'COUNTRY','ZM','Zambia','Zambia',NULL),
(373,'COUNTRY','ZW','Zimbawe','Zimbawe',NULL),
(374,'LANG','aar','Afar','Afar',NULL),
(375,'LANG','abk','Abjazo','Abjazo',NULL),
(376,'LANG','ace','Achinés','Achinés',NULL),
(377,'LANG','ach','Acoli','Acoli',NULL),
(378,'LANG','ada','Adangme','Adangme',NULL),
(379,'LANG','ady','Adigué','Adigué',NULL),
(380,'LANG','afa','Lenguajes Afro-Asiáticos','Lenguajes Afro-Asiáticos',NULL),
(381,'LANG','afh','Afrihili','Afrihili',NULL),
(382,'LANG','afr','Afrikáans','Afrikáans',NULL),
(383,'LANG','ain','Ainu','Ainu',NULL),
(384,'LANG','aka','Akan','Akan',NULL),
(385,'LANG','akk','Acadio','Acadio',NULL),
(386,'LANG','alb','Albanés','Albanés',NULL),
(387,'LANG','ale','Aleutiano','Aleutiano',NULL),
(388,'LANG','alg','Lenguas algonquinas','Lenguas algonquinas',NULL),
(389,'LANG','alt','Altái del sur','Altái del sur',NULL),
(390,'LANG','amh','Amhárico','Amhárico',NULL),
(391,'LANG','ang','Inglés, antiguo (450-1100)','Inglés, antiguo (450-1100)',NULL),
(392,'LANG','anp','Angika','Angika',NULL),
(393,'LANG','apa','Lenguas apacheanas','Lenguas apacheanas',NULL),
(394,'LANG','ara','Árabe','Árabe',NULL),
(395,'LANG','arc','Arameo oficial (700-300 BCE); Arameo imperial (700-300 BCE)','Arameo oficial (700-300 BCE); Arameo imperial (700-300 BCE)',NULL),
(396,'LANG','arg','Aragonés','Aragonés',NULL),
(397,'LANG','arm','Armenio','Armenio',NULL),
(398,'LANG','arn','Mapudungun; Mapuche','Mapudungun; Mapuche',NULL),
(399,'LANG','arp','Arapajó','Arapajó',NULL),
(400,'LANG','art','Lenguajes artificiales','Lenguajes artificiales',NULL),
(401,'LANG','arw','Arahuaco','Arahuaco',NULL),
(402,'LANG','asm','Asamés','Asamés',NULL),
(403,'LANG','ast','Asturiano; Bable; Leonés; Asturoleonés','Asturiano; Bable; Leonés; Asturoleonés',NULL),
(404,'LANG','ath','Lenguas atabascanas','Lenguas atabascanas',NULL),
(405,'LANG','aus','Lenguas australianas','Lenguas australianas',NULL),
(406,'LANG','ava','Avarico','Avarico',NULL),
(407,'LANG','ave','Avéstico','Avéstico',NULL),
(408,'LANG','awa','Awadhi','Awadhi',NULL),
(409,'LANG','aym','Aymara','Aymara',NULL),
(410,'LANG','aze','Azerí','Azerí',NULL),
(411,'LANG','bad','Lenguajes banda','Lenguajes banda',NULL),
(412,'LANG','bai','Lenguas bamileké','Lenguas bamileké',NULL),
(413,'LANG','bak','Bashkir','Bashkir',NULL),
(414,'LANG','bal','Baluchi','Baluchi',NULL),
(415,'LANG','bam','Bambara','Bambara',NULL),
(416,'LANG','ban','Balinés','Balinés',NULL),
(417,'LANG','baq','Vasco','Vasco',NULL),
(418,'LANG','bas','Basa','Basa',NULL),
(419,'LANG','bat','Lenguas bálticas','Lenguas bálticas',NULL),
(420,'LANG','bej','Beya; Bedawiyet','Beya; Bedawiyet',NULL),
(421,'LANG','bel','Bielorruso','Bielorruso',NULL),
(422,'LANG','bem','Bemba','Bemba',NULL),
(423,'LANG','ben','Bengalí','Bengalí',NULL),
(424,'LANG','ber','Lenguas bereberes','Lenguas bereberes',NULL),
(425,'LANG','bho','Bhoshpuri','Bhoshpuri',NULL),
(426,'LANG','bih','Lenguas bihari','Lenguas bihari',NULL),
(427,'LANG','bik','Bikol','Bikol',NULL),
(428,'LANG','bin','Bini; Edo','Bini; Edo',NULL),
(429,'LANG','bis','Bislama','Bislama',NULL),
(430,'LANG','bla','Siksiká','Siksiká',NULL),
(431,'LANG','bnt','Lenguas bantúes','Lenguas bantúes',NULL),
(432,'LANG','bos','Bosnio','Bosnio',NULL),
(433,'LANG','bra','Braj','Braj',NULL),
(434,'LANG','bre','Bretón','Bretón',NULL),
(435,'LANG','btk','Lenguas Batak','Lenguas Batak',NULL),
(436,'LANG','bua','Buriato','Buriato',NULL),
(437,'LANG','bug','Buginés','Buginés',NULL),
(438,'LANG','bul','Búlgaro','Búlgaro',NULL),
(439,'LANG','bur','Burmés','Burmés',NULL),
(440,'LANG','byn','Blin; Bilin','Blin; Bilin',NULL),
(441,'LANG','cad','Caddo','Caddo',NULL),
(442,'LANG','cai','Lenguas amerindias de Centroamérica','Lenguas amerindias de Centroamérica',NULL),
(443,'LANG','car','Galibi','Galibi',NULL),
(444,'LANG','cat','Catalán; Valenciano','Catalán; Valenciano',NULL),
(445,'LANG','cau','Lenguas caucásicas','Lenguas caucásicas',NULL),
(446,'LANG','ceb','Cebuano','Cebuano',NULL),
(447,'LANG','cel','Lenguas celtas','Lenguas celtas',NULL),
(448,'LANG','cha','Chamorro','Chamorro',NULL),
(449,'LANG','chb','Chibcha','Chibcha',NULL),
(450,'LANG','che','Checheno','Checheno',NULL),
(451,'LANG','chg','Chagatai','Chagatai',NULL),
(452,'LANG','chi','Chino','Chino',NULL),
(453,'LANG','chk','Chuukés','Chuukés',NULL),
(454,'LANG','chm','Mari','Mari',NULL),
(455,'LANG','chn','Jerga chinook','Jerga chinook',NULL),
(456,'LANG','cho','Choctaw','Choctaw',NULL),
(457,'LANG','chp','Chipewyan; Dené Suliné','Chipewyan; Dené Suliné',NULL),
(458,'LANG','chr','Cheroqui','Cheroqui',NULL),
(459,'LANG','chu','Eslavo eclesiástico; Antiguo eslavo; Búlgaro antiguo; Antiguo eslavo eclesiástico','Eslavo eclesiástico; Antiguo eslavo; Búlgaro antiguo; Antiguo eslavo eclesiástico',NULL),
(460,'LANG','chv','Chuvasio','Chuvasio',NULL),
(461,'LANG','chy','Cheyene','Cheyene',NULL),
(462,'LANG','cmc','Lenguas chámicas','Lenguas chámicas',NULL),
(463,'LANG','cnr','Montenegrino','Montenegrino',NULL),
(464,'LANG','cop','Copto','Copto',NULL),
(465,'LANG','cor','Córnico','Córnico',NULL),
(466,'LANG','cos','Corso','Corso',NULL),
(467,'LANG','cpe','Criollos y pidgins, basados en el inglés','Criollos y pidgins, basados en el inglés',NULL),
(468,'LANG','cpf','Criollos y pidgins, basados en francés','Criollos y pidgins, basados en francés',NULL),
(469,'LANG','cpp','Criollos y pidgins, basados en portugués','Criollos y pidgins, basados en portugués',NULL),
(470,'LANG','cre','Cri','Cri',NULL),
(471,'LANG','crh','Tártaro de Crimea; Turco de Crimea','Tártaro de Crimea; Turco de Crimea',NULL),
(472,'LANG','crp','Criollos y pidgins','Criollos y pidgins',NULL),
(473,'LANG','csb','Caxubio','Caxubio',NULL),
(474,'LANG','cus','Lenguas cushitas','Lenguas cushitas',NULL),
(475,'LANG','cze','Checo','Checo',NULL),
(476,'LANG','dak','Dakota','Dakota',NULL),
(477,'LANG','dan','Danés','Danés',NULL),
(478,'LANG','dar','Dargwa','Dargwa',NULL),
(479,'LANG','day','Lenguas dayak','Lenguas dayak',NULL),
(480,'LANG','del','Delaware','Delaware',NULL),
(481,'LANG','den','Slave (atabascano)','Slave (atabascano)',NULL),
(482,'LANG','dgr','Dogrib','Dogrib',NULL),
(483,'LANG','din','Dinka','Dinka',NULL),
(484,'LANG','div','Divehi; Dhivehi; Maldivo','Divehi; Dhivehi; Maldivo',NULL),
(485,'LANG','doi','Dogri','Dogri',NULL),
(486,'LANG','dra','Lenguas dravídicas','Lenguas dravídicas',NULL),
(487,'LANG','dsb','Bajo sorabo','Bajo sorabo',NULL),
(488,'LANG','dua','Duala','Duala',NULL),
(489,'LANG','dum','Neerlandés, medieval (ca. 1050-1350)','Neerlandés, medieval (ca. 1050-1350)',NULL),
(490,'LANG','dut','Neerlandés; Flamenco','Neerlandés; Flamenco',NULL),
(491,'LANG','dyu','Yulá','Yulá',NULL),
(492,'LANG','dzo','Dzongkha','Dzongkha',NULL),
(493,'LANG','efi','Efik','Efik',NULL),
(494,'LANG','egy','Egipcio (antiguo)','Egipcio (antiguo)',NULL),
(495,'LANG','eka','Ekajuk','Ekajuk',NULL),
(496,'LANG','elx','Elamita','Elamita',NULL),
(497,'LANG','eng','Inglés','Inglés',NULL),
(498,'LANG','enm','Inglés medio (1100-1500)','Inglés medio (1100-1500)',NULL),
(499,'LANG','epo','Esperanto','Esperanto',NULL),
(500,'LANG','est','Estonio','Estonio',NULL),
(501,'LANG','ewe','Ewe','Ewe',NULL),
(502,'LANG','ewo','Ewondo','Ewondo',NULL),
(503,'LANG','fan','Fang','Fang',NULL),
(504,'LANG','fao','Faroés','Faroés',NULL),
(505,'LANG','fat','Fanti','Fanti',NULL),
(506,'LANG','fij','Fiyiano','Fiyiano',NULL),
(507,'LANG','fil','Filipino','Filipino',NULL),
(508,'LANG','fin','Finés','Finés',NULL),
(509,'LANG','fiu','Lenguas ugrofinesas','Lenguas ugrofinesas',NULL),
(510,'LANG','fon','Fon','Fon',NULL),
(511,'LANG','fre','Francés','Francés',NULL),
(512,'LANG','frm','Francés, medio (ca. 1400-1600)','Francés, medio (ca. 1400-1600)',NULL),
(513,'LANG','fro','Francés, antiguo (ca. 842-1400)','Francés, antiguo (ca. 842-1400)',NULL),
(514,'LANG','frr','Frisón del norte','Frisón del norte',NULL),
(515,'LANG','frs','Frisón oriental','Frisón oriental',NULL),
(516,'LANG','fry','Frisón occidental','Frisón occidental',NULL),
(517,'LANG','ful','Fula','Fula',NULL),
(518,'LANG','fur','Friulano','Friulano',NULL),
(519,'LANG','gaa','Ga','Ga',NULL),
(520,'LANG','gay','Gayo','Gayo',NULL),
(521,'LANG','gba','Gbaya','Gbaya',NULL),
(522,'LANG','gem','Lenguas germánicas','Lenguas germánicas',NULL),
(523,'LANG','geo','Georgiano','Georgiano',NULL),
(524,'LANG','ger','Alemán','Alemán',NULL),
(525,'LANG','gez','Ge\'ez','Ge\'ez',NULL),
(526,'LANG','gil','Gilbertés','Gilbertés',NULL),
(527,'LANG','gla','Gaélico; Gaélico escocés','Gaélico; Gaélico escocés',NULL),
(528,'LANG','gle','Irlandés','Irlandés',NULL),
(529,'LANG','glg','Gallego','Gallego',NULL),
(530,'LANG','glv','Manés','Manés',NULL),
(531,'LANG','gmh','Alemán, Alta Edad Media (ca. 1050-1500)','Alemán, Alta Edad Media (ca. 1050-1500)',NULL),
(532,'LANG','goh','Alemán, Baja Edad Media (ca. 750-1050)','Alemán, Baja Edad Media (ca. 750-1050)',NULL),
(533,'LANG','gon','Gondi','Gondi',NULL),
(534,'LANG','gor','Gorontalo','Gorontalo',NULL),
(535,'LANG','got','Gótico','Gótico',NULL),
(536,'LANG','grb','Grebo','Grebo',NULL),
(537,'LANG','grc','Griego antiguo (hasta 1453)','Griego antiguo (hasta 1453)',NULL),
(538,'LANG','gre','Griego, moderno (desde 1453)','Griego, moderno (desde 1453)',NULL),
(539,'LANG','grn','Guaraní','Guaraní',NULL),
(540,'LANG','gsw','Alemán suizo; Alemánico; Alsaciano','Alemán suizo; Alemánico; Alsaciano',NULL),
(541,'LANG','guj','Gujarati','Gujarati',NULL),
(542,'LANG','gwi','Gwich\'in','Gwich\'in',NULL),
(543,'LANG','hai','Haida','Haida',NULL),
(544,'LANG','hat','Haitiano; Creolé Haitiano','Haitiano; Creolé Haitiano',NULL),
(545,'LANG','hau','Hausa','Hausa',NULL),
(546,'LANG','haw','Hawaiano','Hawaiano',NULL),
(547,'LANG','heb','Hebreo','Hebreo',NULL),
(548,'LANG','her','Herero','Herero',NULL),
(549,'LANG','hil','Hiligaynon','Hiligaynon',NULL),
(550,'LANG','him','Lenguas Himachales; Leguas pahari occidentales','Lenguas Himachales; Leguas pahari occidentales',NULL),
(551,'LANG','hin','Hindi','Hindi',NULL),
(552,'LANG','hit','Hitita','Hitita',NULL),
(553,'LANG','hmn','Hmong; Mong','Hmong; Mong',NULL),
(554,'LANG','hmo','Hiri Motu','Hiri Motu',NULL),
(555,'LANG','hrv','Croata','Croata',NULL),
(556,'LANG','hsb','Alto sorabo','Alto sorabo',NULL),
(557,'LANG','hun','Húngaro','Húngaro',NULL),
(558,'LANG','hup','Hupa','Hupa',NULL),
(559,'LANG','iba','Iban','Iban',NULL),
(560,'LANG','ibo','Igbo','Igbo',NULL),
(561,'LANG','ice','Islandés','Islandés',NULL),
(562,'LANG','ido','Ido','Ido',NULL),
(563,'LANG','iii','Sichuan Yi; Nuosu','Sichuan Yi; Nuosu',NULL),
(564,'LANG','ijo','Lenguas ljo','Lenguas ljo',NULL),
(565,'LANG','iku','Inuktitut','Inuktitut',NULL),
(566,'LANG','ile','Interlingua; Occidental','Interlingua; Occidental',NULL),
(567,'LANG','ilo','Iloko','Iloko',NULL),
(568,'LANG','ina','Interlingua (Asociación de la Lengua Auxiliar Internacional)','Interlingua (Asociación de la Lengua Auxiliar Internacional)',NULL),
(569,'LANG','inc','Lenguas índicas','Lenguas índicas',NULL),
(570,'LANG','ind','Indonesio','Indonesio',NULL),
(571,'LANG','ine','Lenguas indoeuropeas','Lenguas indoeuropeas',NULL),
(572,'LANG','inh','Igusetio','Igusetio',NULL),
(573,'LANG','ipk','Iñupiaq','Iñupiaq',NULL),
(574,'LANG','ira','Lenguas iranias','Lenguas iranias',NULL),
(575,'LANG','iro','Lenguas iroquesas','Lenguas iroquesas',NULL),
(576,'LANG','ita','Italiano','Italiano',NULL),
(577,'LANG','jav','Javanés','Javanés',NULL),
(578,'LANG','jbo','Lojban','Lojban',NULL),
(579,'LANG','jpn','Japonés','Japonés',NULL),
(580,'LANG','jpr','Judeo-Persa','Judeo-Persa',NULL),
(581,'LANG','jrb','Judeo-Árabe','Judeo-Árabe',NULL),
(582,'LANG','kaa','Kara-Kalpak','Kara-Kalpak',NULL),
(583,'LANG','kab','Kabyle','Kabyle',NULL),
(584,'LANG','kac','Kachin; Jingpho','Kachin; Jingpho',NULL),
(585,'LANG','kal','Kalaallisut; Groenlandés','Kalaallisut; Groenlandés',NULL),
(586,'LANG','kam','Kamba','Kamba',NULL),
(587,'LANG','kan','Kannada','Kannada',NULL),
(588,'LANG','kar','Lenguajes Karen','Lenguajes Karen',NULL),
(589,'LANG','kas','Cachemir','Cachemir',NULL),
(590,'LANG','kau','Kanuri','Kanuri',NULL),
(591,'LANG','kaw','Kawi','Kawi',NULL),
(592,'LANG','kaz','Kazajo','Kazajo',NULL),
(593,'LANG','kbd','Kabardiano','Kabardiano',NULL),
(594,'LANG','kha','Khasi','Khasi',NULL),
(595,'LANG','khi','Lenguas Joisán','Lenguas Joisán',NULL),
(596,'LANG','khm','Khmer central','Khmer central',NULL),
(597,'LANG','kho','Kotanés; Sakan','Kotanés; Sakan',NULL),
(598,'LANG','kik','Kikuyu; Gikuyu','Kikuyu; Gikuyu',NULL),
(599,'LANG','kin','Kiñaruanda','Kiñaruanda',NULL),
(600,'LANG','kir','Kirguís; Kirghiz','Kirguís; Kirghiz',NULL),
(601,'LANG','kmb','Kimbundu','Kimbundu',NULL),
(602,'LANG','kok','Konkani','Konkani',NULL),
(603,'LANG','kom','Komi','Komi',NULL),
(604,'LANG','kon','Kongo','Kongo',NULL),
(605,'LANG','kor','Coreano','Coreano',NULL),
(606,'LANG','kos','Kosraean','Kosraean',NULL),
(607,'LANG','kpe','Kpelle','Kpelle',NULL),
(608,'LANG','krc','Karachay-Balkar','Karachay-Balkar',NULL),
(609,'LANG','krl','Carelio','Carelio',NULL),
(610,'LANG','kro','Lenguas Kru','Lenguas Kru',NULL),
(611,'LANG','kru','Kurukh','Kurukh',NULL),
(612,'LANG','kua','Kuanyama; Kwanyama','Kuanyama; Kwanyama',NULL),
(613,'LANG','kum','Kumyk','Kumyk',NULL),
(614,'LANG','kur','Kurdo','Kurdo',NULL),
(615,'LANG','kut','Kutenai','Kutenai',NULL),
(616,'LANG','lad','Ladino','Ladino',NULL),
(617,'LANG','lah','Lahnda','Lahnda',NULL),
(618,'LANG','lam','Lamba','Lamba',NULL),
(619,'LANG','lao','Lao','Lao',NULL),
(620,'LANG','lat','Latín','Latín',NULL),
(621,'LANG','lav','Letón','Letón',NULL),
(622,'LANG','lez','Lezgiano','Lezgiano',NULL),
(623,'LANG','lim','Limburgués','Limburgués',NULL),
(624,'LANG','lin','Lingala','Lingala',NULL),
(625,'LANG','lit','Lituano','Lituano',NULL),
(626,'LANG','lol','Mongo','Mongo',NULL),
(627,'LANG','loz','Lozi','Lozi',NULL),
(628,'LANG','ltz','Luxemburgués','Luxemburgués',NULL),
(629,'LANG','lua','Luba-Lulua','Luba-Lulua',NULL),
(630,'LANG','lub','Luba-Katanga','Luba-Katanga',NULL),
(631,'LANG','lug','Ganda','Ganda',NULL),
(632,'LANG','lui','Luiseño','Luiseño',NULL),
(633,'LANG','lun','Lunda','Lunda',NULL),
(634,'LANG','luo','Luo (Kenya y Tanzania)','Luo (Kenya y Tanzania)',NULL),
(635,'LANG','lus','Mizo','Mizo',NULL),
(636,'LANG','mac','Macedonio','Macedonio',NULL),
(637,'LANG','mad','Madurés','Madurés',NULL),
(638,'LANG','mag','Magahi','Magahi',NULL),
(639,'LANG','mah','Marshalés','Marshalés',NULL),
(640,'LANG','mai','Maithili','Maithili',NULL),
(641,'LANG','mak','Makasar','Makasar',NULL),
(642,'LANG','mal','Malayalam','Malayalam',NULL),
(643,'LANG','man','Mandingá','Mandingá',NULL),
(644,'LANG','mao','Maorí','Maorí',NULL),
(645,'LANG','map','Lenguas austronesias','Lenguas austronesias',NULL),
(646,'LANG','mar','Maratí','Maratí',NULL),
(647,'LANG','mas','Masái','Masái',NULL),
(648,'LANG','may','Malayo','Malayo',NULL),
(649,'LANG','mdf','Moksha','Moksha',NULL),
(650,'LANG','mdr','Mandar','Mandar',NULL),
(651,'LANG','men','Mendé','Mendé',NULL),
(652,'LANG','mga','Irlandés, Medio (ca. 900-1200)','Irlandés, Medio (ca. 900-1200)',NULL),
(653,'LANG','mic','Mi\'kmaq; Micmac','Mi\'kmaq; Micmac',NULL),
(654,'LANG','min','Minangkabau','Minangkabau',NULL),
(655,'LANG','mis','Lenguas no codificadas','Lenguas no codificadas',NULL),
(656,'LANG','mkh','Lenguas mon-jemer','Lenguas mon-jemer',NULL),
(657,'LANG','mlg','Malagasio','Malagasio',NULL),
(658,'LANG','mlt','Maltés','Maltés',NULL),
(659,'LANG','mnc','Manchú','Manchú',NULL),
(660,'LANG','mni','Meitei','Meitei',NULL),
(661,'LANG','mno','Lenguajes manobo','Lenguajes manobo',NULL),
(662,'LANG','moh','Mohicano','Mohicano',NULL),
(663,'LANG','mon','Mongol','Mongol',NULL),
(664,'LANG','mos','Mossi','Mossi',NULL),
(665,'LANG','mul','Idiomas múltiples','Idiomas múltiples',NULL),
(666,'LANG','mun','Lenguas munda','Lenguas munda',NULL),
(667,'LANG','mus','Creek','Creek',NULL),
(668,'LANG','mwl','Mirandés','Mirandés',NULL),
(669,'LANG','mwr','Marwari','Marwari',NULL),
(670,'LANG','myn','Lenguajes Maya','Lenguajes Maya',NULL),
(671,'LANG','myv','Erzya','Erzya',NULL),
(672,'LANG','nah','Lenguas náhuatl','Lenguas náhuatl',NULL),
(673,'LANG','nai','Lenguas amerindias de Norteamérica','Lenguas amerindias de Norteamérica',NULL),
(674,'LANG','nap','Napolitano','Napolitano',NULL),
(675,'LANG','nau','Nauru','Nauru',NULL),
(676,'LANG','nav','Navajo','Navajo',NULL),
(677,'LANG','nbl','Ndebele, sur; Ndebele del sur','Ndebele, sur; Ndebele del sur',NULL),
(678,'LANG','nde','Ndebele, norte; Ndebele del norte','Ndebele, norte; Ndebele del norte',NULL),
(679,'LANG','ndo','Ndonga','Ndonga',NULL),
(680,'LANG','nds','Bajo alemán; Bajo sajón; Alemán, bajo; Sajón, bajo','Bajo alemán; Bajo sajón; Alemán, bajo; Sajón, bajo',NULL),
(681,'LANG','nep','Nepalés','Nepalés',NULL),
(682,'LANG','new','Nepal Bhasa; Nevarí','Nepal Bhasa; Nevarí',NULL),
(683,'LANG','nia','Nías','Nías',NULL),
(684,'LANG','nic','Lenguas Níger-Cordofanas','Lenguas Níger-Cordofanas',NULL),
(685,'LANG','niu','Niuano','Niuano',NULL),
(686,'LANG','nno','Noruego Nynorsk; Nynorsk, Noruego','Noruego Nynorsk; Nynorsk, Noruego',NULL),
(687,'LANG','nob','Bokmål, Noruego; Noruego Bokmål','Bokmål, Noruego; Noruego Bokmål',NULL),
(688,'LANG','nog','Nogayo','Nogayo',NULL),
(689,'LANG','non','Noruego, antiguo','Noruego, antiguo',NULL),
(690,'LANG','nor','Noruego','Noruego',NULL),
(691,'LANG','nqo','N\'Ko','N\'Ko',NULL),
(692,'LANG','nso','Pedi; Sepedi; Soto norteño','Pedi; Sepedi; Soto norteño',NULL),
(693,'LANG','nub','Lenguas nubias','Lenguas nubias',NULL),
(694,'LANG','nwc','Newarí clásico; Newarí antiguo; Nepal Basha clásico','Newarí clásico; Newarí antiguo; Nepal Basha clásico',NULL),
(695,'LANG','nya','Chichewa; Chewa; Nyanja','Chichewa; Chewa; Nyanja',NULL),
(696,'LANG','nym','Nyamwezi','Nyamwezi',NULL),
(697,'LANG','nyn','Nyankole','Nyankole',NULL),
(698,'LANG','nyo','Nyoro','Nyoro',NULL),
(699,'LANG','nzi','Nzema','Nzema',NULL),
(700,'LANG','oci','Occitano (post 1500)','Occitano (post 1500)',NULL),
(701,'LANG','oji','Ojibwa','Ojibwa',NULL),
(702,'LANG','ori','Oriya','Oriya',NULL),
(703,'LANG','orm','Oromo','Oromo',NULL),
(704,'LANG','osa','Osage','Osage',NULL),
(705,'LANG','oss','Osetio; Osético','Osetio; Osético',NULL),
(706,'LANG','ota','Turco, Otomano (1500-1928)','Turco, Otomano (1500-1928)',NULL),
(707,'LANG','oto','Lenguajes otomi','Lenguajes otomi',NULL),
(708,'LANG','paa','Lenguas papúes','Lenguas papúes',NULL),
(709,'LANG','pag','Pangasinense','Pangasinense',NULL),
(710,'LANG','pal','Pahlavi','Pahlavi',NULL),
(711,'LANG','pam','Pampango; Kapampángan','Pampango; Kapampángan',NULL),
(712,'LANG','pan','Panyabí; Punyabí','Panyabí; Punyabí',NULL),
(713,'LANG','pap','Papiamento','Papiamento',NULL),
(714,'LANG','pau','Palauano','Palauano',NULL),
(715,'LANG','peo','Persa, antiguo (ca. 600-400 A.C.)','Persa, antiguo (ca. 600-400 A.C.)',NULL),
(716,'LANG','per','Persa','Persa',NULL),
(717,'LANG','phi','Lenguas de Filipinas','Lenguas de Filipinas',NULL),
(718,'LANG','phn','Fenicio','Fenicio',NULL),
(719,'LANG','pli','Pali','Pali',NULL),
(720,'LANG','pol','Polaco','Polaco',NULL),
(721,'LANG','pon','Ponapeño','Ponapeño',NULL),
(722,'LANG','por','Portugués','Portugués',NULL),
(723,'LANG','pra','Lenguas prácritas','Lenguas prácritas',NULL),
(724,'LANG','pro','Provenzal, antiguo (hasta 1500); Occitano, antiguo (hasta 1500)','Provenzal, antiguo (hasta 1500); Occitano, antiguo (hasta 1500)',NULL),
(725,'LANG','pus','Pastún; Pashtún','Pastún; Pashtún',NULL),
(726,'LANG','qaa-qtz','Reservado para uso local','Reservado para uso local',NULL),
(727,'LANG','que','Quechua','Quechua',NULL),
(728,'LANG','raj','Rayastani','Rayastani',NULL),
(729,'LANG','rap','Rapanui','Rapanui',NULL),
(730,'LANG','rar','Rarotongano; Maorí de las Islas Cook','Rarotongano; Maorí de las Islas Cook',NULL),
(731,'LANG','roa','Lenguas romances','Lenguas romances',NULL),
(732,'LANG','roh','Romanche','Romanche',NULL),
(733,'LANG','rom','Romaní','Romaní',NULL),
(734,'LANG','rum','Rumano; Moldavo','Rumano; Moldavo',NULL),
(735,'LANG','run','Rundi','Rundi',NULL),
(736,'LANG','rup','Aromaniano; Arrumano; Macedo-rumano','Aromaniano; Arrumano; Macedo-rumano',NULL),
(737,'LANG','rus','Ruso','Ruso',NULL),
(738,'LANG','sad','Sandawe','Sandawe',NULL),
(739,'LANG','sag','Sango','Sango',NULL),
(740,'LANG','sah','Yakuto','Yakuto',NULL),
(741,'LANG','sai','Lenguas amerindias de Sudamérica','Lenguas amerindias de Sudamérica',NULL),
(742,'LANG','sal','Lenguas salishanas','Lenguas salishanas',NULL),
(743,'LANG','sam','Arameo samaritano','Arameo samaritano',NULL),
(744,'LANG','san','Sánscrito','Sánscrito',NULL),
(745,'LANG','sas','Sasak','Sasak',NULL),
(746,'LANG','sat','Santali','Santali',NULL),
(747,'LANG','scn','Siciliano','Siciliano',NULL),
(748,'LANG','sco','Escocés','Escocés',NULL),
(749,'LANG','sel','Selkup','Selkup',NULL),
(750,'LANG','sem','Lenguas semíticas','Lenguas semíticas',NULL),
(751,'LANG','sga','Irlandés, Antiguo (hasta 900)','Irlandés, Antiguo (hasta 900)',NULL),
(752,'LANG','sgn','Lenguas de signos','Lenguas de signos',NULL),
(753,'LANG','shn','Shan','Shan',NULL),
(754,'LANG','sid','Sidamo','Sidamo',NULL),
(755,'LANG','sin','Cingalés; Singalés; Sinhala','Cingalés; Singalés; Sinhala',NULL),
(756,'LANG','sio','Lenguas siux','Lenguas siux',NULL),
(757,'LANG','sit','Lenguas sino-tibetanas','Lenguas sino-tibetanas',NULL),
(758,'LANG','sla','Lenguas eslavas','Lenguas eslavas',NULL),
(759,'LANG','slo','Eslovaco','Eslovaco',NULL),
(760,'LANG','slv','Esloveno','Esloveno',NULL),
(761,'LANG','sma','Sami sureño','Sami sureño',NULL),
(762,'LANG','sme','Sami del norte','Sami del norte',NULL),
(763,'LANG','smi','Lenguas sami','Lenguas sami',NULL),
(764,'LANG','smj','Sami de Lule','Sami de Lule',NULL),
(765,'LANG','smn','Sami Inari','Sami Inari',NULL),
(766,'LANG','smo','Samoano','Samoano',NULL),
(767,'LANG','sms','Sami skolt','Sami skolt',NULL),
(768,'LANG','sna','Shona','Shona',NULL),
(769,'LANG','snd','Sindi','Sindi',NULL),
(770,'LANG','snk','Soninké','Soninké',NULL),
(771,'LANG','sog','Sogdiano','Sogdiano',NULL),
(772,'LANG','som','Somalí','Somalí',NULL),
(773,'LANG','son','Lenguas songhay','Lenguas songhay',NULL),
(774,'LANG','sot','Soto, sureño','Soto, sureño',NULL),
(775,'LANG','spa','Español; Castellano','Español; Castellano',NULL),
(776,'LANG','srd','Sardo','Sardo',NULL),
(777,'LANG','srn','Sranan Tongo','Sranan Tongo',NULL),
(778,'LANG','srp','Serbio','Serbio',NULL),
(779,'LANG','srr','Serer','Serer',NULL),
(780,'LANG','ssa','Lenguas nilo-saharianas','Lenguas nilo-saharianas',NULL),
(781,'LANG','ssw','Suazi','Suazi',NULL),
(782,'LANG','suk','Sukuma','Sukuma',NULL),
(783,'LANG','sun','Sondanés','Sondanés',NULL),
(784,'LANG','sus','Susu','Susu',NULL),
(785,'LANG','sux','Sumerio','Sumerio',NULL),
(786,'LANG','swa','Swahili','Swahili',NULL),
(787,'LANG','swe','Sueco','Sueco',NULL),
(788,'LANG','syc','Siríaco clásico','Siríaco clásico',NULL),
(789,'LANG','syr','Siríaco','Siríaco',NULL),
(790,'LANG','tah','Tahitiano','Tahitiano',NULL),
(791,'LANG','tai','Lenguas tai','Lenguas tai',NULL),
(792,'LANG','tam','Tamil','Tamil',NULL),
(793,'LANG','tat','Tártaro','Tártaro',NULL),
(794,'LANG','tel','Telugu','Telugu',NULL),
(795,'LANG','tem','Timne','Timne',NULL),
(796,'LANG','ter','Terêna','Terêna',NULL),
(797,'LANG','tet','Tetum','Tetum',NULL),
(798,'LANG','tgk','Tayico','Tayico',NULL),
(799,'LANG','tgl','Tagalo','Tagalo',NULL),
(800,'LANG','tha','Thai','Thai',NULL),
(801,'LANG','tib','Tibetano','Tibetano',NULL),
(802,'LANG','tig','Tigré','Tigré',NULL),
(803,'LANG','tir','Tigrinya','Tigrinya',NULL),
(804,'LANG','tiv','Tiv','Tiv',NULL),
(805,'LANG','tkl','Tokelauano','Tokelauano',NULL),
(806,'LANG','tlh','Klingon; tlhIngan-Hol','Klingon; tlhIngan-Hol',NULL),
(807,'LANG','tli','Tlingit','Tlingit',NULL),
(808,'LANG','tmh','Tamashek','Tamashek',NULL),
(809,'LANG','tog','Tonga (Nyasa)','Tonga (Nyasa)',NULL),
(810,'LANG','ton','Tonga (islas Tonga)','Tonga (islas Tonga)',NULL),
(811,'LANG','tpi','Tok Pisin','Tok Pisin',NULL),
(812,'LANG','tsi','Tsimshiano','Tsimshiano',NULL),
(813,'LANG','tsn','Setsuana','Setsuana',NULL),
(814,'LANG','tso','Tsonga','Tsonga',NULL),
(815,'LANG','tuk','Turcomano','Turcomano',NULL),
(816,'LANG','tum','Tumbuka','Tumbuka',NULL),
(817,'LANG','tup','Lenguas tupíes','Lenguas tupíes',NULL),
(818,'LANG','tur','Turco','Turco',NULL),
(819,'LANG','tut','Lenguas altaicas','Lenguas altaicas',NULL),
(820,'LANG','tvl','Tuvalu','Tuvalu',NULL),
(821,'LANG','twi','Twi','Twi',NULL),
(822,'LANG','tyv','Tuvano','Tuvano',NULL),
(823,'LANG','udm','Udmurtu','Udmurtu',NULL),
(824,'LANG','uga','Ugaritico','Ugaritico',NULL),
(825,'LANG','uig','Uigur; Uyghur','Uigur; Uyghur',NULL),
(826,'LANG','ukr','Ucraniano','Ucraniano',NULL),
(827,'LANG','umb','Umbundu','Umbundu',NULL),
(828,'LANG','und','Indeterminado','Indeterminado',NULL),
(829,'LANG','urd','Urdu','Urdu',NULL),
(830,'LANG','uzb','Uzbeko','Uzbeko',NULL),
(831,'LANG','vai','Vai','Vai',NULL),
(832,'LANG','ven','Venda','Venda',NULL),
(833,'LANG','vie','Vietnamita','Vietnamita',NULL),
(834,'LANG','vol','Volapük','Volapük',NULL),
(835,'LANG','vot','Votic','Votic',NULL),
(836,'LANG','wak','Lenguas wakash','Lenguas wakash',NULL),
(837,'LANG','wal','Wolaita; Wolayta','Wolaita; Wolayta',NULL),
(838,'LANG','war','Samareño','Samareño',NULL),
(839,'LANG','was','Washo','Washo',NULL),
(840,'LANG','wel','Galés','Galés',NULL),
(841,'LANG','wen','Lenguas sorabas','Lenguas sorabas',NULL),
(842,'LANG','wln','Valón','Valón',NULL),
(843,'LANG','wol','Wólof','Wólof',NULL),
(844,'LANG','xal','Calmuco; Oirate','Calmuco; Oirate',NULL),
(845,'LANG','xho','Xhosa','Xhosa',NULL),
(846,'LANG','yao','Yao','Yao',NULL),
(847,'LANG','yap','Yapeses','Yapeses',NULL),
(848,'LANG','yid','Yidis','Yidis',NULL),
(849,'LANG','yor','Yoruba','Yoruba',NULL),
(850,'LANG','ypk','Lenguas yupik','Lenguas yupik',NULL),
(851,'LANG','zap','Zapoteca','Zapoteca',NULL),
(852,'LANG','zbl','Símbolos Bliss','Símbolos Bliss',NULL),
(853,'LANG','zen','Zenaga','Zenaga',NULL),
(854,'LANG','zgh','Amazig estándar marroquí','Amazig estándar marroquí',NULL),
(855,'LANG','zha','Zhuang; Chuang','Zhuang; Chuang',NULL),
(856,'LANG','znd','Lenguas zándicas','Lenguas zándicas',NULL),
(857,'LANG','zul','Zulú','Zulú',NULL),
(858,'LANG','zun','Zuñi','Zuñi',NULL),
(859,'LANG','zxx','Sin contenido ligüístico; No aplica','Sin contenido ligüístico; No aplica',NULL),
(860,'LANG','zza','Zaza; Dimili; Dimli; Kirdki; Kirmanjki; Zazaki','Zaza; Dimili; Dimli; Kirdki; Kirmanjki; Zazaki',NULL),
(861,'qualif','000','Función sin determinar','Función sin determinar',NULL),
(862,'qualif','005','Actor','Actor',NULL),
(863,'qualif','010','Adaptador','Adaptador',NULL),
(864,'qualif','015','Institución que pone a disposición una reproducción','Institución que pone a disposición una reproducción',NULL),
(865,'qualif','018','Animador','Animador',NULL),
(866,'qualif','020','Anotador','Anotador',NULL),
(867,'qualif','030','Arreglista','Arreglista',NULL),
(868,'qualif','040','Artista','Artista',NULL),
(869,'qualif','050','Encargado','Encargado',NULL),
(870,'qualif','060','Nombre Asociado','Nombre Asociado',NULL),
(871,'qualif','062','Autor, atribuido','Autor, atribuido',NULL),
(872,'qualif','065','Subastador','Subastador',NULL),
(873,'qualif','070','Autor','Autor',NULL),
(874,'qualif','072','Autor en citas o extractos de texto','Autor en citas o extractos de texto',NULL),
(875,'qualif','075','Autor de epílogo, postfacio, colofón, etc.','Autor de epílogo, postfacio, colofón, etc.',NULL),
(876,'qualif','080','Autor de introducción, etc.','Autor de introducción, etc.',NULL),
(877,'qualif','090','Autor de diálogo','Autor de diálogo',NULL),
(878,'qualif','100','Antecedente bibliográfico','Antecedente bibliográfico',NULL),
(879,'qualif','110','Encuadernador un agente que encuaderna un ítem.','Encuadernador un agente que encuaderna un ítem.',NULL),
(880,'qualif','120','Diseñador de encuadernación','Diseñador de encuadernación',NULL),
(881,'qualif','130','Diseñador de libros','Diseñador de libros',NULL),
(882,'qualif','140','Diseñador de cubierta del libro','Diseñador de cubierta del libro',NULL),
(883,'qualif','150','Diseñador de ex libris','Diseñador de ex libris',NULL),
(884,'qualif','160','Librero','Librero',NULL),
(885,'qualif','170','Calígrafo','Calígrafo',NULL),
(886,'qualif','180','Cartógrafo','Cartógrafo',NULL),
(887,'qualif','190','Censor','Censor',NULL),
(888,'qualif','195','Director de coro','Director de coro',NULL),
(889,'qualif','200','Coreógrafo','Coreógrafo',NULL),
(890,'qualif','202','Artista circense','Artista circense',NULL),
(891,'qualif','205','Colaborador','Colaborador',NULL),
(892,'qualif','206','Recolector de material de campo','Recolector de material de campo',NULL),
(893,'qualif','207','Comediante','Comediante',NULL),
(894,'qualif','210','Comentarista','Comentarista',NULL),
(895,'qualif','212','Comentarista de texto escrito','Comentarista de texto escrito',NULL),
(896,'qualif','220','Compilador','Compilador',NULL),
(897,'qualif','230','Compositor','Compositor',NULL),
(898,'qualif','233','Compositor de obra adaptada','Compositor de obra adaptada',NULL),
(899,'qualif','236','Compositor de la obra musical principal','Compositor de la obra musical principal',NULL),
(900,'qualif','240','Compositor','Compositor',NULL),
(901,'qualif','245','Diseñador','Diseñador',NULL),
(902,'qualif','250','Director','Director',NULL),
(903,'qualif','255','Consultor para un proyecto','Consultor para un proyecto',NULL),
(904,'qualif','257','Continuador','Continuador',NULL),
(905,'qualif','260','Titular del copyright','Titular del copyright',NULL),
(906,'qualif','270','Corrector','Corrector',NULL),
(907,'qualif','273','Curador de una exposición','Curador de una exposición',NULL),
(908,'qualif','275','Bailarin','Bailarin',NULL),
(909,'qualif','280','Dedicatario','Dedicatario',NULL),
(910,'qualif','290','Dedicador','Dedicador',NULL),
(911,'qualif','295','Otorgante de grado','Otorgante de grado',NULL),
(912,'qualif','300','Director','Director',NULL),
(913,'qualif','303','Disc jockey','Disc jockey',NULL),
(914,'qualif','305','Disertante','Disertante',NULL),
(915,'qualif','310','Distribuidor','Distribuidor',NULL),
(916,'qualif','320','Donante','Donante',NULL),
(917,'qualif','330','Autor dudoso','Autor dudoso',NULL),
(918,'qualif','340','Editor','Editor',NULL),
(919,'qualif','350','Grabador','Grabador',NULL),
(920,'qualif','355','Epitomador','Epitomador',NULL),
(921,'qualif','360','Grabador','Grabador',NULL),
(922,'qualif','365','Experto','Experto',NULL),
(923,'qualif','370','Editor de película','Editor de película',NULL),
(924,'qualif','380','Falsificador','Falsificador',NULL),
(925,'qualif','385','Ex autor atribuido','Ex autor atribuido',NULL),
(926,'qualif','390','Propietario anterior','Propietario anterior',NULL),
(927,'qualif','395','Fundador','Fundador',NULL),
(928,'qualif','400','Fundador','Fundador',NULL),
(929,'qualif','405','Diseñador de juegos','Diseñador de juegos',NULL),
(930,'qualif','407','Glosador','Glosador',NULL),
(931,'qualif','410','Técnico gráfico','Técnico gráfico',NULL),
(932,'qualif','420','Honrado','Honrado',NULL),
(933,'qualif','430','Iluminador','Iluminador',NULL),
(934,'qualif','440','Ilustrador','Ilustrador',NULL),
(935,'qualif','445','Empresario','Empresario',NULL),
(936,'qualif','450','Rotulador','Rotulador',NULL),
(937,'qualif','460','Entrevistado','Entrevistado',NULL),
(938,'qualif','470','Entrevistador','Entrevistador',NULL),
(939,'qualif','475','Organismo emisor','Organismo emisor',NULL),
(940,'qualif','480','Libretista','Libretista',NULL),
(941,'qualif','490','Licenciatario','Licenciatario',NULL),
(942,'qualif','500','Licenciador','Licenciador',NULL),
(943,'qualif','510','Litógrafo','Litógrafo',NULL),
(944,'qualif','520','Letrista','Letrista',NULL),
(945,'qualif','530','Grabador en metal','Grabador en metal',NULL),
(946,'qualif','535','Mimo','Mimo',NULL),
(947,'qualif','540','Supervisor','Supervisor',NULL),
(948,'qualif','545','Músico','Músico',NULL),
(949,'qualif','550','Narrador','Narrador',NULL),
(950,'qualif','552','Notario','Notario',NULL),
(951,'qualif','555','Oponente','Oponente',NULL),
(952,'qualif','557','Organizador','Organizador',NULL),
(953,'qualif','560','Originador','Originador',NULL),
(954,'qualif','570','Otro','Otro',NULL),
(955,'qualif','580','Papelista','Papelista',NULL),
(956,'qualif','582','Solicitante de patente','Solicitante de patente',NULL),
(957,'qualif','584','Inventor de la patente','Inventor de la patente',NULL),
(958,'qualif','587','Titular de la patente','Titular de la patente',NULL),
(959,'qualif','590','Intérprete','Intérprete',NULL),
(960,'qualif','595','Realizador de investigación','Realizador de investigación',NULL),
(961,'qualif','600','Fotógrafo','Fotógrafo',NULL),
(962,'qualif','605','Presentador','Presentador',NULL),
(963,'qualif','610','Impresora','Impresora',NULL),
(964,'qualif','620','Impresor de placas','Impresor de placas',NULL),
(965,'qualif','630','Productor','Productor',NULL),
(966,'qualif','640','Corrector','Corrector',NULL),
(967,'qualif','650','Editor','Editor',NULL),
(968,'qualif','651','Director de publicación','Director de publicación',NULL),
(969,'qualif','655','Titiritero','Titiritero',NULL),
(970,'qualif','660','Destinatario de cartas','Destinatario de cartas',NULL),
(971,'qualif','665','Productor discográfico','Productor discográfico',NULL),
(972,'qualif','670','Ingeniero de grabación','Ingeniero de grabación',NULL),
(973,'qualif','672','Remezclador','Remezclador',NULL),
(974,'qualif','673','Jefe del equipo de investigación','Jefe del equipo de investigación',NULL),
(975,'qualif','677','Miembro del equipo de investigación','Miembro del equipo de investigación',NULL),
(976,'qualif','675','Revisor','Revisor',NULL),
(977,'qualif','678','Restauracionista','Restauracionista',NULL),
(978,'qualif','680','Rubricador','Rubricador',NULL),
(979,'qualif','690','Escenarista','Escenarista',NULL),
(980,'qualif','695','Asesor científico','Asesor científico',NULL),
(981,'qualif','700','Escriba','Escriba',NULL),
(982,'qualif','705','Escultor','Escultor',NULL),
(983,'qualif','710','Secretario/a','Secretario/a',NULL),
(984,'qualif','720','Firmante','Firmante',NULL),
(985,'qualif','721','Cantante','Cantante',NULL),
(986,'qualif','723','Patrocinador','Patrocinador',NULL),
(987,'qualif','725','Cuerpo de estándares','Cuerpo de estándares',NULL),
(988,'qualif','726','Ejecutante del truco','Ejecutante del truco',NULL),
(989,'qualif','727','Director de tesis','Director de tesis',NULL),
(990,'qualif','730','Traductor','Traductor',NULL),
(991,'qualif','735','Transliterador','Transliterador',NULL),
(992,'qualif','740','Tipógrafo','Tipógrafo',NULL),
(993,'qualif','750','Tipógrafo','Tipógrafo',NULL),
(994,'qualif','753','Proveedor','Proveedor',NULL),
(995,'qualif','755','Vocalista','Vocalista',NULL),
(996,'qualif','760','Grabador de madera','Grabador de madera',NULL),
(997,'qualif','770','Escritor del material adjunto','Escritor del material adjunto',NULL),
(998,'HINGS_UT','0','Información no disponible; No aplica',NULL,NULL),
(999,'HINGS_UT','a','Unidad bibliográfica básica',NULL,NULL),
(1000,'HINGS_UT','c','Unidad bibliográfica secundaria: suplementos, ejemplares especiales, material adjunto, otras unidades bibliográficas secundarias',NULL,NULL),
(1001,'HINGS_UT','d','Índices',NULL,NULL),
(1002,'HINGS_PF','au','Material cartográfico',NULL,NULL),
(1003,'HINGS_PF','ad','Material cartográfico, atlas',NULL,NULL),
(1004,'HINGS_PF','ag','Material cartográfico, diagrama',NULL,NULL),
(1005,'HINGS_PF','aj','Material cartográfico, mapa',NULL,NULL),
(1006,'HINGS_PF','ak','Material cartográfico, perfil',NULL,NULL),
(1007,'HINGS_PF','aq','Material cartográfico, modelo',NULL,NULL),
(1008,'HINGS_PF','ar','Material cartográfico, imagen de teledetección',NULL,NULL),
(1009,'HINGS_PF','as','Material cartográfico, sección',NULL,NULL),
(1010,'HINGS_PF','ay','Material cartográfico, vista',NULL,NULL),
(1011,'HINGS_PF','az','Material cartográfico, otro',NULL,NULL),
(1012,'HINGS_PF','cu','Archivo de ordenador',NULL,NULL),
(1013,'HINGS_PF','ca','Archivo de computadora, cartucho de cinta',NULL,NULL),
(1014,'HINGS_PF','cb','Archivo de computadora, cartucho de chip',NULL,NULL),
(1015,'HINGS_PF','cc','Archivo de computadora, cartucho de disco óptico',NULL,NULL),
(1016,'HINGS_PF','cf','Archivo de computadora, casete',NULL,NULL),
(1017,'HINGS_PF','ch','Archivo de computadora, bobina de cinta',NULL,NULL),
(1018,'HINGS_PF','cj','Archivo de computadora, disco magnético',NULL,NULL),
(1019,'HINGS_PF','cm','Archivo de computadora, disco magnético-óptico',NULL,NULL),
(1020,'HINGS_PF','co','Archivo de computadora, disco óptico',NULL,NULL),
(1021,'HINGS_PF','cr','Archivo de computadora, remoto',NULL,NULL),
(1022,'HINGS_PF','cz','Archivo de computadora, otro',NULL,NULL),
(1023,'HINGS_PF','du','Globo',NULL,NULL),
(1024,'HINGS_PF','da','Globo, celeste',NULL,NULL),
(1025,'HINGS_PF','db','Globo, planetario o lunar',NULL,NULL),
(1026,'HINGS_PF','dc','Globo, terrestre',NULL,NULL),
(1027,'HINGS_PF','de','Globo, luna terrestre',NULL,NULL),
(1028,'HINGS_PF','dz','Globo, otro',NULL,NULL),
(1029,'HINGS_PF','ou','Equipo',NULL,NULL),
(1030,'HINGS_PF','hu','Microforma',NULL,NULL),
(1031,'HINGS_PF','ha','Microforma, tarjeta de apertura',NULL,NULL),
(1032,'HINGS_PF','hb',' Microforma, cartucho de microfilm',NULL,NULL),
(1033,'HINGS_PF','hc',' Microforma, casete de microfilm',NULL,NULL),
(1034,'HINGS_PF','hd',' Microforma, crrete de microfilm',NULL,NULL),
(1035,'HINGS_PF','he','Microforma, microficha',NULL,NULL),
(1036,'HINGS_PF','hf','Microforma, casete de microficha',NULL,NULL),
(1037,'HINGS_PF','hg','Microforma, , microopaco',NULL,NULL),
(1038,'HINGS_PF','hz','Microforma, otro',NULL,NULL),
(1039,'HINGS_PF','mu','Película cinematográfica',NULL,NULL),
(1040,'HINGS_PF','mc','Película cinematográfica, cartucho de película',NULL,NULL),
(1041,'HINGS_PF','mf','Película cinematográfica, casete de película',NULL,NULL),
(1042,'HINGS_PF','mr','Película cinematográfica, bobina de película',NULL,NULL),
(1043,'HINGS_PF','mz','Película cinematográfica, otro',NULL,NULL),
(1044,'HINGS_PF','ku','Material gráfico no proyectable',NULL,NULL),
(1045,'HINGS_PF','kc','Material gráfico no proyectable, collage',NULL,NULL),
(1046,'HINGS_PF','kd','Material gráfico no proyectable, dibujo',NULL,NULL),
(1047,'HINGS_PF','ke','Material gráfico no proyectable, pintura',NULL,NULL),
(1048,'HINGS_PF','kf','Material gráfico no proyectable, reproducción fotomecánica',NULL,NULL),
(1049,'HINGS_PF','kg','Material gráfico no proyectable, negativo fotográfico',NULL,NULL),
(1050,'HINGS_PF','kh','Material gráfico no proyectable, positivo fotográfico',NULL,NULL),
(1051,'HINGS_PF','ki','Material gráfico no proyectable, imagen',NULL,NULL),
(1052,'HINGS_PF','kj','Material gráfico no proyectable, impresión',NULL,NULL),
(1053,'HINGS_PF','kl','Material gráfico no proyectable, dibujo técnico',NULL,NULL),
(1054,'HINGS_PF','kn','Material gráfico no proyectable, cartas',NULL,NULL),
(1055,'HINGS_PF','ko','Material gráfico no proyectable, ficha didáctica',NULL,NULL),
(1056,'HINGS_PF','kz','Material gráfico no proyectable, otro',NULL,NULL),
(1057,'HINGS_PF','qu','Música notada',NULL,NULL),
(1058,'HINGS_PF','gu','Material gráfico proyectable',NULL,NULL),
(1059,'HINGS_PF','gc','Material gráfico proyectable, cartucho de película',NULL,NULL),
(1060,'HINGS_PF','gd','Material gráfico proyectable, filmina',NULL,NULL),
(1061,'HINGS_PF','gf','Material gráfico proyectable, otro tipo de película',NULL,NULL),
(1062,'HINGS_PF','go','Material gráfico proyectable, rollo de película',NULL,NULL),
(1063,'HINGS_PF','gs','Material gráfico proyectable, diapositiva',NULL,NULL),
(1064,'HINGS_PF','gt','Material gráfico proyectable, transparencia',NULL,NULL),
(1065,'HINGS_PF','gz','Material gráfico proyectable, otro',NULL,NULL),
(1066,'HINGS_PF','ru','Imagen de teledetección',NULL,NULL),
(1067,'HINGS_PF','su','Grabación sonora',NULL,NULL),
(1068,'HINGS_PF','sd','Grabación sonora, disco de sonido',NULL,NULL),
(1069,'HINGS_PF','se','Grabación sonora, cilindro',NULL,NULL),
(1070,'HINGS_PF','sg','Grabación sonora, cartucho de sonido',NULL,NULL),
(1071,'HINGS_PF','si','Grabación sonora, banda sonora de película',NULL,NULL),
(1072,'HINGS_PF','sq','Grabación sonora, rollo',NULL,NULL),
(1073,'HINGS_PF','ss','Grabación sonora, casete de sonido',NULL,NULL),
(1074,'HINGS_PF','st','Grabación sonora, rollo de cinta de sonido',NULL,NULL),
(1075,'HINGS_PF','sw','Grabación sonora, grabación',NULL,NULL),
(1076,'HINGS_PF','sz','Grabación sonora, otro',NULL,NULL),
(1077,'HINGS_PF','tu','Texto',NULL,NULL),
(1078,'HINGS_PF','ta','Texto, impresión normal',NULL,NULL),
(1079,'HINGS_PF','tb','Texto, caracteres grandes',NULL,NULL),
(1080,'HINGS_PF','tc','Texto, Braille',NULL,NULL),
(1081,'HINGS_PF','td','Texto, hojas sueltas',NULL,NULL),
(1082,'HINGS_PF','tz','Texto, otro',NULL,NULL),
(1083,'HINGS_PF','vu','Videograbación',NULL,NULL),
(1084,'HINGS_PF','vc','Videograbación, cartucho de vídeo',NULL,NULL),
(1085,'HINGS_PF','vd','Videograbación, vídeodisco',NULL,NULL),
(1086,'HINGS_PF','vf','Videograbación, videocasete',NULL,NULL),
(1087,'HINGS_PF','vr','Videograbación, bobina de vídeo',NULL,NULL),
(1088,'HINGS_PF','vz','Videograbación, otro',NULL,NULL),
(1089,'HINGS_PF','zu','Forma física no especificada',NULL,NULL),
(1090,'HINGS_PF','zm','Múltiples formatos físicos',NULL,NULL),
(1091,'HINGS_PF','zz','Otros medios físicos',NULL,NULL),
(1092,'HINGS_C','0','Información no disponible, o la retención es limitada',NULL,NULL),
(1093,'HINGS_C','1','Completo (95%-100% retenido)',NULL,NULL),
(1094,'HINGS_C','2','Incompleto (50%-94% retenido)',NULL,NULL),
(1095,'HINGS_C','3','Muy incompleto o disperso (queda menos del 50%)',NULL,NULL),
(1096,'HINGS_C','4','No aplicable',NULL,NULL),
(1097,'HINGS_AS','0','Información no disponible, o la retención es limitada',NULL,NULL),
(1098,'HINGS_AS','1','Otro',NULL,NULL),
(1099,'HINGS_AS','2','Recibido y completado o terminado',NULL,NULL),
(1100,'HINGS_AS','3','Pedido',NULL,NULL),
(1101,'HINGS_AS','4','Recibido actualmente',NULL,NULL),
(1102,'HINGS_AS','5','No recibido actualmente',NULL,NULL),
(1103,'HINGS_RD','0','Información no disponible',NULL,NULL),
(1104,'HINGS_RD','1','Otro',NULL,NULL),
(1105,'HINGS_RD','2','Retenido excepto cuando se reemplaza por actualizaciones',NULL,NULL),
(1106,'HINGS_RD','3','Ejemplar de muestra retenida',NULL,NULL),
(1107,'HINGS_RD','4','Retenido hasta que se sustituya por microforma, u otro formato de preservación',NULL,NULL),
(1108,'HINGS_RD','5','Retenido hasta que se sustituya por acumulación, reemplazo de volumen, o revisión',NULL,NULL),
(1109,'HINGS_RD','6','Retención limitada (solo quedaron algunas partes)',NULL,NULL),
(1110,'HINGS_RD','7','Sin retención (ninguna parte remanente)',NULL,NULL),
(1111,'HINGS_RD','8','Retención permanente (todas las parte quedan permanentemente)',NULL,NULL),
(1112,'RELTERMS','acp','Copista de Arte',NULL,NULL),
(1113,'RELTERMS','act','Actor',NULL,NULL),
(1114,'RELTERMS','adp','Adaptador',NULL,NULL),
(1115,'RELTERMS','aft','Autor de epílogo, colofón, etc.',NULL,NULL),
(1116,'RELTERMS','anl','Analista',NULL,NULL),
(1117,'RELTERMS','anm','Animador',NULL,NULL),
(1118,'RELTERMS','ann','Anotador',NULL,NULL),
(1119,'RELTERMS','ant','Antecedente bibliográfico',NULL,NULL),
(1120,'RELTERMS','app','Candidato',NULL,NULL),
(1121,'RELTERMS','aqt','Autor en citas o resúmenes de texto',NULL,NULL),
(1122,'RELTERMS','arc','Arquitecto',NULL,NULL),
(1123,'RELTERMS','ard','Director Artístico',NULL,NULL),
(1124,'RELTERMS','arr','Arreglista',NULL,NULL),
(1125,'RELTERMS','art','Artista',NULL,NULL),
(1126,'RELTERMS','asg','Encargado',NULL,NULL),
(1127,'RELTERMS','asn','Nombre Asociado',NULL,NULL),
(1128,'RELTERMS','att','Nombre atribuido',NULL,NULL),
(1129,'RELTERMS','auc','Subastador',NULL,NULL),
(1130,'RELTERMS','aud','Autor de diálogo',NULL,NULL),
(1131,'RELTERMS','aui','Autor de introducción',NULL,NULL),
(1132,'RELTERMS','aus','Autor del guion',NULL,NULL),
(1133,'RELTERMS','aut','Autor',NULL,NULL),
(1134,'RELTERMS','bdd','Diseñador de encuadernación',NULL,NULL),
(1135,'RELTERMS','bjd','Diseñador de cubierta del libro',NULL,NULL),
(1136,'RELTERMS','bkd','Diseñador de libros',NULL,NULL),
(1137,'RELTERMS','bkp','Productor del libro',NULL,NULL),
(1138,'RELTERMS','blw','Escritor de propaganda',NULL,NULL),
(1139,'RELTERMS','bnd','Encuadernador',NULL,NULL),
(1140,'RELTERMS','bpd','Diseñador de ex libris',NULL,NULL),
(1141,'RELTERMS','bsl','Librero',NULL,NULL),
(1142,'RELTERMS','ccp','Diseñador',NULL,NULL),
(1143,'RELTERMS','chr','Coreógrafo',NULL,NULL),
(1144,'RELTERMS','clb','Colaborador',NULL,NULL),
(1145,'RELTERMS','cli','Cliente',NULL,NULL),
(1146,'RELTERMS','cll','Calígrafo',NULL,NULL),
(1147,'RELTERMS','clr','Colorista',NULL,NULL),
(1148,'RELTERMS','clt','Colotipeador',NULL,NULL),
(1149,'RELTERMS','cmm','Comentarista',NULL,NULL),
(1150,'RELTERMS','cmp','Compositor',NULL,NULL),
(1151,'RELTERMS','cmt','Compositor',NULL,NULL),
(1152,'RELTERMS','cng','Director de fotografía',NULL,NULL),
(1153,'RELTERMS','cnd','Director',NULL,NULL),
(1154,'RELTERMS','cns','Censor',NULL,NULL),
(1155,'RELTERMS','coe','Demandante-apelado',NULL,NULL),
(1156,'RELTERMS','col','Colector',NULL,NULL),
(1157,'RELTERMS','com','Compilador',NULL,NULL),
(1158,'RELTERMS','con','Conservador',NULL,NULL),
(1159,'RELTERMS','cos','Demandante',NULL,NULL),
(1160,'RELTERMS','cot','Demandante-apelante',NULL,NULL),
(1161,'RELTERMS','cov','Diseñador de cubierta',NULL,NULL),
(1162,'RELTERMS','cpc','Demandante de copyright',NULL,NULL),
(1163,'RELTERMS','cpe','Querellante-demandado',NULL,NULL),
(1164,'RELTERMS','cph','Titular del copyright',NULL,NULL),
(1165,'RELTERMS','cpl','Querellante',NULL,NULL),
(1166,'RELTERMS','cpt','Querellante-apelante',NULL,NULL),
(1167,'RELTERMS','cre','Creador',NULL,NULL),
(1168,'RELTERMS','crp','Correspondiente',NULL,NULL),
(1169,'RELTERMS','crr','Corrector',NULL,NULL),
(1170,'RELTERMS','csl','Consultor',NULL,NULL),
(1171,'RELTERMS','csp','Consultor para un proyecto',NULL,NULL),
(1172,'RELTERMS','cst','Diseñador de vesturario',NULL,NULL),
(1173,'RELTERMS','ctb','Contribuyente',NULL,NULL),
(1174,'RELTERMS','cte','Demandado-apelado',NULL,NULL),
(1175,'RELTERMS','ctg','Cartógrafo',NULL,NULL),
(1176,'RELTERMS','ctr','Contratista',NULL,NULL),
(1177,'RELTERMS','cts','Demandado',NULL,NULL),
(1178,'RELTERMS','ctt','Demandado-apelante',NULL,NULL),
(1179,'RELTERMS','cur','Curador',NULL,NULL),
(1180,'RELTERMS','cwt','Comentarista de texto escrito',NULL,NULL),
(1181,'RELTERMS','dfd','Defensor',NULL,NULL),
(1182,'RELTERMS','dfe','Defensor-apelado',NULL,NULL),
(1183,'RELTERMS','dft','Defensor-apelante',NULL,NULL),
(1184,'RELTERMS','dgg','Otorgante de grado',NULL,NULL),
(1185,'RELTERMS','dis','Disertante',NULL,NULL),
(1186,'RELTERMS','dln','Delineador',NULL,NULL),
(1187,'RELTERMS','dnc','Bailarin',NULL,NULL),
(1188,'RELTERMS','dnr','Donante',NULL,NULL),
(1189,'RELTERMS','dpb','Lugar de distribución',NULL,NULL),
(1190,'RELTERMS','dpc','Representado',NULL,NULL),
(1191,'RELTERMS','dpt','Depositante',NULL,NULL),
(1192,'RELTERMS','drm','Dibujante',NULL,NULL),
(1193,'RELTERMS','drt','Director',NULL,NULL),
(1194,'RELTERMS','dsr','Diseñador',NULL,NULL),
(1195,'RELTERMS','dst','Distribuidor',NULL,NULL),
(1196,'RELTERMS','dtc','Contribuyente de datos',NULL,NULL),
(1197,'RELTERMS','dte','Dedicatario',NULL,NULL),
(1198,'RELTERMS','dtm','Gestor de datos',NULL,NULL),
(1199,'RELTERMS','dto','Dedicador',NULL,NULL),
(1200,'RELTERMS','dub','Autor dudoso',NULL,NULL),
(1201,'RELTERMS','edt','Editor',NULL,NULL),
(1202,'RELTERMS','egr','Grabador',NULL,NULL),
(1203,'RELTERMS','elg','Electricista',NULL,NULL),
(1204,'RELTERMS','elt','Electrotipeador',NULL,NULL),
(1205,'RELTERMS','eng','Ingeniero',NULL,NULL),
(1206,'RELTERMS','etr','Grabador',NULL,NULL),
(1207,'RELTERMS','evp','Lugar del evento',NULL,NULL),
(1208,'RELTERMS','exp','Experto',NULL,NULL),
(1209,'RELTERMS','fac','Facsimilador',NULL,NULL),
(1210,'RELTERMS','fld','Director de campo',NULL,NULL),
(1211,'RELTERMS','flm','Editor de película',NULL,NULL),
(1212,'RELTERMS','fmo','Propietario anterior',NULL,NULL),
(1213,'RELTERMS','fpy','Parte principal',NULL,NULL),
(1214,'RELTERMS','fnd','Fundador',NULL,NULL),
(1215,'RELTERMS','frg','Falsificador',NULL,NULL),
(1216,'RELTERMS','gis','Especialista en información geográfica',NULL,NULL),
(1217,'RELTERMS','-grt','Técnico gráfico',NULL,NULL),
(1218,'RELTERMS','hnr','Honrado',NULL,NULL),
(1219,'RELTERMS','hst','Host',NULL,NULL),
(1220,'RELTERMS','ill','Ilustrador',NULL,NULL),
(1221,'RELTERMS','ilu','Iluminador',NULL,NULL),
(1222,'RELTERMS','ins','Rotulador',NULL,NULL),
(1223,'RELTERMS','inv','Inventor',NULL,NULL),
(1224,'RELTERMS','itr','Instrumentista',NULL,NULL),
(1225,'RELTERMS','ive','Entrevistado',NULL,NULL),
(1226,'RELTERMS','ivr','Entrevistador',NULL,NULL),
(1227,'RELTERMS','lbr','Laboratorio',NULL,NULL),
(1228,'RELTERMS','lbt','Libretista',NULL,NULL),
(1229,'RELTERMS','ldr','Director de laboratorio',NULL,NULL),
(1230,'RELTERMS','led','Lider',NULL,NULL),
(1231,'RELTERMS','lee','Difamador-apelado',NULL,NULL),
(1232,'RELTERMS','lel','Difamador',NULL,NULL),
(1233,'RELTERMS','len','Prestador',NULL,NULL),
(1234,'RELTERMS','let','Difamador-apelante',NULL,NULL),
(1235,'RELTERMS','lgd','Diseñador de iluminación',NULL,NULL),
(1236,'RELTERMS','lie','Difamado-apelado',NULL,NULL),
(1237,'RELTERMS','lil','Difamado',NULL,NULL),
(1238,'RELTERMS','lit','Difamado-apelante',NULL,NULL),
(1239,'RELTERMS','lsa','Arquitecto paisajista',NULL,NULL),
(1240,'RELTERMS','lse','Licenciatario',NULL,NULL),
(1241,'RELTERMS','lso','Licenciador',NULL,NULL),
(1242,'RELTERMS','ltg','Litógrafo',NULL,NULL),
(1243,'RELTERMS','lyr','Letrista',NULL,NULL),
(1244,'RELTERMS','mcp','Copista de música',NULL,NULL),
(1245,'RELTERMS','mfp','Lugar de manufactura',NULL,NULL),
(1246,'RELTERMS','mfr','Fabricante',NULL,NULL),
(1247,'RELTERMS','mdc','Contacto para metadatos',NULL,NULL),
(1248,'RELTERMS','mod','Moderador',NULL,NULL),
(1249,'RELTERMS','mon','Supervisor',NULL,NULL),
(1250,'RELTERMS','mrb','Jaspeador',NULL,NULL),
(1251,'RELTERMS','mrk','Editor de marcas',NULL,NULL),
(1252,'RELTERMS','msd','Director musical',NULL,NULL),
(1253,'RELTERMS','mte','Grabador en metal',NULL,NULL),
(1254,'RELTERMS','mus','Músico',NULL,NULL),
(1255,'RELTERMS','nrt','Narrador',NULL,NULL),
(1256,'RELTERMS','opn','Oponente',NULL,NULL),
(1257,'RELTERMS','org','Originador',NULL,NULL),
(1258,'RELTERMS','orm','Organizador de la reunión',NULL,NULL),
(1259,'RELTERMS','oth','Otro',NULL,NULL),
(1260,'RELTERMS','own','Propietario',NULL,NULL),
(1261,'RELTERMS','pat','Usuario',NULL,NULL),
(1262,'RELTERMS','pbd','Director de publicación',NULL,NULL),
(1263,'RELTERMS','pbl','Editor',NULL,NULL),
(1264,'RELTERMS','pdr','Director de proyecto',NULL,NULL),
(1265,'RELTERMS','pfr','Corrector',NULL,NULL),
(1266,'RELTERMS','pht','Fotógrafo',NULL,NULL),
(1267,'RELTERMS','plt','Fabricante de placas',NULL,NULL),
(1268,'RELTERMS','pma','Agencia de permisos',NULL,NULL),
(1269,'RELTERMS','pmn','Jefe de producción',NULL,NULL),
(1270,'RELTERMS','pop','Impresor de placas',NULL,NULL),
(1271,'RELTERMS','ppm','Papelista',NULL,NULL),
(1272,'RELTERMS','ppt','Titiritero',NULL,NULL),
(1273,'RELTERMS','prc','Contacto de proceso',NULL,NULL),
(1274,'RELTERMS','prd','Personal de producción',NULL,NULL),
(1275,'RELTERMS','prf','Intérprete',NULL,NULL),
(1276,'RELTERMS','prg','Programador',NULL,NULL),
(1277,'RELTERMS','prm','Impresor',NULL,NULL),
(1278,'RELTERMS','pro','Productor',NULL,NULL),
(1279,'RELTERMS','prp','Lugar de producción',NULL,NULL),
(1280,'RELTERMS','prt','Impresora',NULL,NULL),
(1281,'RELTERMS','pta','Solicitante de patente',NULL,NULL),
(1282,'RELTERMS','pte','Demandante-apelado',NULL,NULL),
(1283,'RELTERMS','ptf','Demandante',NULL,NULL),
(1284,'RELTERMS','pth','Titular de la patente',NULL,NULL),
(1285,'RELTERMS','ptt','Demandante-apelante',NULL,NULL),
(1286,'RELTERMS','pup','Lugar de publicación',NULL,NULL),
(1287,'RELTERMS','rbr','Rubricador',NULL,NULL),
(1288,'RELTERMS','rce','Ingeniero de grabación',NULL,NULL),
(1289,'RELTERMS','rcp','Destinatario',NULL,NULL),
(1290,'RELTERMS','red','Redactor',NULL,NULL),
(1291,'RELTERMS','ren','Renderizador',NULL,NULL),
(1292,'RELTERMS','res','Investigador',NULL,NULL),
(1293,'RELTERMS','rev','Revisor',NULL,NULL),
(1294,'RELTERMS','rps','Repositorio',NULL,NULL),
(1295,'RELTERMS','rpt','Informante',NULL,NULL),
(1296,'RELTERMS','rpy','Parte responsable',NULL,NULL),
(1297,'RELTERMS','rse','Demandado-apelado',NULL,NULL),
(1298,'RELTERMS','rsg','Recreador',NULL,NULL),
(1299,'RELTERMS','rsp','Demandado',NULL,NULL),
(1300,'RELTERMS','rst','Demandado-apelante',NULL,NULL),
(1301,'RELTERMS','rth','Jefe del equipo de investigación',NULL,NULL),
(1302,'RELTERMS','rtm','Miembro del equipo de investigación',NULL,NULL),
(1303,'RELTERMS','sad','Asesor científico',NULL,NULL),
(1304,'RELTERMS','sce','Escenarista',NULL,NULL),
(1305,'RELTERMS','scl','Escultor',NULL,NULL),
(1306,'RELTERMS','scr','Escriba',NULL,NULL),
(1307,'RELTERMS','sds','Diseñador de sonido',NULL,NULL),
(1308,'RELTERMS','sec','Secretario/a',NULL,NULL),
(1309,'RELTERMS','sgn','Firmante',NULL,NULL),
(1310,'RELTERMS','sht','Anfitrión de apoyo',NULL,NULL),
(1311,'RELTERMS','sng','Cantante',NULL,NULL),
(1312,'RELTERMS','spk','Portavoz',NULL,NULL),
(1313,'RELTERMS','spn','Patrocinador',NULL,NULL),
(1314,'RELTERMS','spy','Parte secundaria',NULL,NULL),
(1315,'RELTERMS','srv','Topógrafo',NULL,NULL),
(1316,'RELTERMS','std','Escenógrafo',NULL,NULL),
(1317,'RELTERMS','stl','Narrador',NULL,NULL),
(1318,'RELTERMS','stm','Director de escena',NULL,NULL),
(1319,'RELTERMS','stn','Cuerpo de estándares',NULL,NULL),
(1320,'RELTERMS','str','Estereotipador',NULL,NULL),
(1321,'RELTERMS','tcd','Director técnico',NULL,NULL),
(1322,'RELTERMS','tch','Profesor',NULL,NULL),
(1323,'RELTERMS','ths','Director de tesis',NULL,NULL),
(1324,'RELTERMS','trc','Transcriptor',NULL,NULL),
(1325,'RELTERMS','trl','Traductor',NULL,NULL),
(1326,'RELTERMS','tyd','Tipógrafo',NULL,NULL),
(1327,'RELTERMS','tyg','Tipógrafo',NULL,NULL),
(1328,'RELTERMS','uvp','Lugar de la universidad',NULL,NULL),
(1329,'RELTERMS','vdg','Camarógrafo',NULL,NULL),
(1330,'RELTERMS','voc','Vocalista',NULL,NULL),
(1331,'RELTERMS','wam','Escritor del material adjunto',NULL,NULL),
(1332,'RELTERMS','wdc','Leñador',NULL,NULL),
(1333,'RELTERMS','wde','Grabador de madera',NULL,NULL),
(1334,'RELTERMS','wit','Testigo',NULL,NULL);

--
